74.7.227.160 - - [01/Jul/2026:16:20:56 +0545] "GET /test-post-title-16/?path=//sys/class/misc/vhost-net/subsystem/vhost-net/subsystem/device-mapper/subsystem/device-mapper/subsystem/cpu_dma_latency/subsystem/fuse/subsystem/snapshot HTTP/1.1" 200 17913 "https://ames.ku.edu.np/test-post-title-16/?path=%2F%2Fsys%2Fclass%2Fmisc%2Fvhost-net%2Fsubsystem%2Fvhost-net%2Fsubsystem%2Fdevice-mapper%2Fsubsystem%2Fdevice-mapper%2Fsubsystem%2Fcpu_dma_latency%2Fsubsystem%2Ffuse%2Fsubsystem%2Fsnapshot" "Mozilla/5.0 AppleWebKit/537.36 (KHTML, like Gecko; compatible; GPTBot/1.4; +https://openai.com/gptbot)"
216.73.216.220 - - [01/Jul/2026:16:20:56 +0545] "GET /lart-de-gagner-autrement-votre-guide-pour-un-casino-en-ligne/?action=edit&file=libkdb5.so.10.0&path=%2Fhome%2Fames%2Fpublic_html%2Fmi77i_sym404%2Froot%2Flib64 HTTP/1.1" 200 51254 "-" "Mozilla/5.0 AppleWebKit/537.36 (KHTML, like Gecko; compatible; ClaudeBot/1.0; +claudebot@anthropic.com)"
216.73.216.220 - - [01/Jul/2026:16:20:57 +0545] "GET /po-kakomu-principu-rabotaet-model-tcp-ip/?action=edit&file=cecatku-Wordpress.txt&path=%2Fhome%2Fames%2Fpublic_html%2Fmi77i_sym404 HTTP/1.1" 200 23968 "-" "Mozilla/5.0 AppleWebKit/537.36 (KHTML, like Gecko; compatible; ClaudeBot/1.0; +claudebot@anthropic.com)"
216.73.216.220 - - [01/Jul/2026:16:20:57 +0545] "GET /lart-de-gagner-autrement-votre-guide-pour-un-casino-en-ligne/?action=edit&file=libmariadb.so.3&path=%2Fhome%2Fames%2Fpublic_html%2Fmi77i_sym404%2Froot%2Flib64 HTTP/1.1" 200 126144 "-" "Mozilla/5.0 AppleWebKit/537.36 (KHTML, like Gecko; compatible; ClaudeBot/1.0; +claudebot@anthropic.com)"
216.73.216.220 - - [01/Jul/2026:16:20:57 +0545] "GET /lart-de-gagner-autrement-votre-guide-pour-un-casino-en-ligne/?action=edit&file=semodule_link&path=%2F%2Fbin HTTP/1.1" 200 24803 "-" "Mozilla/5.0 AppleWebKit/537.36 (KHTML, like Gecko; compatible; ClaudeBot/1.0; +claudebot@anthropic.com)"
216.73.216.220 - - [01/Jul/2026:16:20:57 +0545] "GET /lart-de-gagner-autrement-votre-guide-pour-un-casino-en-ligne/?action=edit&file=root&path=%2F%2Fproc%2F574 HTTP/1.1" 200 20574 "-" "Mozilla/5.0 AppleWebKit/537.36 (KHTML, like Gecko; compatible; ClaudeBot/1.0; +claudebot@anthropic.com)"
216.73.216.220 - - [01/Jul/2026:16:20:57 +0545] "GET /lart-de-gagner-autrement-votre-guide-pour-un-casino-en-ligne/?action=edit&file=systemctl&path=%2F%2Fbin HTTP/1.1" 200 131606 "-" "Mozilla/5.0 AppleWebKit/537.36 (KHTML, like Gecko; compatible; ClaudeBot/1.0; +claudebot@anthropic.com)"
216.73.216.220 - - [01/Jul/2026:16:20:57 +0545] "GET /lart-de-gagner-autrement-votre-guide-pour-un-casino-en-ligne/?action=edit&file=limits&path=%2F%2Fproc%2F85 HTTP/1.1" 200 20881 "-" "Mozilla/5.0 AppleWebKit/537.36 (KHTML, like Gecko; compatible; ClaudeBot/1.0; +claudebot@anthropic.com)"
216.73.216.220 - - [01/Jul/2026:16:20:57 +0545] "GET /lart-de-gagner-autrement-votre-guide-pour-un-casino-en-ligne/?action=edit&file=utmp&path=%2Fhome%2Fames%2Fpublic_html%2Fmi77i_sym404%2Froot%2Frun HTTP/1.1" 200 20961 "-" "Mozilla/5.0 AppleWebKit/537.36 (KHTML, like Gecko; compatible; ClaudeBot/1.0; +claudebot@anthropic.com)"
216.73.216.220 - - [01/Jul/2026:16:20:58 +0545] "GET /lart-de-gagner-autrement-votre-guide-pour-un-casino-en-ligne/?action=edit&file=uid_map&path=%2F%2Fproc%2F100 HTTP/1.1" 200 20647 "-" "Mozilla/5.0 AppleWebKit/537.36 (KHTML, like Gecko; compatible; ClaudeBot/1.0; +claudebot@anthropic.com)"
74.7.227.160 - - [01/Jul/2026:16:20:58 +0545] "GET /test-post-title-16/?path=%2F%2Fsys%2Fclass%2Fmisc%2Fvhost-net%2Fsubsystem%2Fvhost-net%2Fsubsystem%2Fdevice-mapper%2Fsubsystem%2Fdevice-mapper%2Fsubsystem%2Fcpu_dma_latency%2Fsubsystem%2Ffuse%2Fsubsystem%2Fsnapshot%2Fpower HTTP/1.1" 200 17972 "https://ames.ku.edu.np/test-post-title-16/?path=%2F%2Fsys%2Fclass%2Fmisc%2Fvhost-net%2Fsubsystem%2Fvhost-net%2Fsubsystem%2Fdevice-mapper%2Fsubsystem%2Fdevice-mapper%2Fsubsystem%2Fcpu_dma_latency%2Fsubsystem%2Ffuse%2Fsubsystem%2Fsnapshot" "Mozilla/5.0 AppleWebKit/537.36 (KHTML, like Gecko; compatible; GPTBot/1.4; +https://openai.com/gptbot)"
216.73.216.220 - - [01/Jul/2026:16:20:58 +0545] "GET /lart-de-gagner-autrement-votre-guide-pour-un-casino-en-ligne/?action=edit&file=libsemanage.so.2&path=%2Fhome%2Fames%2Fpublic_html%2Fmi77i_sym404%2Froot%2Flib64 HTTP/1.1" 200 112998 "-" "Mozilla/5.0 AppleWebKit/537.36 (KHTML, like Gecko; compatible; ClaudeBot/1.0; +claudebot@anthropic.com)"
216.73.216.220 - - [01/Jul/2026:16:20:58 +0545] "GET /lart-de-gagner-autrement-votre-guide-pour-un-casino-en-ligne/?action=edit&file=libsamba-hostconfig.so.0.0.1&path=%2Fhome%2Fames%2Fpublic_html%2Fmi77i_sym404%2Froot%2Flib64 HTTP/1.1" 200 76232 "-" "Mozilla/5.0 AppleWebKit/537.36 (KHTML, like Gecko; compatible; ClaudeBot/1.0; +claudebot@anthropic.com)"
216.73.216.220 - - [01/Jul/2026:16:20:58 +0545] "GET /lart-de-gagner-autrement-votre-guide-pour-un-casino-en-ligne/?action=edit&file=uid_map&path=%2F%2Fproc%2F149 HTTP/1.1" 200 20647 "-" "Mozilla/5.0 AppleWebKit/537.36 (KHTML, like Gecko; compatible; ClaudeBot/1.0; +claudebot@anthropic.com)"
216.73.216.220 - - [01/Jul/2026:16:20:58 +0545] "GET /lart-de-gagner-autrement-votre-guide-pour-un-casino-en-ligne/?action=edit&file=uid_map&path=%2F%2Fproc%2F55 HTTP/1.1" 200 20647 "-" "Mozilla/5.0 AppleWebKit/537.36 (KHTML, like Gecko; compatible; ClaudeBot/1.0; +claudebot@anthropic.com)"
216.73.216.220 - - [01/Jul/2026:16:20:58 +0545] "GET /lart-de-gagner-autrement-votre-guide-pour-un-casino-en-ligne/?action=edit&file=.htaccess&path=%2Fhome%2Fames%2Fpublic_html%2Fmi77i_sym404%2Fcpanelcabcache-Wordpress.txt404 HTTP/1.1" 403 22690 "-" "Mozilla/5.0 AppleWebKit/537.36 (KHTML, like Gecko; compatible; ClaudeBot/1.0; +claudebot@anthropic.com)"
216.73.216.220 - - [01/Jul/2026:16:20:59 +0545] "GET /lart-de-gagner-autrement-votre-guide-pour-un-casino-en-ligne/?action=edit&file=limits&path=%2F%2Fproc%2F32 HTTP/1.1" 200 20881 "-" "Mozilla/5.0 AppleWebKit/537.36 (KHTML, like Gecko; compatible; ClaudeBot/1.0; +claudebot@anthropic.com)"
74.7.227.160 - - [01/Jul/2026:16:20:59 +0545] "GET /test-post-title-16/?path=%2F%2Fsys%2Fclass%2Fmisc%2Fvhost-net%2Fsubsystem%2Fvhost-net%2Fsubsystem%2Fdevice-mapper%2Fsubsystem%2Fdevice-mapper%2Fsubsystem%2Fcpu_dma_latency%2Fsubsystem%2Fvfio%2Fsubsystem%2Fnvram%2Fsubsystem HTTP/1.1" 200 18127 "https://ames.ku.edu.np/test-post-title-16/?path=%2F%2Fsys%2Fclass%2Fmisc%2Fvhost-net%2Fsubsystem%2Fvhost-net%2Fsubsystem%2Fdevice-mapper%2Fsubsystem%2Fdevice-mapper%2Fsubsystem%2Fcpu_dma_latency%2Fsubsystem%2Fvfio%2Fsubsystem%2Fnvram" "Mozilla/5.0 AppleWebKit/537.36 (KHTML, like Gecko; compatible; GPTBot/1.4; +https://openai.com/gptbot)"
216.73.216.220 - - [01/Jul/2026:16:20:59 +0545] "GET /lart-de-gagner-autrement-votre-guide-pour-un-casino-en-ligne/?action=edit&file=libgprofng.so.0&path=%2Fhome%2Fames%2Fpublic_html%2Fmi77i_sym404%2Froot%2Flib64 HTTP/1.1" 200 632486 "-" "Mozilla/5.0 AppleWebKit/537.36 (KHTML, like Gecko; compatible; ClaudeBot/1.0; +claudebot@anthropic.com)"
216.73.216.220 - - [01/Jul/2026:16:20:59 +0545] "GET /lart-de-gagner-autrement-votre-guide-pour-un-casino-en-ligne/?action=edit&file=liburcu-bp.so.8.1.0&path=%2Fhome%2Fames%2Fpublic_html%2Fmi77i_sym404%2Froot%2Flib64 HTTP/1.1" 200 34837 "-" "Mozilla/5.0 AppleWebKit/537.36 (KHTML, like Gecko; compatible; ClaudeBot/1.0; +claudebot@anthropic.com)"
216.73.216.220 - - [01/Jul/2026:16:20:59 +0545] "GET /lart-de-gagner-autrement-votre-guide-pour-un-casino-en-ligne/?action=edit&file=libsepol.so.2&path=%2Fhome%2Fames%2Fpublic_html%2Fmi77i_sym404%2Froot%2Flib64 HTTP/1.1" 200 337679 "-" "Mozilla/5.0 AppleWebKit/537.36 (KHTML, like Gecko; compatible; ClaudeBot/1.0; +claudebot@anthropic.com)"
216.73.216.220 - - [01/Jul/2026:16:20:59 +0545] "GET /lart-de-gagner-autrement-votre-guide-pour-un-casino-en-ligne/?action=edit&file=root&path=%2F%2Fproc%2F99 HTTP/1.1" 200 20574 "-" "Mozilla/5.0 AppleWebKit/537.36 (KHTML, like Gecko; compatible; ClaudeBot/1.0; +claudebot@anthropic.com)"
216.73.216.220 - - [01/Jul/2026:16:20:59 +0545] "GET /lart-de-gagner-autrement-votre-guide-pour-un-casino-en-ligne/?action=edit&file=libmariadbd.a&path=%2Fhome%2Fames%2Fpublic_html%2Fmi77i_sym404%2Froot%2Flib64 HTTP/1.1" 500 2665 "-" "Mozilla/5.0 AppleWebKit/537.36 (KHTML, like Gecko; compatible; ClaudeBot/1.0; +claudebot@anthropic.com)"
136.243.228.198 - - [01/Jul/2026:16:21:00 +0545] "GET /boldebolin-original-200-ein-must-have-fur-bodybuilder?path=%2Fhome%2Fames%2Fpublic_html%2F%5C%26quot%3B%2Cx%3Awindow.top._a4c8c4e560b7eae94cd5f097ac930459_scnr_engine_taint_tracer.log_execution_flow_sink%28%29%2Cy%3A%5C%26quot%3B HTTP/1.1" 301 2460 "-" "Mozilla/5.0 (compatible; DataForSeoBot/1.0; +https://dataforseo.com/dataforseo-bot)"
216.73.216.220 - - [01/Jul/2026:16:21:00 +0545] "GET /lart-de-gagner-autrement-votre-guide-pour-un-casino-en-ligne/?path=%2Fhome%2Fames%2Fwww%2F%3B+type+%25SystemDrive%25%5C%5C%5C%5Cboot.ini+%25SystemRoot%25%5C%5C%5C%5Cwin.ini+%26amp%3Brem HTTP/1.1" 200 20855 "-" "Mozilla/5.0 AppleWebKit/537.36 (KHTML, like Gecko; compatible; ClaudeBot/1.0; +claudebot@anthropic.com)"
216.73.216.220 - - [01/Jul/2026:16:21:00 +0545] "GET /lart-de-gagner-autrement-votre-guide-pour-un-casino-en-ligne/?action=edit&file=cpu_resctrl_groups&path=%2F%2Fproc%2F2306675 HTTP/1.1" 200 20646 "-" "Mozilla/5.0 AppleWebKit/537.36 (KHTML, like Gecko; compatible; ClaudeBot/1.0; +claudebot@anthropic.com)"
216.73.216.220 - - [01/Jul/2026:16:21:00 +0545] "GET /lart-de-gagner-autrement-votre-guide-pour-un-casino-en-ligne/?action=edit&file=uid_map&path=%2F%2Fproc%2F99 HTTP/1.1" 200 20647 "-" "Mozilla/5.0 AppleWebKit/537.36 (KHTML, like Gecko; compatible; ClaudeBot/1.0; +claudebot@anthropic.com)"
216.73.216.220 - - [01/Jul/2026:16:21:00 +0545] "GET /lart-de-gagner-autrement-votre-guide-pour-un-casino-en-ligne/?action=edit&file=root&path=%2F%2Fproc%2F100 HTTP/1.1" 200 20574 "-" "Mozilla/5.0 AppleWebKit/537.36 (KHTML, like Gecko; compatible; ClaudeBot/1.0; +claudebot@anthropic.com)"
216.73.216.220 - - [01/Jul/2026:16:21:00 +0545] "GET /lart-de-gagner-autrement-votre-guide-pour-un-casino-en-ligne/?action=edit&file=uid_map&path=%2F%2Fproc%2F82 HTTP/1.1" 200 20647 "-" "Mozilla/5.0 AppleWebKit/537.36 (KHTML, like Gecko; compatible; ClaudeBot/1.0; +claudebot@anthropic.com)"
216.73.216.220 - - [01/Jul/2026:16:21:00 +0545] "GET /lart-de-gagner-autrement-votre-guide-pour-un-casino-en-ligne/?action=edit&file=root&path=%2F%2Fproc%2F55 HTTP/1.1" 200 20574 "-" "Mozilla/5.0 AppleWebKit/537.36 (KHTML, like Gecko; compatible; ClaudeBot/1.0; +claudebot@anthropic.com)"
74.7.227.160 - - [01/Jul/2026:16:21:00 +0545] "GET /test-post-title-16/?path=%2F%2Fsys%2Fclass%2Fmisc%2Fvhost-net%2Fsubsystem%2Fvhost-net%2Fsubsystem%2Fdevice-mapper%2Fsubsystem%2Fdevice-mapper%2Fsubsystem%2Fcpu_dma_latency%2Fsubsystem%2Fvfio%2Fsubsystem%2Fiommu%2Fsubsystem HTTP/1.1" 200 18127 "https://ames.ku.edu.np/test-post-title-16/?path=%2F%2Fsys%2Fclass%2Fmisc%2Fvhost-net%2Fsubsystem%2Fvhost-net%2Fsubsystem%2Fdevice-mapper%2Fsubsystem%2Fdevice-mapper%2Fsubsystem%2Fcpu_dma_latency%2Fsubsystem%2Fvfio%2Fsubsystem%2Fiommu" "Mozilla/5.0 AppleWebKit/537.36 (KHTML, like Gecko; compatible; GPTBot/1.4; +https://openai.com/gptbot)"
216.73.216.220 - - [01/Jul/2026:16:21:01 +0545] "GET /lart-de-gagner-autrement-votre-guide-pour-un-casino-en-ligne/?action=edit&file=root&path=%2F%2Fproc%2F149 HTTP/1.1" 200 20574 "-" "Mozilla/5.0 AppleWebKit/537.36 (KHTML, like Gecko; compatible; ClaudeBot/1.0; +claudebot@anthropic.com)"
216.73.216.220 - - [01/Jul/2026:16:21:01 +0545] "GET /lart-de-gagner-autrement-votre-guide-pour-un-casino-en-ligne/?action=edit&file=profile&path=%2Fhome%2Fames%2Fpublic_html%2Fmi77i_sym404%2Froot%2Fetc HTTP/1.1" 200 21869 "-" "Mozilla/5.0 AppleWebKit/537.36 (KHTML, like Gecko; compatible; ClaudeBot/1.0; +claudebot@anthropic.com)"
216.73.216.220 - - [01/Jul/2026:16:21:01 +0545] "GET /lart-de-gagner-autrement-votre-guide-pour-un-casino-en-ligne/?action=edit&file=libevent-2.1.so.7.0.1&path=%2Fhome%2Fames%2Fpublic_html%2Fmi77i_sym404%2Froot%2Flib64 HTTP/1.1" 200 151997 "-" "Mozilla/5.0 AppleWebKit/537.36 (KHTML, like Gecko; compatible; ClaudeBot/1.0; +claudebot@anthropic.com)"
216.73.216.220 - - [01/Jul/2026:16:21:01 +0545] "GET /lart-de-gagner-autrement-votre-guide-pour-un-casino-en-ligne/?action=edit&file=root&path=%2F%2Fproc%2F82 HTTP/1.1" 200 20574 "-" "Mozilla/5.0 AppleWebKit/537.36 (KHTML, like Gecko; compatible; ClaudeBot/1.0; +claudebot@anthropic.com)"
216.73.216.220 - - [01/Jul/2026:16:21:01 +0545] "GET /lart-de-gagner-autrement-votre-guide-pour-un-casino-en-ligne/?path=%2Fhome%2Fames%2Fpublic_html%2F%2Fmi77i_sym404%2Flp-Wordpress.txt404 HTTP/1.1" 200 20907 "-" "Mozilla/5.0 AppleWebKit/537.36 (KHTML, like Gecko; compatible; ClaudeBot/1.0; +claudebot@anthropic.com)"
216.73.216.220 - - [01/Jul/2026:16:21:01 +0545] "GET /lart-de-gagner-autrement-votre-guide-pour-un-casino-en-ligne/?action=edit&file=uid_map&path=%2F%2Fproc%2F60 HTTP/1.1" 200 20647 "-" "Mozilla/5.0 AppleWebKit/537.36 (KHTML, like Gecko; compatible; ClaudeBot/1.0; +claudebot@anthropic.com)"
216.73.216.220 - - [01/Jul/2026:16:21:01 +0545] "GET /lart-de-gagner-autrement-votre-guide-pour-un-casino-en-ligne/?action=edit&file=libcdt.so.5.0.0&path=%2Fhome%2Fames%2Fpublic_html%2Fmi77i_sym404%2Froot%2Flib64 HTTP/1.1" 200 32011 "-" "Mozilla/5.0 AppleWebKit/537.36 (KHTML, like Gecko; compatible; ClaudeBot/1.0; +claudebot@anthropic.com)"
216.73.216.220 - - [01/Jul/2026:16:21:02 +0545] "GET /lart-de-gagner-autrement-votre-guide-pour-un-casino-en-ligne/?action=edit&file=libuv.so.1&path=%2Fhome%2Fames%2Fpublic_html%2Fmi77i_sym404%2Froot%2Flib64 HTTP/1.1" 200 104686 "-" "Mozilla/5.0 AppleWebKit/537.36 (KHTML, like Gecko; compatible; ClaudeBot/1.0; +claudebot@anthropic.com)"
216.73.216.220 - - [01/Jul/2026:16:21:02 +0545] "GET /lart-de-gagner-autrement-votre-guide-pour-un-casino-en-ligne/?action=edit&file=uid_map&path=%2F%2Fproc%2F92 HTTP/1.1" 200 20647 "-" "Mozilla/5.0 AppleWebKit/537.36 (KHTML, like Gecko; compatible; ClaudeBot/1.0; +claudebot@anthropic.com)"
74.7.227.160 - - [01/Jul/2026:16:21:02 +0545] "GET /test-post-title-16/?path=%2F%2Fsys%2Fclass%2Fmisc%2Fvhost-net%2Fsubsystem%2Fvhost-net%2Fsubsystem%2Fdevice-mapper%2Fsubsystem%2Fdevice-mapper%2Fsubsystem%2Fcpu_dma_latency%2Fsubsystem%2Ffuse%2Fsubsystem%2Fiommu HTTP/1.1" 200 17914 "https://ames.ku.edu.np/test-post-title-16/?path=%2F%2Fsys%2Fclass%2Fmisc%2Fvhost-net%2Fsubsystem%2Fvhost-net%2Fsubsystem%2Fdevice-mapper%2Fsubsystem%2Fdevice-mapper%2Fsubsystem%2Fcpu_dma_latency%2Fsubsystem%2Ffuse%2Fsubsystem" "Mozilla/5.0 AppleWebKit/537.36 (KHTML, like Gecko; compatible; GPTBot/1.4; +https://openai.com/gptbot)"
216.73.216.220 - - [01/Jul/2026:16:21:02 +0545] "GET /lart-de-gagner-autrement-votre-guide-pour-un-casino-en-ligne/?action=edit&file=libcbor.so.0.11&path=%2Fhome%2Fames%2Fpublic_html%2Fmi77i_sym404%2Froot%2Flib64 HTTP/1.1" 200 40208 "-" "Mozilla/5.0 AppleWebKit/537.36 (KHTML, like Gecko; compatible; ClaudeBot/1.0; +claudebot@anthropic.com)"
216.73.216.220 - - [01/Jul/2026:16:21:02 +0545] "GET /lart-de-gagner-autrement-votre-guide-pour-un-casino-en-ligne/?action=edit&file=mailbox_formats&path=%2Fhome%2Fames%2Fpublic_html%2Fmi77i_sym404%2Froot%2Fetc HTTP/1.1" 200 20635 "-" "Mozilla/5.0 AppleWebKit/537.36 (KHTML, like Gecko; compatible; ClaudeBot/1.0; +claudebot@anthropic.com)"
216.73.216.220 - - [01/Jul/2026:16:21:02 +0545] "GET /lart-de-gagner-autrement-votre-guide-pour-un-casino-en-ligne/?action=edit&file=libefivar.so.1&path=%2Fhome%2Fames%2Fpublic_html%2Fmi77i_sym404%2Froot%2Flib64 HTTP/1.1" 200 77005 "-" "Mozilla/5.0 AppleWebKit/537.36 (KHTML, like Gecko; compatible; ClaudeBot/1.0; +claudebot@anthropic.com)"
216.73.216.220 - - [01/Jul/2026:16:21:02 +0545] "GET /lart-de-gagner-autrement-votre-guide-pour-un-casino-en-ligne/?action=edit&file=root&path=%2F%2Fproc%2F92 HTTP/1.1" 200 20574 "-" "Mozilla/5.0 AppleWebKit/537.36 (KHTML, like Gecko; compatible; ClaudeBot/1.0; +claudebot@anthropic.com)"
216.73.216.220 - - [01/Jul/2026:16:21:03 +0545] "GET /lart-de-gagner-autrement-votre-guide-pour-un-casino-en-ligne/?action=edit&file=libhistory.so.8&path=%2Fhome%2Fames%2Fpublic_html%2Fmi77i_sym404%2Froot%2Flib64 HTTP/1.1" 200 40722 "-" "Mozilla/5.0 AppleWebKit/537.36 (KHTML, like Gecko; compatible; ClaudeBot/1.0; +claudebot@anthropic.com)"
216.73.216.220 - - [01/Jul/2026:16:21:03 +0545] "GET /lart-de-gagner-autrement-votre-guide-pour-un-casino-en-ligne/?action=edit&file=libglib-2.0.so.0&path=%2Fhome%2Fames%2Fpublic_html%2Fmi77i_sym404%2Froot%2Flib64 HTTP/1.1" 200 476806 "-" "Mozilla/5.0 AppleWebKit/537.36 (KHTML, like Gecko; compatible; ClaudeBot/1.0; +claudebot@anthropic.com)"
216.73.216.220 - - [01/Jul/2026:16:21:03 +0545] "GET /lart-de-gagner-autrement-votre-guide-pour-un-casino-en-ligne/?action=edit&file=root&path=%2F%2Fproc%2F60 HTTP/1.1" 200 20574 "-" "Mozilla/5.0 AppleWebKit/537.36 (KHTML, like Gecko; compatible; ClaudeBot/1.0; +claudebot@anthropic.com)"
136.243.228.198 - - [01/Jul/2026:16:21:03 +0545] "GET /boldebolin-original-200-ein-must-have-fur-bodybuilder?path=%2Fhome%2Fames%2Fpublic_html%2F+Response.Write%2828763%2A4196403%29 HTTP/1.1" 301 2049 "-" "Mozilla/5.0 (compatible; DataForSeoBot/1.0; +https://dataforseo.com/dataforseo-bot)"
216.73.216.220 - - [01/Jul/2026:16:21:03 +0545] "GET /lart-de-gagner-autrement-votre-guide-pour-un-casino-en-ligne/?action=edit&file=exim.conf.mailman2.dist&path=%2Fhome%2Fames%2Fpublic_html%2Fmi77i_sym404%2Froot%2Fetc HTTP/1.1" 200 28126 "-" "Mozilla/5.0 AppleWebKit/537.36 (KHTML, like Gecko; compatible; ClaudeBot/1.0; +claudebot@anthropic.com)"
216.73.216.220 - - [01/Jul/2026:16:21:03 +0545] "GET /lart-de-gagner-autrement-votre-guide-pour-un-casino-en-ligne/?action=edit&file=libsmbconf.so.0&path=%2Fhome%2Fames%2Fpublic_html%2Fmi77i_sym404%2Froot%2Flib64 HTTP/1.1" 200 221975 "-" "Mozilla/5.0 AppleWebKit/537.36 (KHTML, like Gecko; compatible; ClaudeBot/1.0; +claudebot@anthropic.com)"
216.73.216.220 - - [01/Jul/2026:16:21:03 +0545] "GET /lart-de-gagner-autrement-votre-guide-pour-un-casino-en-ligne/?action=edit&file=sudoers&path=%2Fhome%2Fames%2Fpublic_html%2Fmi77i_sym404%2Froot%2Fetc HTTP/1.1" 200 20632 "-" "Mozilla/5.0 AppleWebKit/537.36 (KHTML, like Gecko; compatible; ClaudeBot/1.0; +claudebot@anthropic.com)"
74.7.227.160 - - [01/Jul/2026:16:21:03 +0545] "GET /test-post-title-16/?path=%2F%2Fsys%2Fclass%2Fmisc%2Fvhost-net%2Fsubsystem%2Fvhost-net%2Fsubsystem%2Fdevice-mapper%2Fsubsystem%2Fdevice-mapper%2Fsubsystem%2Fcpu_dma_latency%2Fsubsystem%2Ffuse%2Fsubsystem%2Fhpet%2Fsubsystem HTTP/1.1" 200 18118 "https://ames.ku.edu.np/test-post-title-16/?path=%2F%2Fsys%2Fclass%2Fmisc%2Fvhost-net%2Fsubsystem%2Fvhost-net%2Fsubsystem%2Fdevice-mapper%2Fsubsystem%2Fdevice-mapper%2Fsubsystem%2Fcpu_dma_latency%2Fsubsystem%2Ffuse%2Fsubsystem%2Fhpet" "Mozilla/5.0 AppleWebKit/537.36 (KHTML, like Gecko; compatible; GPTBot/1.4; +https://openai.com/gptbot)"
216.73.216.220 - - [01/Jul/2026:16:21:03 +0545] "GET /lart-de-gagner-autrement-votre-guide-pour-un-casino-en-ligne/?action=edit&file=libicuio.so.74&path=%2Fhome%2Fames%2Fpublic_html%2Fmi77i_sym404%2Froot%2Flib64 HTTP/1.1" 200 41582 "-" "Mozilla/5.0 AppleWebKit/537.36 (KHTML, like Gecko; compatible; ClaudeBot/1.0; +claudebot@anthropic.com)"
216.73.216.220 - - [01/Jul/2026:16:21:04 +0545] "GET /lart-de-gagner-autrement-votre-guide-pour-un-casino-en-ligne/?action=edit&file=libgvpr.so.2.0.0&path=%2Fhome%2Fames%2Fpublic_html%2Fmi77i_sym404%2Froot%2Flib64 HTTP/1.1" 200 136777 "-" "Mozilla/5.0 AppleWebKit/537.36 (KHTML, like Gecko; compatible; ClaudeBot/1.0; +claudebot@anthropic.com)"
216.73.216.220 - - [01/Jul/2026:16:21:04 +0545] "GET /lart-de-gagner-autrement-votre-guide-pour-un-casino-en-ligne/?action=edit&file=libmlx5.so.1.25.61.0&path=%2Fhome%2Fames%2Fpublic_html%2Fmi77i_sym404%2Froot%2Flib64 HTTP/1.1" 200 188009 "-" "Mozilla/5.0 AppleWebKit/537.36 (KHTML, like Gecko; compatible; ClaudeBot/1.0; +claudebot@anthropic.com)"
216.73.216.220 - - [01/Jul/2026:16:21:04 +0545] "GET /lart-de-gagner-autrement-votre-guide-pour-un-casino-en-ligne/?action=edit&file=range&path=%2F%2Fsys%2Fblock%2Fxvda HTTP/1.1" 200 20631 "-" "Mozilla/5.0 AppleWebKit/537.36 (KHTML, like Gecko; compatible; ClaudeBot/1.0; +claudebot@anthropic.com)"
216.73.216.220 - - [01/Jul/2026:16:21:04 +0545] "GET /lart-de-gagner-autrement-votre-guide-pour-un-casino-en-ligne/?action=edit&file=libgobject-2.0.so.0.8000.4&path=%2Fhome%2Fames%2Fpublic_html%2Fmi77i_sym404%2Froot%2Flib64 HTTP/1.1" 200 157461 "-" "Mozilla/5.0 AppleWebKit/537.36 (KHTML, like Gecko; compatible; ClaudeBot/1.0; +claudebot@anthropic.com)"
216.73.216.220 - - [01/Jul/2026:16:21:04 +0545] "GET /lart-de-gagner-autrement-votre-guide-pour-un-casino-en-ligne/?action=edit&file=comm&path=%2F%2Fproc%2Fself HTTP/1.1" 200 20642 "-" "Mozilla/5.0 AppleWebKit/537.36 (KHTML, like Gecko; compatible; ClaudeBot/1.0; +claudebot@anthropic.com)"
216.73.216.220 - - [01/Jul/2026:16:21:05 +0545] "GET /lart-de-gagner-autrement-votre-guide-pour-un-casino-en-ligne/?action=edit&file=libmariadb.a&path=%2Fhome%2Fames%2Fpublic_html%2Fmi77i_sym404%2Froot%2Flib64 HTTP/1.1" 200 137608 "-" "Mozilla/5.0 AppleWebKit/537.36 (KHTML, like Gecko; compatible; ClaudeBot/1.0; +claudebot@anthropic.com)"
216.73.216.220 - - [01/Jul/2026:16:21:05 +0545] "GET /lart-de-gagner-autrement-votre-guide-pour-un-casino-en-ligne/?path=%2Fhome%2Fames%2Fpublic_html%2F%2Fmi77i_sym404%2Fcpses-Wordpress.txt404 HTTP/1.1" 200 20914 "-" "Mozilla/5.0 AppleWebKit/537.36 (KHTML, like Gecko; compatible; ClaudeBot/1.0; +claudebot@anthropic.com)"
74.7.227.160 - - [01/Jul/2026:16:21:05 +0545] "GET /test-post-title-16/?path=%2F%2Fsys%2Fclass%2Fmisc%2Fvhost-net%2Fsubsystem%2Fvhost-net%2Fsubsystem%2Fdevice-mapper%2Fsubsystem%2Fdevice-mapper%2Fsubsystem%2Fcpu_dma_latency%2Fsubsystem%2Fvfio%2Fsubsystem%2Ftun%2Fpower HTTP/1.1" 200 17970 "https://ames.ku.edu.np/test-post-title-16/?path=%2F%2Fsys%2Fclass%2Fmisc%2Fvhost-net%2Fsubsystem%2Fvhost-net%2Fsubsystem%2Fdevice-mapper%2Fsubsystem%2Fdevice-mapper%2Fsubsystem%2Fcpu_dma_latency%2Fsubsystem%2Fvfio%2Fsubsystem%2Ftun" "Mozilla/5.0 AppleWebKit/537.36 (KHTML, like Gecko; compatible; GPTBot/1.4; +https://openai.com/gptbot)"
216.73.216.220 - - [01/Jul/2026:16:21:05 +0545] "GET /lart-de-gagner-autrement-votre-guide-pour-un-casino-en-ligne/?action=edit&file=libgd.so.3&path=%2Fhome%2Fames%2Fpublic_html%2Fmi77i_sym404%2Froot%2Flib64 HTTP/1.1" 200 130244 "-" "Mozilla/5.0 AppleWebKit/537.36 (KHTML, like Gecko; compatible; ClaudeBot/1.0; +claudebot@anthropic.com)"
216.73.216.220 - - [01/Jul/2026:16:21:05 +0545] "GET /lart-de-gagner-autrement-votre-guide-pour-un-casino-en-ligne/?action=edit&file=cpu_resctrl_groups&path=%2F%2Fproc%2F2307086 HTTP/1.1" 200 20646 "-" "Mozilla/5.0 AppleWebKit/537.36 (KHTML, like Gecko; compatible; ClaudeBot/1.0; +claudebot@anthropic.com)"
216.73.216.220 - - [01/Jul/2026:16:21:05 +0545] "GET /lart-de-gagner-autrement-votre-guide-pour-un-casino-en-ligne/?action=edit&file=tpm2_makecredential&path=%2F%2Fbin HTTP/1.1" 200 214404 "-" "Mozilla/5.0 AppleWebKit/537.36 (KHTML, like Gecko; compatible; ClaudeBot/1.0; +claudebot@anthropic.com)"
216.73.216.220 - - [01/Jul/2026:16:21:06 +0545] "GET /lart-de-gagner-autrement-votre-guide-pour-un-casino-en-ligne/?action=edit&file=libkadm5srv.so&path=%2Fhome%2Fames%2Fpublic_html%2Fmi77i_sym404%2Froot%2Flib64 HTTP/1.1" 200 61508 "-" "Mozilla/5.0 AppleWebKit/537.36 (KHTML, like Gecko; compatible; ClaudeBot/1.0; +claudebot@anthropic.com)"
216.73.216.220 - - [01/Jul/2026:16:21:06 +0545] "GET /lart-de-gagner-autrement-votre-guide-pour-un-casino-en-ligne/?action=edit&file=libini_config.so.5&path=%2Fhome%2Fames%2Fpublic_html%2Fmi77i_sym404%2Froot%2Flib64 HTTP/1.1" 200 60441 "-" "Mozilla/5.0 AppleWebKit/537.36 (KHTML, like Gecko; compatible; ClaudeBot/1.0; +claudebot@anthropic.com)"
216.73.216.220 - - [01/Jul/2026:16:21:06 +0545] "GET /lart-de-gagner-autrement-votre-guide-pour-un-casino-en-ligne/?action=edit&file=mysql_waitpid&path=%2F%2Fbin HTTP/1.1" 200 582212 "-" "Mozilla/5.0 AppleWebKit/537.36 (KHTML, like Gecko; compatible; ClaudeBot/1.0; +claudebot@anthropic.com)"
216.73.216.220 - - [01/Jul/2026:16:21:06 +0545] "GET /lart-de-gagner-autrement-votre-guide-pour-un-casino-en-ligne/?action=edit&file=libwmf-0.2.so.7&path=%2Fhome%2Fames%2Fpublic_html%2Fmi77i_sym404%2Froot%2Flib64 HTTP/1.1" 200 96444 "-" "Mozilla/5.0 AppleWebKit/537.36 (KHTML, like Gecko; compatible; ClaudeBot/1.0; +claudebot@anthropic.com)"
216.73.216.220 - - [01/Jul/2026:16:21:06 +0545] "GET /lart-de-gagner-autrement-votre-guide-pour-un-casino-en-ligne/?path=%2Fhome%2Fames%2Fpublic_html%2F%2Fmi77i_sym404%2Fames-Wordpress.txt404 HTTP/1.1" 200 20913 "-" "Mozilla/5.0 AppleWebKit/537.36 (KHTML, like Gecko; compatible; ClaudeBot/1.0; +claudebot@anthropic.com)"
74.7.227.160 - - [01/Jul/2026:16:21:06 +0545] "GET /test-post-title-16/?path=%2F%2Fsys%2Fclass%2Fmisc%2Fvhost-net%2Fsubsystem%2Fvhost-net%2Fsubsystem%2Fdevice-mapper%2Fsubsystem%2Fdevice-mapper%2Fsubsystem%2Fcpu_dma_latency%2Fsubsystem%2Fvfio%2Fsubsystem%2Fvhost-net%2Fpower HTTP/1.1" 200 17964 "https://ames.ku.edu.np/test-post-title-16/?path=%2F%2Fsys%2Fclass%2Fmisc%2Fvhost-net%2Fsubsystem%2Fvhost-net%2Fsubsystem%2Fdevice-mapper%2Fsubsystem%2Fdevice-mapper%2Fsubsystem%2Fcpu_dma_latency%2Fsubsystem%2Fvfio%2Fsubsystem%2Fvhost-net" "Mozilla/5.0 AppleWebKit/537.36 (KHTML, like Gecko; compatible; GPTBot/1.4; +https://openai.com/gptbot)"
216.73.216.220 - - [01/Jul/2026:16:21:06 +0545] "GET /lart-de-gagner-autrement-votre-guide-pour-un-casino-en-ligne/?action=edit&file=cpanelanalytics-Wordpress.txt&path=%2Fhome%2Fames%2Fpublic_html%2F%2Fmi77i_sym404 HTTP/1.1" 200 20574 "-" "Mozilla/5.0 AppleWebKit/537.36 (KHTML, like Gecko; compatible; ClaudeBot/1.0; +claudebot@anthropic.com)"
216.73.216.220 - - [01/Jul/2026:16:21:07 +0545] "GET /lart-de-gagner-autrement-votre-guide-pour-un-casino-en-ligne/?action=edit&file=libavahi-libevent.so.1.0.0&path=%2Fhome%2Fames%2Fpublic_html%2Fmi77i_sym404%2Froot%2Flib64 HTTP/1.1" 200 24637 "-" "Mozilla/5.0 AppleWebKit/537.36 (KHTML, like Gecko; compatible; ClaudeBot/1.0; +claudebot@anthropic.com)"
216.73.216.220 - - [01/Jul/2026:16:21:07 +0545] "GET /lart-de-gagner-autrement-votre-guide-pour-un-casino-en-ligne/?action=edit&file=libfdisk.so.1.1.0&path=%2Fhome%2Fames%2Fpublic_html%2Fmi77i_sym404%2Froot%2Flib64 HTTP/1.1" 200 150775 "-" "Mozilla/5.0 AppleWebKit/537.36 (KHTML, like Gecko; compatible; ClaudeBot/1.0; +claudebot@anthropic.com)"
216.73.216.220 - - [01/Jul/2026:16:21:07 +0545] "GET /lart-de-gagner-autrement-votre-guide-pour-un-casino-en-ligne/?action=edit&file=template-home-photo-blog.php&path=%2Fhome%2Fames%2Fpublic_html%2Fwp-content%2Fthemes%2Ftwentytwentyfive%2Fpatterns HTTP/1.1" 200 21162 "-" "Mozilla/5.0 AppleWebKit/537.36 (KHTML, like Gecko; compatible; ClaudeBot/1.0; +claudebot@anthropic.com)"
216.73.216.220 - - [01/Jul/2026:16:21:07 +0545] "GET /lart-de-gagner-autrement-votre-guide-pour-un-casino-en-ligne/?action=edit&file=libmpfr.so.6&path=%2Fhome%2Fames%2Fpublic_html%2Fmi77i_sym404%2Froot%2Flib64 HTTP/1.1" 200 308136 "-" "Mozilla/5.0 AppleWebKit/537.36 (KHTML, like Gecko; compatible; ClaudeBot/1.0; +claudebot@anthropic.com)"
216.73.216.220 - - [01/Jul/2026:16:21:07 +0545] "GET /po-kakomu-principu-rabotaet-model-tcp-ip/?action=edit&file=daemon-Joomla.txt&path=%2Fhome%2Fames%2Fpublic_html%2Fmi77i_sym404 HTTP/1.1" 200 23965 "-" "Mozilla/5.0 AppleWebKit/537.36 (KHTML, like Gecko; compatible; ClaudeBot/1.0; +claudebot@anthropic.com)"
216.73.216.220 - - [01/Jul/2026:16:21:07 +0545] "GET /lart-de-gagner-autrement-votre-guide-pour-un-casino-en-ligne/?action=edit&file=libexpat.so&path=%2Fhome%2Fames%2Fpublic_html%2Fmi77i_sym404%2Froot%2Flib64 HTTP/1.1" 200 80291 "-" "Mozilla/5.0 AppleWebKit/537.36 (KHTML, like Gecko; compatible; ClaudeBot/1.0; +claudebot@anthropic.com)"
216.73.216.220 - - [01/Jul/2026:16:21:08 +0545] "GET /lart-de-gagner-autrement-votre-guide-pour-un-casino-en-ligne/?action=edit&file=.htaccess&path=%2Fhome%2Fames%2Fpublic_html%2F%2Fmi77i_sym404 HTTP/1.1" 403 22690 "-" "Mozilla/5.0 AppleWebKit/537.36 (KHTML, like Gecko; compatible; ClaudeBot/1.0; +claudebot@anthropic.com)"
216.73.216.220 - - [01/Jul/2026:16:21:08 +0545] "GET /lart-de-gagner-autrement-votre-guide-pour-un-casino-en-ligne/?action=edit&file=libblkid.so.1&path=%2Fhome%2Fames%2Fpublic_html%2Fmi77i_sym404%2Froot%2Flib64 HTTP/1.1" 200 114903 "-" "Mozilla/5.0 AppleWebKit/537.36 (KHTML, like Gecko; compatible; ClaudeBot/1.0; +claudebot@anthropic.com)"
74.7.227.160 - - [01/Jul/2026:16:21:08 +0545] "GET /test-post-title-16/?path=%2F%2Fsys%2Fclass%2Fmisc%2Fvhost-net%2Fsubsystem%2Fvhost-net%2Fsubsystem%2Fdevice-mapper%2Fsubsystem%2Fdevice-mapper%2Fsubsystem%2Fcpu_dma_latency%2Fsubsystem%2Ffuse%2Fsubsystem%2Ftun%2Fsubsystem HTTP/1.1" 200 18121 "https://ames.ku.edu.np/test-post-title-16/?path=%2F%2Fsys%2Fclass%2Fmisc%2Fvhost-net%2Fsubsystem%2Fvhost-net%2Fsubsystem%2Fdevice-mapper%2Fsubsystem%2Fdevice-mapper%2Fsubsystem%2Fcpu_dma_latency%2Fsubsystem%2Ffuse%2Fsubsystem%2Ftun" "Mozilla/5.0 AppleWebKit/537.36 (KHTML, like Gecko; compatible; GPTBot/1.4; +https://openai.com/gptbot)"
216.73.216.220 - - [01/Jul/2026:16:21:08 +0545] "GET /lart-de-gagner-autrement-votre-guide-pour-un-casino-en-ligne/?action=edit&file=libxcb.so.1&path=%2Fhome%2Fames%2Fpublic_html%2Fmi77i_sym404%2Froot%2Flib64 HTTP/1.1" 200 63190 "-" "Mozilla/5.0 AppleWebKit/537.36 (KHTML, like Gecko; compatible; ClaudeBot/1.0; +claudebot@anthropic.com)"
136.243.228.198 - - [01/Jul/2026:16:21:08 +0545] "GET /boldebolin-original-200-ein-must-have-fur-bodybuilder?path=%2Fhome%2Fames%2Fpublic_html%2F1%3Bwindow.top._a4c8c4e560b7eae94cd5f097ac930459_scnr_engine_taint_tracer.log_execution_flow_sink%28%29%3B HTTP/1.1" 301 2253 "-" "Mozilla/5.0 (compatible; DataForSeoBot/1.0; +https://dataforseo.com/dataforseo-bot)"
216.73.216.220 - - [01/Jul/2026:16:21:08 +0545] "GET /lart-de-gagner-autrement-votre-guide-pour-un-casino-en-ligne/?action=edit&file=libnss_sss.so.2&path=%2Fhome%2Fames%2Fpublic_html%2Fmi77i_sym404%2Froot%2Flib64 HTTP/1.1" 200 38319 "-" "Mozilla/5.0 AppleWebKit/537.36 (KHTML, like Gecko; compatible; ClaudeBot/1.0; +claudebot@anthropic.com)"
216.73.216.220 - - [01/Jul/2026:16:21:08 +0545] "GET /lart-de-gagner-autrement-votre-guide-pour-un-casino-en-ligne/?action=edit&file=libmariadbd.so&path=%2Fhome%2Fames%2Fpublic_html%2Fmi77i_sym404%2Froot%2Flib64 HTTP/1.1" 500 2665 "-" "Mozilla/5.0 AppleWebKit/537.36 (KHTML, like Gecko; compatible; ClaudeBot/1.0; +claudebot@anthropic.com)"
216.73.216.220 - - [01/Jul/2026:16:21:09 +0545] "GET /lart-de-gagner-autrement-votre-guide-pour-un-casino-en-ligne/?action=edit&file=syscall&path=%2F%2Fproc%2Fself HTTP/1.1" 200 20632 "-" "Mozilla/5.0 AppleWebKit/537.36 (KHTML, like Gecko; compatible; ClaudeBot/1.0; +claudebot@anthropic.com)"
216.73.216.220 - - [01/Jul/2026:16:21:09 +0545] "GET /lart-de-gagner-autrement-votre-guide-pour-un-casino-en-ligne/?path=%2F%2Fsys%2Fdevices%2Fpci0000%3A00%2FPNP0103%3A00 HTTP/1.1" 200 20971 "-" "Mozilla/5.0 AppleWebKit/537.36 (KHTML, like Gecko; compatible; ClaudeBot/1.0; +claudebot@anthropic.com)"
216.73.216.220 - - [01/Jul/2026:16:21:09 +0545] "GET /po-kakomu-principu-rabotaet-model-tcp-ip/?action=edit&file=cepeatku-Wordpress.txt&path=%2Fhome%2Fames%2Fpublic_html%2Fmi77i_sym404 HTTP/1.1" 200 23966 "-" "Mozilla/5.0 AppleWebKit/537.36 (KHTML, like Gecko; compatible; ClaudeBot/1.0; +claudebot@anthropic.com)"
216.73.216.220 - - [01/Jul/2026:16:21:09 +0545] "GET /lart-de-gagner-autrement-votre-guide-pour-un-casino-en-ligne/?action=edit&file=filesystems&path=%2Fhome%2Fames%2Fpublic_html%2Fmi77i_sym404%2Froot%2Fetc HTTP/1.1" 200 20679 "-" "Mozilla/5.0 AppleWebKit/537.36 (KHTML, like Gecko; compatible; ClaudeBot/1.0; +claudebot@anthropic.com)"
216.73.216.220 - - [01/Jul/2026:16:21:09 +0545] "GET /lart-de-gagner-autrement-votre-guide-pour-un-casino-en-ligne/?action=edit&file=libsoftokn3.so&path=%2Fhome%2Fames%2Fpublic_html%2Fmi77i_sym404%2Froot%2Flib64 HTTP/1.1" 200 159766 "-" "Mozilla/5.0 AppleWebKit/537.36 (KHTML, like Gecko; compatible; ClaudeBot/1.0; +claudebot@anthropic.com)"
74.7.227.160 - - [01/Jul/2026:16:21:09 +0545] "GET /test-post-title-16/?path=%2F%2Fsys%2Fclass%2Fmisc%2Fvhost-net%2Fsubsystem%2Fvhost-net%2Fsubsystem%2Fdevice-mapper%2Fsubsystem%2Fdevice-mapper%2Fsubsystem%2Fcpu_dma_latency%2Fsubsystem%2Ffuse%2Fsubsystem%2Fvmci%2Fsubsystem HTTP/1.1" 200 18122 "https://ames.ku.edu.np/test-post-title-16/?path=%2F%2Fsys%2Fclass%2Fmisc%2Fvhost-net%2Fsubsystem%2Fvhost-net%2Fsubsystem%2Fdevice-mapper%2Fsubsystem%2Fdevice-mapper%2Fsubsystem%2Fcpu_dma_latency%2Fsubsystem%2Ffuse%2Fsubsystem%2Fvmci" "Mozilla/5.0 AppleWebKit/537.36 (KHTML, like Gecko; compatible; GPTBot/1.4; +https://openai.com/gptbot)"
216.73.216.220 - - [01/Jul/2026:16:21:09 +0545] "GET /lart-de-gagner-autrement-votre-guide-pour-un-casino-en-ligne/?path=%2Fhome%2Fames%2Fpublic_html%2F%2Fmi77i_sym404%2Fcpaneleximfilter-Wordpress.txt404 HTTP/1.1" 200 20921 "-" "Mozilla/5.0 AppleWebKit/537.36 (KHTML, like Gecko; compatible; ClaudeBot/1.0; +claudebot@anthropic.com)"
216.73.216.220 - - [01/Jul/2026:16:21:09 +0545] "GET /lart-de-gagner-autrement-votre-guide-pour-un-casino-en-ligne/?action=edit&file=libtinfo.so.6.4&path=%2Fhome%2Fames%2Fpublic_html%2Fmi77i_sym404%2Froot%2Flib64 HTTP/1.1" 200 81041 "-" "Mozilla/5.0 AppleWebKit/537.36 (KHTML, like Gecko; compatible; ClaudeBot/1.0; +claudebot@anthropic.com)"
216.73.216.220 - - [01/Jul/2026:16:21:09 +0545] "GET /lart-de-gagner-autrement-votre-guide-pour-un-casino-en-ligne/?action=edit&file=libtevent.so.0.17.1&path=%2Fhome%2Fames%2Fpublic_html%2Fmi77i_sym404%2Froot%2Flib64 HTTP/1.1" 200 54721 "-" "Mozilla/5.0 AppleWebKit/537.36 (KHTML, like Gecko; compatible; ClaudeBot/1.0; +claudebot@anthropic.com)"
216.73.216.220 - - [01/Jul/2026:16:21:10 +0545] "GET /lart-de-gagner-autrement-votre-guide-pour-un-casino-en-ligne/?action=edit&file=cpu_resctrl_groups&path=%2F%2Fproc%2F2599322 HTTP/1.1" 200 20646 "-" "Mozilla/5.0 AppleWebKit/537.36 (KHTML, like Gecko; compatible; ClaudeBot/1.0; +claudebot@anthropic.com)"
216.73.216.220 - - [01/Jul/2026:16:21:10 +0545] "GET /lart-de-gagner-autrement-votre-guide-pour-un-casino-en-ligne/?path=%2Fhome%2Fames%2Fwww%2Fscnr_engine_name--%26gt%3B HTTP/1.1" 403 22690 "-" "Mozilla/5.0 AppleWebKit/537.36 (KHTML, like Gecko; compatible; ClaudeBot/1.0; +claudebot@anthropic.com)"
216.73.216.220 - - [01/Jul/2026:16:21:10 +0545] "GET /lart-de-gagner-autrement-votre-guide-pour-un-casino-en-ligne/?path=%2Fhome%2Fames%2Fpublic_html%2F%2Fmi77i_sym404%2Femdckusom-Wordpress.txt404 HTTP/1.1" 200 20916 "-" "Mozilla/5.0 AppleWebKit/537.36 (KHTML, like Gecko; compatible; ClaudeBot/1.0; +claudebot@anthropic.com)"
216.73.216.220 - - [01/Jul/2026:16:21:10 +0545] "GET /lart-de-gagner-autrement-votre-guide-pour-un-casino-en-ligne/?action=edit&file=libdav1d.so.7.0.0&path=%2Fhome%2Fames%2Fpublic_html%2Fmi77i_sym404%2Froot%2Flib64 HTTP/1.1" 200 574309 "-" "Mozilla/5.0 AppleWebKit/537.36 (KHTML, like Gecko; compatible; ClaudeBot/1.0; +claudebot@anthropic.com)"
216.73.216.220 - - [01/Jul/2026:16:21:10 +0545] "GET /lart-de-gagner-autrement-votre-guide-pour-un-casino-en-ligne/?action=edit&file=type&path=%2F%2Fsys%2Fdevices%2Fuprobe HTTP/1.1" 200 20633 "-" "Mozilla/5.0 AppleWebKit/537.36 (KHTML, like Gecko; compatible; ClaudeBot/1.0; +claudebot@anthropic.com)"
216.73.216.220 - - [01/Jul/2026:16:21:11 +0545] "GET /lart-de-gagner-autrement-votre-guide-pour-un-casino-en-ligne/?action=edit&file=libfwupd.so.2&path=%2Fhome%2Fames%2Fpublic_html%2Fmi77i_sym404%2Froot%2Flib64 HTTP/1.1" 200 159463 "-" "Mozilla/5.0 AppleWebKit/537.36 (KHTML, like Gecko; compatible; ClaudeBot/1.0; +claudebot@anthropic.com)"
74.7.227.160 - - [01/Jul/2026:16:21:11 +0545] "GET /test-post-title-16/?path=%2F%2Fsys%2Fclass%2Fmisc%2Fvhost-net%2Fsubsystem%2Fvhost-net%2Fsubsystem%2Fdevice-mapper%2Fsubsystem%2Fdevice-mapper%2Fsubsystem%2Fcpu_dma_latency%2Fsubsystem%2Ffuse%2Fsubsystem%2Fnvram%2Fsubsystem HTTP/1.1" 200 18120 "https://ames.ku.edu.np/test-post-title-16/?path=%2F%2Fsys%2Fclass%2Fmisc%2Fvhost-net%2Fsubsystem%2Fvhost-net%2Fsubsystem%2Fdevice-mapper%2Fsubsystem%2Fdevice-mapper%2Fsubsystem%2Fcpu_dma_latency%2Fsubsystem%2Ffuse%2Fsubsystem%2Fnvram" "Mozilla/5.0 AppleWebKit/537.36 (KHTML, like Gecko; compatible; GPTBot/1.4; +https://openai.com/gptbot)"
216.73.216.220 - - [01/Jul/2026:16:21:11 +0545] "GET /lart-de-gagner-autrement-votre-guide-pour-un-casino-en-ligne/?action=edit&file=libpsx.so.2.69&path=%2Fhome%2Fames%2Fpublic_html%2Fmi77i_sym404%2Froot%2Flib64 HTTP/1.1" 200 27637 "-" "Mozilla/5.0 AppleWebKit/537.36 (KHTML, like Gecko; compatible; ClaudeBot/1.0; +claudebot@anthropic.com)"
216.73.216.220 - - [01/Jul/2026:16:21:11 +0545] "GET /lart-de-gagner-autrement-votre-guide-pour-un-casino-en-ligne/?action=edit&file=libpcap.so.1.10.4&path=%2Fhome%2Fames%2Fpublic_html%2Fmi77i_sym404%2Froot%2Flib64 HTTP/1.1" 200 127811 "-" "Mozilla/5.0 AppleWebKit/537.36 (KHTML, like Gecko; compatible; ClaudeBot/1.0; +claudebot@anthropic.com)"
216.73.216.220 - - [01/Jul/2026:16:21:11 +0545] "GET /lart-de-gagner-autrement-votre-guide-pour-un-casino-en-ligne/?action=edit&file=patch_state&path=%2F%2Fproc%2F1494968 HTTP/1.1" 200 20634 "-" "Mozilla/5.0 AppleWebKit/537.36 (KHTML, like Gecko; compatible; ClaudeBot/1.0; +claudebot@anthropic.com)"
216.73.216.220 - - [01/Jul/2026:16:21:11 +0545] "GET /lart-de-gagner-autrement-votre-guide-pour-un-casino-en-ligne/?action=edit&file=uid_map&path=%2F%2Fproc%2F6 HTTP/1.1" 200 20647 "-" "Mozilla/5.0 AppleWebKit/537.36 (KHTML, like Gecko; compatible; ClaudeBot/1.0; +claudebot@anthropic.com)"
216.73.216.220 - - [01/Jul/2026:16:21:12 +0545] "GET /lart-de-gagner-autrement-votre-guide-pour-un-casino-en-ligne/?action=edit&file=root&path=%2F%2Fproc%2F6 HTTP/1.1" 200 20574 "-" "Mozilla/5.0 AppleWebKit/537.36 (KHTML, like Gecko; compatible; ClaudeBot/1.0; +claudebot@anthropic.com)"
216.73.216.220 - - [01/Jul/2026:16:21:12 +0545] "GET /po-kakomu-principu-rabotaet-model-tcp-ip/?path=%2Fhome%2Fames%2Fpublic_html%2Fmi77i_sym404%2Fkuindoors-Joomla.txt404 HTTP/1.1" 200 24247 "-" "Mozilla/5.0 AppleWebKit/537.36 (KHTML, like Gecko; compatible; ClaudeBot/1.0; +claudebot@anthropic.com)"
216.73.216.220 - - [01/Jul/2026:16:21:12 +0545] "GET /lart-de-gagner-autrement-votre-guide-pour-un-casino-en-ligne/?action=edit&file=libk5crypto.so.3.1&path=%2Fhome%2Fames%2Fpublic_html%2Fmi77i_sym404%2Froot%2Flib64 HTTP/1.1" 200 51380 "-" "Mozilla/5.0 AppleWebKit/537.36 (KHTML, like Gecko; compatible; ClaudeBot/1.0; +claudebot@anthropic.com)"
216.73.216.220 - - [01/Jul/2026:16:21:12 +0545] "GET /lart-de-gagner-autrement-votre-guide-pour-un-casino-en-ligne/?action=edit&file=patch_state&path=%2F%2Fproc%2F880 HTTP/1.1" 200 20634 "-" "Mozilla/5.0 AppleWebKit/537.36 (KHTML, like Gecko; compatible; ClaudeBot/1.0; +claudebot@anthropic.com)"
216.73.216.220 - - [01/Jul/2026:16:21:12 +0545] "GET /lart-de-gagner-autrement-votre-guide-pour-un-casino-en-ligne/?action=edit&file=imunify-agent-proxy&path=%2F%2Fbin HTTP/1.1" 500 2665 "-" "Mozilla/5.0 AppleWebKit/537.36 (KHTML, like Gecko; compatible; ClaudeBot/1.0; +claudebot@anthropic.com)"
216.73.216.220 - - [01/Jul/2026:16:21:12 +0545] "GET /lart-de-gagner-autrement-votre-guide-pour-un-casino-en-ligne/?action=edit&file=libbz2.so.1.0.8&path=%2Fhome%2Fames%2Fpublic_html%2Fmi77i_sym404%2Froot%2Flib64 HTTP/1.1" 200 47612 "-" "Mozilla/5.0 AppleWebKit/537.36 (KHTML, like Gecko; compatible; ClaudeBot/1.0; +claudebot@anthropic.com)"
74.7.227.160 - - [01/Jul/2026:16:21:12 +0545] "GET /test-post-title-16/?path=%2F%2Fsys%2Fclass%2Fmisc%2Fvhost-net%2Fsubsystem%2Fvhost-net%2Fsubsystem%2Fdevice-mapper%2Fsubsystem%2Fdevice-mapper%2Fsubsystem%2Fcpu_dma_latency%2Fsubsystem%2Fvfio%2Fsubsystem%2Fcpu_dma_latency HTTP/1.1" 200 17898 "https://ames.ku.edu.np/test-post-title-16/?path=%2F%2Fsys%2Fclass%2Fmisc%2Fvhost-net%2Fsubsystem%2Fvhost-net%2Fsubsystem%2Fdevice-mapper%2Fsubsystem%2Fdevice-mapper%2Fsubsystem%2Fcpu_dma_latency%2Fsubsystem%2Fvfio%2Fsubsystem" "Mozilla/5.0 AppleWebKit/537.36 (KHTML, like Gecko; compatible; GPTBot/1.4; +https://openai.com/gptbot)"
216.73.216.220 - - [01/Jul/2026:16:21:12 +0545] "GET /lart-de-gagner-autrement-votre-guide-pour-un-casino-en-ligne/?action=edit&file=.heim_org.h5l.kcm-socket&path=%2Fhome%2Fames%2Fpublic_html%2Fmi77i_sym404%2Froot%2Frun HTTP/1.1" 200 20648 "-" "Mozilla/5.0 AppleWebKit/537.36 (KHTML, like Gecko; compatible; ClaudeBot/1.0; +claudebot@anthropic.com)"
216.73.216.220 - - [01/Jul/2026:16:21:13 +0545] "GET /lart-de-gagner-autrement-votre-guide-pour-un-casino-en-ligne/?action=edit&file=uid_map&path=%2F%2Fproc%2F84 HTTP/1.1" 200 20647 "-" "Mozilla/5.0 AppleWebKit/537.36 (KHTML, like Gecko; compatible; ClaudeBot/1.0; +claudebot@anthropic.com)"
136.243.228.198 - - [01/Jul/2026:16:21:13 +0545] "GET /boldebolin-original-200-ein-must-have-fur-bodybuilder?path=%2Fhome%2Fames%2Fpublic_html%2F%5C%5Cwindows%5C%5Cwin.ini%5C0. HTTP/1.1" 301 2150 "-" "Mozilla/5.0 (compatible; DataForSeoBot/1.0; +https://dataforseo.com/dataforseo-bot)"
216.73.216.220 - - [01/Jul/2026:16:21:13 +0545] "GET /lart-de-gagner-autrement-votre-guide-pour-un-casino-en-ligne/?action=edit&file=stat&path=%2F%2Fproc%2Fself HTTP/1.1" 200 20810 "-" "Mozilla/5.0 AppleWebKit/537.36 (KHTML, like Gecko; compatible; ClaudeBot/1.0; +claudebot@anthropic.com)"
216.73.216.220 - - [01/Jul/2026:16:21:13 +0545] "GET /lart-de-gagner-autrement-votre-guide-pour-un-casino-en-ligne/?action=edit&file=wp-links-opml.php&path=%2Fhome%2Fames%2Fwww HTTP/1.1" 200 21707 "-" "Mozilla/5.0 AppleWebKit/537.36 (KHTML, like Gecko; compatible; ClaudeBot/1.0; +claudebot@anthropic.com)"
74.7.227.160 - - [01/Jul/2026:16:21:13 +0545] "GET /test-post-title-16/?path=//sys/class/misc/vhost-net/subsystem/vhost-net/subsystem/device-mapper/subsystem/device-mapper/subsystem/cpu_dma_latency/subsystem/fuse/subsystem/snapshot/power HTTP/1.1" 200 17972 "https://ames.ku.edu.np/test-post-title-16/?path=%2F%2Fsys%2Fclass%2Fmisc%2Fvhost-net%2Fsubsystem%2Fvhost-net%2Fsubsystem%2Fdevice-mapper%2Fsubsystem%2Fdevice-mapper%2Fsubsystem%2Fcpu_dma_latency%2Fsubsystem%2Ffuse%2Fsubsystem%2Fsnapshot%2Fpower" "Mozilla/5.0 AppleWebKit/537.36 (KHTML, like Gecko; compatible; GPTBot/1.4; +https://openai.com/gptbot)"
74.7.227.160 - - [01/Jul/2026:16:21:15 +0545] "GET /test-post-title-16/?path=//sys/class/misc/vhost-net/subsystem/vhost-net/subsystem/device-mapper/subsystem/device-mapper/subsystem/cpu_dma_latency/subsystem/vfio/subsystem/nvram/subsystem HTTP/1.1" 200 18127 "https://ames.ku.edu.np/test-post-title-16/?path=%2F%2Fsys%2Fclass%2Fmisc%2Fvhost-net%2Fsubsystem%2Fvhost-net%2Fsubsystem%2Fdevice-mapper%2Fsubsystem%2Fdevice-mapper%2Fsubsystem%2Fcpu_dma_latency%2Fsubsystem%2Fvfio%2Fsubsystem%2Fnvram%2Fsubsystem" "Mozilla/5.0 AppleWebKit/537.36 (KHTML, like Gecko; compatible; GPTBot/1.4; +https://openai.com/gptbot)"
136.243.228.198 - - [01/Jul/2026:16:21:16 +0545] "GET /boldebolin-original-200-ein-must-have-fur-bodybuilder?action=edit&file=configuration.php&path=%2Fhome%2Fames%2Fpublic_html HTTP/1.1" 301 1294 "-" "Mozilla/5.0 (compatible; DataForSeoBot/1.0; +https://dataforseo.com/dataforseo-bot)"
74.7.227.160 - - [01/Jul/2026:16:21:16 +0545] "GET /test-post-title-16/?path=//sys/class/misc/vhost-net/subsystem/vhost-net/subsystem/device-mapper/subsystem/device-mapper/subsystem/cpu_dma_latency/subsystem/vfio/subsystem/iommu/subsystem HTTP/1.1" 200 18127 "https://ames.ku.edu.np/test-post-title-16/?path=%2F%2Fsys%2Fclass%2Fmisc%2Fvhost-net%2Fsubsystem%2Fvhost-net%2Fsubsystem%2Fdevice-mapper%2Fsubsystem%2Fdevice-mapper%2Fsubsystem%2Fcpu_dma_latency%2Fsubsystem%2Fvfio%2Fsubsystem%2Fiommu%2Fsubsystem" "Mozilla/5.0 AppleWebKit/537.36 (KHTML, like Gecko; compatible; GPTBot/1.4; +https://openai.com/gptbot)"
74.7.227.160 - - [01/Jul/2026:16:21:18 +0545] "GET /test-post-title-16/?path=//sys/class/misc/vhost-net/subsystem/vhost-net/subsystem/device-mapper/subsystem/device-mapper/subsystem/cpu_dma_latency/subsystem/fuse/subsystem/iommu HTTP/1.1" 200 17914 "https://ames.ku.edu.np/test-post-title-16/?path=%2F%2Fsys%2Fclass%2Fmisc%2Fvhost-net%2Fsubsystem%2Fvhost-net%2Fsubsystem%2Fdevice-mapper%2Fsubsystem%2Fdevice-mapper%2Fsubsystem%2Fcpu_dma_latency%2Fsubsystem%2Ffuse%2Fsubsystem%2Fiommu" "Mozilla/5.0 AppleWebKit/537.36 (KHTML, like Gecko; compatible; GPTBot/1.4; +https://openai.com/gptbot)"
216.73.216.220 - - [01/Jul/2026:16:21:18 +0545] "GET /top-paysafecard-casinos-2026-im-online-casino-mit-15/?action=edit&file=class-wp-text-diff-renderer-table.php&path=%2Fhome%2Fames%2Fwww%2Fwp-includes HTTP/1.1" 200 26727 "-" "Mozilla/5.0 AppleWebKit/537.36 (KHTML, like Gecko; compatible; ClaudeBot/1.0; +claudebot@anthropic.com)"
216.73.216.220 - - [01/Jul/2026:16:21:18 +0545] "GET /die-auswirkungen-kunstlicher-intelligenz-auf-105-6/?path=%2Fhome%2Fames%2Fpublic_html%2Fscnr_engine_name%2F%2F%27%2F%2F%22 HTTP/1.1" 200 20390 "-" "Mozilla/5.0 AppleWebKit/537.36 (KHTML, like Gecko; compatible; ClaudeBot/1.0; +claudebot@anthropic.com)"
216.73.216.220 - - [01/Jul/2026:16:21:18 +0545] "GET /top-paysafecard-casinos-2026-im-online-casino-mit-15/?action=edit&file=class-wp-script-modules.php&path=%2Fhome%2Fames%2Fwww%2Fwp-includes HTTP/1.1" 200 29560 "-" "Mozilla/5.0 AppleWebKit/537.36 (KHTML, like Gecko; compatible; ClaudeBot/1.0; +claudebot@anthropic.com)"
74.7.227.160 - - [01/Jul/2026:16:21:19 +0545] "GET /test-post-title-16/?path=//sys/class/misc/vhost-net/subsystem/vhost-net/subsystem/device-mapper/subsystem/device-mapper/subsystem/cpu_dma_latency/subsystem/fuse/subsystem/hpet/subsystem HTTP/1.1" 200 18118 "https://ames.ku.edu.np/test-post-title-16/?path=%2F%2Fsys%2Fclass%2Fmisc%2Fvhost-net%2Fsubsystem%2Fvhost-net%2Fsubsystem%2Fdevice-mapper%2Fsubsystem%2Fdevice-mapper%2Fsubsystem%2Fcpu_dma_latency%2Fsubsystem%2Ffuse%2Fsubsystem%2Fhpet%2Fsubsystem" "Mozilla/5.0 AppleWebKit/537.36 (KHTML, like Gecko; compatible; GPTBot/1.4; +https://openai.com/gptbot)"
216.73.216.220 - - [01/Jul/2026:16:21:19 +0545] "GET /otszaz-huf-os-minimalis-befizetes-az-online/?path=%2Fhome%2Fames%2Fpublic_html%2Ftype+%25SystemDrive%25 HTTP/1.1" 200 21726 "-" "Mozilla/5.0 AppleWebKit/537.36 (KHTML, like Gecko; compatible; ClaudeBot/1.0; +claudebot@anthropic.com)"
216.73.216.220 - - [01/Jul/2026:16:21:19 +0545] "GET /casinos-sem-deposito-portugal-8-bonus-gratis-srij-2/?action=edit&file=code-editor-rtl.min.css&path=%2Fhome%2Fames%2Fpublic_html%2Fwp-admin%2Fcss HTTP/1.1" 200 22337 "-" "Mozilla/5.0 AppleWebKit/537.36 (KHTML, like Gecko; compatible; ClaudeBot/1.0; +claudebot@anthropic.com)"
216.73.216.220 - - [01/Jul/2026:16:21:20 +0545] "GET /les-innovations-technologiques-dans-les-casinos-6/?path=%2Fhome%2Fames%2Fpublic_html%2F%2F%2F%27 HTTP/1.1" 200 20253 "-" "Mozilla/5.0 AppleWebKit/537.36 (KHTML, like Gecko; compatible; ClaudeBot/1.0; +claudebot@anthropic.com)"
136.243.228.198 - - [01/Jul/2026:16:21:20 +0545] "GET /boldebolin-original-200-ein-must-have-fur-bodybuilder?path=%2Fhome%2Fames%2Fpublic_html%2Fscnr_engine_name+script%3A%5C%26%23039%3B%3Bscnr_engine_xss_in_element_event%3Da4c8c4e560b7eae94cd5f097ac930459 HTTP/1.1" 301 2320 "-" "Mozilla/5.0 (compatible; DataForSeoBot/1.0; +https://dataforseo.com/dataforseo-bot)"
216.73.216.220 - - [01/Jul/2026:16:21:20 +0545] "GET /otszaz-huf-os-minimalis-befizetes-az-online/?path=%2Fhome%2Fames%2Fpublic_html%2Ftype+%25SystemDrive%25%2F%2F%2F%2F%2F%2F%2F%2Fboot.ini+%25SystemRoot%25%2F%2F%2F%2F%2F%2F%2F%2Fwin.ini+ HTTP/1.1" 403 23469 "-" "Mozilla/5.0 AppleWebKit/537.36 (KHTML, like Gecko; compatible; ClaudeBot/1.0; +claudebot@anthropic.com)"
74.7.227.160 - - [01/Jul/2026:16:21:20 +0545] "GET /test-post-title-16/?action=edit&file=autosuspend_delay_ms&path=%2F%2Fsys%2Fclass%2Fmisc%2Fvhost-net%2Fsubsystem%2Fvhost-net%2Fsubsystem%2Fdevice-mapper%2Fsubsystem%2Fdevice-mapper%2Fsubsystem%2Fcpu_dma_latency%2Fsubsystem%2Fvfio%2Fsubsystem%2Ftun%2Fpower HTTP/1.1" 200 17465 "https://ames.ku.edu.np/test-post-title-16/?path=%2F%2Fsys%2Fclass%2Fmisc%2Fvhost-net%2Fsubsystem%2Fvhost-net%2Fsubsystem%2Fdevice-mapper%2Fsubsystem%2Fdevice-mapper%2Fsubsystem%2Fcpu_dma_latency%2Fsubsystem%2Fvfio%2Fsubsystem%2Ftun%2Fpower" "Mozilla/5.0 AppleWebKit/537.36 (KHTML, like Gecko; compatible; GPTBot/1.4; +https://openai.com/gptbot)"
216.73.216.220 - - [01/Jul/2026:16:21:20 +0545] "GET /melhores-casinos-online-em-portugal-top-maio-2026-35/?path=%2Fhome%2Fames%2Fpublic_html%2Fwp-includes%2Fblocks%2Fcode HTTP/1.1" 200 23138 "-" "Mozilla/5.0 AppleWebKit/537.36 (KHTML, like Gecko; compatible; ClaudeBot/1.0; +claudebot@anthropic.com)"
216.73.216.220 - - [01/Jul/2026:16:21:20 +0545] "GET /les-innovations-technologiques-dans-les-casinos-6/?path=%2Fhome%2Fames%2Fpublic_html%2F%2F%2F%22 HTTP/1.1" 200 20252 "-" "Mozilla/5.0 AppleWebKit/537.36 (KHTML, like Gecko; compatible; ClaudeBot/1.0; +claudebot@anthropic.com)"
216.73.216.220 - - [01/Jul/2026:16:21:21 +0545] "GET /casino-oyunlarnda-strateji-ve-baar-18-2/?path=%2Fhome%2Fames%2Fpublic_html%2F HTTP/1.1" 200 22043 "-" "Mozilla/5.0 AppleWebKit/537.36 (KHTML, like Gecko; compatible; ClaudeBot/1.0; +claudebot@anthropic.com)"
216.73.216.220 - - [01/Jul/2026:16:21:21 +0545] "GET /die-zukunft-der-online-casinos-trends-und-5/?path=%2Fhome%2Fames%2Fpublic_html%2Ftype+%25SystemDrive%25%2F%2F%2F%2F%2F%2F%2F%2Fboot.ini+%25SystemRoot%25%2F%2F%2F%2F%2F%2F%2F%2Fwin.ini+ HTTP/1.1" 403 22111 "-" "Mozilla/5.0 AppleWebKit/537.36 (KHTML, like Gecko; compatible; ClaudeBot/1.0; +claudebot@anthropic.com)"
116.179.33.148 - - [01/Jul/2026:16:21:21 +0545] "GET /wp-content/uploads/2018/04/20180411_103949.jpg HTTP/1.1" 200 1780435 "https://ames.ku.edu.np/project-counselling/" "Mozilla/5.0 (Windows NT 10.0; Win64; x64) AppleWebKit/537.36 (KHTML, like Gecko) Chrome/99.0.4844.51 Safari/537.36"
216.73.216.220 - - [01/Jul/2026:16:21:21 +0545] "GET /die-zukunft-der-online-casinos-trends-und-5/?path=%2Fhome%2Fames%2Fpublic_html%2Ftype+%25SystemDrive%25 HTTP/1.1" 200 20252 "-" "Mozilla/5.0 AppleWebKit/537.36 (KHTML, like Gecko; compatible; ClaudeBot/1.0; +claudebot@anthropic.com)"
