74.7.227.160 - - [01/Jul/2026:16:05:22 +0545] "GET /test-post-title-16/?path=//sys/class/misc/vhost-net/subsystem/vhost-net/subsystem/device-mapper/subsystem/device-mapper/subsystem/cpu_dma_latency/subsystem/vga_arbiter/subsystem/fuse/subsystem HTTP/1.1" 200 18126 "https://ames.ku.edu.np/test-post-title-16/?path=%2F%2Fsys%2Fclass%2Fmisc%2Fvhost-net%2Fsubsystem%2Fvhost-net%2Fsubsystem%2Fdevice-mapper%2Fsubsystem%2Fdevice-mapper%2Fsubsystem%2Fcpu_dma_latency%2Fsubsystem%2Fvga_arbiter%2Fsubsystem%2Ffuse%2Fsubsystem" "Mozilla/5.0 AppleWebKit/537.36 (KHTML, like Gecko; compatible; GPTBot/1.4; +https://openai.com/gptbot)"
74.7.227.160 - - [01/Jul/2026:16:05:23 +0545] "GET /test-post-title-16/?path=%2F%2Fsys%2Fclass%2Fmisc%2Fvhost-net%2Fsubsystem%2Fvhost-net%2Fsubsystem%2Fdevice-mapper%2Fsubsystem%2Fdevice-mapper%2Fsubsystem%2Fcpu_dma_latency%2Fsubsystem%2Fvga_arbiter%2Fsubsystem%2Fhpet%2Fsubsystem%2Floop-control HTTP/1.1" 200 17956 "https://ames.ku.edu.np/test-post-title-16/?path=%2F%2Fsys%2Fclass%2Fmisc%2Fvhost-net%2Fsubsystem%2Fvhost-net%2Fsubsystem%2Fdevice-mapper%2Fsubsystem%2Fdevice-mapper%2Fsubsystem%2Fcpu_dma_latency%2Fsubsystem%2Fvga_arbiter%2Fsubsystem%2Fhpet%2Fsubsystem" "Mozilla/5.0 AppleWebKit/537.36 (KHTML, like Gecko; compatible; GPTBot/1.4; +https://openai.com/gptbot)"
74.7.227.160 - - [01/Jul/2026:16:05:24 +0545] "GET /test-post-title-16/?path=%2F%2Fsys%2Fclass%2Fmisc%2Fvhost-net%2Fsubsystem%2Fvhost-net%2Fsubsystem%2Fdevice-mapper%2Fsubsystem%2Fdevice-mapper%2Fsubsystem%2Fcpu_dma_latency%2Fsubsystem%2Fvga_arbiter%2Fsubsystem%2Fnvram%2Fsubsystem HTTP/1.1" 200 18129 "https://ames.ku.edu.np/test-post-title-16/?path=%2F%2Fsys%2Fclass%2Fmisc%2Fvhost-net%2Fsubsystem%2Fvhost-net%2Fsubsystem%2Fdevice-mapper%2Fsubsystem%2Fdevice-mapper%2Fsubsystem%2Fcpu_dma_latency%2Fsubsystem%2Fvga_arbiter%2Fsubsystem%2Fnvram" "Mozilla/5.0 AppleWebKit/537.36 (KHTML, like Gecko; compatible; GPTBot/1.4; +https://openai.com/gptbot)"
74.7.227.160 - - [01/Jul/2026:16:05:26 +0545] "GET /test-post-title-16/?path=%2F%2Fsys%2Fclass%2Fmisc%2Fvhost-net%2Fsubsystem%2Fvhost-net%2Fsubsystem%2Fdevice-mapper%2Fsubsystem%2Fdevice-mapper%2Fsubsystem%2Fcpu_dma_latency%2Fsubsystem%2Fvga_arbiter%2Fsubsystem%2Fvfio%2Fsubsystem HTTP/1.1" 200 18129 "https://ames.ku.edu.np/test-post-title-16/?path=%2F%2Fsys%2Fclass%2Fmisc%2Fvhost-net%2Fsubsystem%2Fvhost-net%2Fsubsystem%2Fdevice-mapper%2Fsubsystem%2Fdevice-mapper%2Fsubsystem%2Fcpu_dma_latency%2Fsubsystem%2Fvga_arbiter%2Fsubsystem%2Fvfio" "Mozilla/5.0 AppleWebKit/537.36 (KHTML, like Gecko; compatible; GPTBot/1.4; +https://openai.com/gptbot)"
74.7.227.160 - - [01/Jul/2026:16:05:27 +0545] "GET /test-post-title-16/?path=%2F%2Fsys%2Fclass%2Fmisc%2Fvhost-net%2Fsubsystem%2Fvhost-net%2Fsubsystem%2Fdevice-mapper%2Fsubsystem%2Fdevice-mapper%2Fsubsystem%2Fcpu_dma_latency%2Fsubsystem%2Fvga_arbiter%2Fsubsystem%2Fvmci%2Fsubsystem HTTP/1.1" 200 18129 "https://ames.ku.edu.np/test-post-title-16/?path=%2F%2Fsys%2Fclass%2Fmisc%2Fvhost-net%2Fsubsystem%2Fvhost-net%2Fsubsystem%2Fdevice-mapper%2Fsubsystem%2Fdevice-mapper%2Fsubsystem%2Fcpu_dma_latency%2Fsubsystem%2Fvga_arbiter%2Fsubsystem%2Fvmci" "Mozilla/5.0 AppleWebKit/537.36 (KHTML, like Gecko; compatible; GPTBot/1.4; +https://openai.com/gptbot)"
74.7.227.160 - - [01/Jul/2026:16:05:29 +0545] "GET /test-post-title-17/?path=%2F%2Fsys%2Fclass%2Fmisc%2Fvhost-net%2Fsubsystem%2Fvhost-net%2Fsubsystem%2Fdevice-mapper%2Fsubsystem%2Fcpu_dma_latency%2Fsubsystem%2Fmcelog%2Fsubsystem%2Fvhost-vsock%2Fsubsystem%2Floop-control%2Fsubsystem HTTP/1.1" 200 18136 "https://ames.ku.edu.np/test-post-title-17/?path=%2F%2Fsys%2Fclass%2Fmisc%2Fvhost-net%2Fsubsystem%2Fvhost-net%2Fsubsystem%2Fdevice-mapper%2Fsubsystem%2Fcpu_dma_latency%2Fsubsystem%2Fmcelog%2Fsubsystem%2Fvhost-vsock%2Fsubsystem%2Floop-control" "Mozilla/5.0 AppleWebKit/537.36 (KHTML, like Gecko; compatible; GPTBot/1.4; +https://openai.com/gptbot)"
74.7.227.160 - - [01/Jul/2026:16:05:30 +0545] "GET /test-post-title-16/?path=%2F%2Fsys%2Fclass%2Fmisc%2Fvhost-net%2Fsubsystem%2Fvhost-net%2Fsubsystem%2Fdevice-mapper%2Fsubsystem%2Fdevice-mapper%2Fsubsystem%2Fcpu_dma_latency%2Fsubsystem%2Fvga_arbiter%2Fsubsystem%2Ftun%2Fsubsystem HTTP/1.1" 200 18128 "https://ames.ku.edu.np/test-post-title-16/?path=%2F%2Fsys%2Fclass%2Fmisc%2Fvhost-net%2Fsubsystem%2Fvhost-net%2Fsubsystem%2Fdevice-mapper%2Fsubsystem%2Fdevice-mapper%2Fsubsystem%2Fcpu_dma_latency%2Fsubsystem%2Fvga_arbiter%2Fsubsystem%2Ftun" "Mozilla/5.0 AppleWebKit/537.36 (KHTML, like Gecko; compatible; GPTBot/1.4; +https://openai.com/gptbot)"
74.7.227.160 - - [01/Jul/2026:16:05:31 +0545] "GET /test-post-title-16/?path=//sys/class/misc/vhost-net/subsystem/vhost-net/subsystem/device-mapper/subsystem/device-mapper/subsystem/cpu_dma_latency/subsystem/hw_random/subsystem/autofs/subsystem HTTP/1.1" 200 18122 "https://ames.ku.edu.np/test-post-title-16/?path=%2F%2Fsys%2Fclass%2Fmisc%2Fvhost-net%2Fsubsystem%2Fvhost-net%2Fsubsystem%2Fdevice-mapper%2Fsubsystem%2Fdevice-mapper%2Fsubsystem%2Fcpu_dma_latency%2Fsubsystem%2Fhw_random%2Fsubsystem%2Fautofs%2Fsubsystem" "Mozilla/5.0 AppleWebKit/537.36 (KHTML, like Gecko; compatible; GPTBot/1.4; +https://openai.com/gptbot)"
74.7.227.160 - - [01/Jul/2026:16:05:33 +0545] "GET /test-post-title-16/?path=%2F%2Fsys%2Fclass%2Fmisc%2Fvhost-net%2Fsubsystem%2Fvhost-net%2Fsubsystem%2Fdevice-mapper%2Fsubsystem%2Fdevice-mapper%2Fsubsystem%2Fcpu_dma_latency%2Fsubsystem%2Fhw_random%2Fsubsystem%2Fiommu%2Fsubsystem HTTP/1.1" 200 18124 "https://ames.ku.edu.np/test-post-title-16/?path=%2F%2Fsys%2Fclass%2Fmisc%2Fvhost-net%2Fsubsystem%2Fvhost-net%2Fsubsystem%2Fdevice-mapper%2Fsubsystem%2Fdevice-mapper%2Fsubsystem%2Fcpu_dma_latency%2Fsubsystem%2Fhw_random%2Fsubsystem%2Fiommu" "Mozilla/5.0 AppleWebKit/537.36 (KHTML, like Gecko; compatible; GPTBot/1.4; +https://openai.com/gptbot)"
74.7.227.160 - - [01/Jul/2026:16:05:34 +0545] "GET /test-post-title-16/?path=//sys/class/misc/vhost-net/subsystem/vhost-net/subsystem/device-mapper/subsystem/device-mapper/subsystem/cpu_dma_latency/subsystem/hw_random/subsystem/nvram/subsystem/tun HTTP/1.1" 200 17948 "https://ames.ku.edu.np/test-post-title-16/?path=%2F%2Fsys%2Fclass%2Fmisc%2Fvhost-net%2Fsubsystem%2Fvhost-net%2Fsubsystem%2Fdevice-mapper%2Fsubsystem%2Fdevice-mapper%2Fsubsystem%2Fcpu_dma_latency%2Fsubsystem%2Fhw_random%2Fsubsystem%2Fnvram%2Fsubsystem%2Ftun" "Mozilla/5.0 AppleWebKit/537.36 (KHTML, like Gecko; compatible; GPTBot/1.4; +https://openai.com/gptbot)"
74.7.227.160 - - [01/Jul/2026:16:05:35 +0545] "GET /test-post-title-16/?path=%2F%2Fsys%2Fclass%2Fmisc%2Fvhost-net%2Fsubsystem%2Fvhost-net%2Fsubsystem%2Fdevice-mapper%2Fsubsystem%2Fdevice-mapper%2Fsubsystem%2Fcpu_dma_latency%2Fsubsystem%2Fvga_arbiter%2Fsubsystem%2Fvsock%2Fsubsystem HTTP/1.1" 200 18136 "https://ames.ku.edu.np/test-post-title-16/?path=%2F%2Fsys%2Fclass%2Fmisc%2Fvhost-net%2Fsubsystem%2Fvhost-net%2Fsubsystem%2Fdevice-mapper%2Fsubsystem%2Fdevice-mapper%2Fsubsystem%2Fcpu_dma_latency%2Fsubsystem%2Fvga_arbiter%2Fsubsystem%2Fvsock" "Mozilla/5.0 AppleWebKit/537.36 (KHTML, like Gecko; compatible; GPTBot/1.4; +https://openai.com/gptbot)"
74.7.227.160 - - [01/Jul/2026:16:05:37 +0545] "GET /test-post-title-17/?path=%2F%2Fsys%2Fclass%2Fmisc%2Fvhost-net%2Fsubsystem%2Fvhost-net%2Fsubsystem%2Fdevice-mapper%2Fsubsystem%2Fcpu_dma_latency%2Fsubsystem%2Fmcelog%2Fsubsystem%2Fvhost-vsock%2Fsubsystem%2Fvga_arbiter%2Fsubsystem HTTP/1.1" 200 18136 "https://ames.ku.edu.np/test-post-title-17/?path=%2F%2Fsys%2Fclass%2Fmisc%2Fvhost-net%2Fsubsystem%2Fvhost-net%2Fsubsystem%2Fdevice-mapper%2Fsubsystem%2Fcpu_dma_latency%2Fsubsystem%2Fmcelog%2Fsubsystem%2Fvhost-vsock%2Fsubsystem%2Fvga_arbiter" "Mozilla/5.0 AppleWebKit/537.36 (KHTML, like Gecko; compatible; GPTBot/1.4; +https://openai.com/gptbot)"
74.7.227.160 - - [01/Jul/2026:16:05:38 +0545] "GET /test-post-title-16/?path=//sys/class/misc/vhost-net/subsystem/vhost-net/subsystem/device-mapper/subsystem/device-mapper/subsystem/cpu_dma_latency/subsystem/vga_arbiter/subsystem/hpet/subsystem/loop-control HTTP/1.1" 200 17956 "https://ames.ku.edu.np/test-post-title-16/?path=%2F%2Fsys%2Fclass%2Fmisc%2Fvhost-net%2Fsubsystem%2Fvhost-net%2Fsubsystem%2Fdevice-mapper%2Fsubsystem%2Fdevice-mapper%2Fsubsystem%2Fcpu_dma_latency%2Fsubsystem%2Fvga_arbiter%2Fsubsystem%2Fhpet%2Fsubsystem%2Floop-control" "Mozilla/5.0 AppleWebKit/537.36 (KHTML, like Gecko; compatible; GPTBot/1.4; +https://openai.com/gptbot)"
74.7.227.160 - - [01/Jul/2026:16:05:39 +0545] "GET /test-post-title-16/?path=//sys/class/misc/vhost-net/subsystem/vhost-net/subsystem/device-mapper/subsystem/device-mapper/subsystem/cpu_dma_latency/subsystem/vga_arbiter/subsystem/nvram/subsystem HTTP/1.1" 200 18129 "https://ames.ku.edu.np/test-post-title-16/?path=%2F%2Fsys%2Fclass%2Fmisc%2Fvhost-net%2Fsubsystem%2Fvhost-net%2Fsubsystem%2Fdevice-mapper%2Fsubsystem%2Fdevice-mapper%2Fsubsystem%2Fcpu_dma_latency%2Fsubsystem%2Fvga_arbiter%2Fsubsystem%2Fnvram%2Fsubsystem" "Mozilla/5.0 AppleWebKit/537.36 (KHTML, like Gecko; compatible; GPTBot/1.4; +https://openai.com/gptbot)"
74.7.227.160 - - [01/Jul/2026:16:05:41 +0545] "GET /test-post-title-16/?path=//sys/class/misc/vhost-net/subsystem/vhost-net/subsystem/device-mapper/subsystem/device-mapper/subsystem/cpu_dma_latency/subsystem/vga_arbiter/subsystem/vfio/subsystem HTTP/1.1" 200 18129 "https://ames.ku.edu.np/test-post-title-16/?path=%2F%2Fsys%2Fclass%2Fmisc%2Fvhost-net%2Fsubsystem%2Fvhost-net%2Fsubsystem%2Fdevice-mapper%2Fsubsystem%2Fdevice-mapper%2Fsubsystem%2Fcpu_dma_latency%2Fsubsystem%2Fvga_arbiter%2Fsubsystem%2Fvfio%2Fsubsystem" "Mozilla/5.0 AppleWebKit/537.36 (KHTML, like Gecko; compatible; GPTBot/1.4; +https://openai.com/gptbot)"
74.7.227.160 - - [01/Jul/2026:16:05:42 +0545] "GET /test-post-title-16/?path=//sys/class/misc/vhost-net/subsystem/vhost-net/subsystem/device-mapper/subsystem/device-mapper/subsystem/cpu_dma_latency/subsystem/vga_arbiter/subsystem/vmci/subsystem HTTP/1.1" 200 18129 "https://ames.ku.edu.np/test-post-title-16/?path=%2F%2Fsys%2Fclass%2Fmisc%2Fvhost-net%2Fsubsystem%2Fvhost-net%2Fsubsystem%2Fdevice-mapper%2Fsubsystem%2Fdevice-mapper%2Fsubsystem%2Fcpu_dma_latency%2Fsubsystem%2Fvga_arbiter%2Fsubsystem%2Fvmci%2Fsubsystem" "Mozilla/5.0 AppleWebKit/537.36 (KHTML, like Gecko; compatible; GPTBot/1.4; +https://openai.com/gptbot)"
74.7.227.160 - - [01/Jul/2026:16:05:43 +0545] "GET /test-post-title-17/?path=//sys/class/misc/vhost-net/subsystem/vhost-net/subsystem/device-mapper/subsystem/cpu_dma_latency/subsystem/mcelog/subsystem/vhost-vsock/subsystem/loop-control/subsystem HTTP/1.1" 200 18136 "https://ames.ku.edu.np/test-post-title-17/?path=%2F%2Fsys%2Fclass%2Fmisc%2Fvhost-net%2Fsubsystem%2Fvhost-net%2Fsubsystem%2Fdevice-mapper%2Fsubsystem%2Fcpu_dma_latency%2Fsubsystem%2Fmcelog%2Fsubsystem%2Fvhost-vsock%2Fsubsystem%2Floop-control%2Fsubsystem" "Mozilla/5.0 AppleWebKit/537.36 (KHTML, like Gecko; compatible; GPTBot/1.4; +https://openai.com/gptbot)"
216.73.216.220 - - [01/Jul/2026:16:05:43 +0545] "GET /category/casino/page/15/?path=%2Fhome%2Fames%2Fpublic_html%2Fwww.0bd6c8cffae63a8bd90227ba7638825f.com HTTP/1.1" 200 20951 "-" "Mozilla/5.0 AppleWebKit/537.36 (KHTML, like Gecko; compatible; ClaudeBot/1.0; +claudebot@anthropic.com)"
74.7.227.160 - - [01/Jul/2026:16:05:45 +0545] "GET /test-post-title-16/?path=//sys/class/misc/vhost-net/subsystem/vhost-net/subsystem/device-mapper/subsystem/device-mapper/subsystem/cpu_dma_latency/subsystem/vga_arbiter/subsystem/tun/subsystem HTTP/1.1" 200 18128 "https://ames.ku.edu.np/test-post-title-16/?path=%2F%2Fsys%2Fclass%2Fmisc%2Fvhost-net%2Fsubsystem%2Fvhost-net%2Fsubsystem%2Fdevice-mapper%2Fsubsystem%2Fdevice-mapper%2Fsubsystem%2Fcpu_dma_latency%2Fsubsystem%2Fvga_arbiter%2Fsubsystem%2Ftun%2Fsubsystem" "Mozilla/5.0 AppleWebKit/537.36 (KHTML, like Gecko; compatible; GPTBot/1.4; +https://openai.com/gptbot)"
74.7.227.160 - - [01/Jul/2026:16:05:46 +0545] "GET /test-post-title-17/?path=%2F%2Fsys%2Fclass%2Fmisc%2Fvhost-net%2Fsubsystem%2Fvhost-net%2Fsubsystem%2Fdevice-mapper%2Fsubsystem%2Fcpu_dma_latency%2Fsubsystem%2Fmcelog%2Fsubsystem%2Fvhost-vsock%2Fsubsystem%2Fvhost-vsock%2Fsubsystem HTTP/1.1" 200 18124 "https://ames.ku.edu.np/test-post-title-17/?path=%2F%2Fsys%2Fclass%2Fmisc%2Fvhost-net%2Fsubsystem%2Fvhost-net%2Fsubsystem%2Fdevice-mapper%2Fsubsystem%2Fcpu_dma_latency%2Fsubsystem%2Fmcelog%2Fsubsystem%2Fvhost-vsock%2Fsubsystem%2Fvhost-vsock" "Mozilla/5.0 AppleWebKit/537.36 (KHTML, like Gecko; compatible; GPTBot/1.4; +https://openai.com/gptbot)"
74.7.227.160 - - [01/Jul/2026:16:05:48 +0545] "GET /test-post-title-16/?path=//sys/class/misc/vhost-net/subsystem/vhost-net/subsystem/device-mapper/subsystem/device-mapper/subsystem/cpu_dma_latency/subsystem/hw_random/subsystem/iommu/subsystem HTTP/1.1" 200 18124 "https://ames.ku.edu.np/test-post-title-16/?path=%2F%2Fsys%2Fclass%2Fmisc%2Fvhost-net%2Fsubsystem%2Fvhost-net%2Fsubsystem%2Fdevice-mapper%2Fsubsystem%2Fdevice-mapper%2Fsubsystem%2Fcpu_dma_latency%2Fsubsystem%2Fhw_random%2Fsubsystem%2Fiommu%2Fsubsystem" "Mozilla/5.0 AppleWebKit/537.36 (KHTML, like Gecko; compatible; GPTBot/1.4; +https://openai.com/gptbot)"
74.7.227.160 - - [01/Jul/2026:16:05:49 +0545] "GET /test-post-title-16/?path=%2F%2Fsys%2Fclass%2Fmisc%2Fvhost-net%2Fsubsystem%2Fvhost-net%2Fsubsystem%2Fdevice-mapper%2Fsubsystem%2Fdevice-mapper%2Fsubsystem%2Fcpu_dma_latency%2Fsubsystem%2Fvga_arbiter%2Fsubsystem%2Fiommu%2Fsubsystem HTTP/1.1" 200 18129 "https://ames.ku.edu.np/test-post-title-16/?path=%2F%2Fsys%2Fclass%2Fmisc%2Fvhost-net%2Fsubsystem%2Fvhost-net%2Fsubsystem%2Fdevice-mapper%2Fsubsystem%2Fdevice-mapper%2Fsubsystem%2Fcpu_dma_latency%2Fsubsystem%2Fvga_arbiter%2Fsubsystem%2Fiommu" "Mozilla/5.0 AppleWebKit/537.36 (KHTML, like Gecko; compatible; GPTBot/1.4; +https://openai.com/gptbot)"
74.7.227.160 - - [01/Jul/2026:16:05:50 +0545] "GET /test-post-title-16/?path=//sys/class/misc/vhost-net/subsystem/vhost-net/subsystem/device-mapper/subsystem/device-mapper/subsystem/cpu_dma_latency/subsystem/vga_arbiter/subsystem/vsock/subsystem HTTP/1.1" 200 18136 "https://ames.ku.edu.np/test-post-title-16/?path=%2F%2Fsys%2Fclass%2Fmisc%2Fvhost-net%2Fsubsystem%2Fvhost-net%2Fsubsystem%2Fdevice-mapper%2Fsubsystem%2Fdevice-mapper%2Fsubsystem%2Fcpu_dma_latency%2Fsubsystem%2Fvga_arbiter%2Fsubsystem%2Fvsock%2Fsubsystem" "Mozilla/5.0 AppleWebKit/537.36 (KHTML, like Gecko; compatible; GPTBot/1.4; +https://openai.com/gptbot)"
74.7.227.160 - - [01/Jul/2026:16:05:52 +0545] "GET /test-post-title-17/?path=//sys/class/misc/vhost-net/subsystem/vhost-net/subsystem/device-mapper/subsystem/cpu_dma_latency/subsystem/mcelog/subsystem/vhost-vsock/subsystem/vga_arbiter/subsystem HTTP/1.1" 200 18136 "https://ames.ku.edu.np/test-post-title-17/?path=%2F%2Fsys%2Fclass%2Fmisc%2Fvhost-net%2Fsubsystem%2Fvhost-net%2Fsubsystem%2Fdevice-mapper%2Fsubsystem%2Fcpu_dma_latency%2Fsubsystem%2Fmcelog%2Fsubsystem%2Fvhost-vsock%2Fsubsystem%2Fvga_arbiter%2Fsubsystem" "Mozilla/5.0 AppleWebKit/537.36 (KHTML, like Gecko; compatible; GPTBot/1.4; +https://openai.com/gptbot)"
74.7.227.160 - - [01/Jul/2026:16:05:53 +0545] "GET /test-post-title-17/?path=%2F%2Fsys%2Fclass%2Fmisc%2Fvhost-net%2Fsubsystem%2Fvhost-net%2Fsubsystem%2Fdevice-mapper%2Fsubsystem%2Fcpu_dma_latency%2Fsubsystem%2Fmcelog%2Fsubsystem%2Fvhost-vsock%2Fsubsystem%2Fvga_arbiter%2Fsubsystem%2Fxen%21xenbus HTTP/1.1" 200 17981 "https://ames.ku.edu.np/test-post-title-17/?path=%2F%2Fsys%2Fclass%2Fmisc%2Fvhost-net%2Fsubsystem%2Fvhost-net%2Fsubsystem%2Fdevice-mapper%2Fsubsystem%2Fcpu_dma_latency%2Fsubsystem%2Fmcelog%2Fsubsystem%2Fvhost-vsock%2Fsubsystem%2Fvga_arbiter%2Fsubsystem" "Mozilla/5.0 AppleWebKit/537.36 (KHTML, like Gecko; compatible; GPTBot/1.4; +https://openai.com/gptbot)"
74.7.227.160 - - [01/Jul/2026:16:05:54 +0545] "GET /test-post-title-16/?path=%2F%2Fsys%2Fclass%2Fmisc%2Fvhost-net%2Fsubsystem%2Fvhost-net%2Fsubsystem%2Fdevice-mapper%2Fsubsystem%2Fdevice-mapper%2Fsubsystem%2Fcpu_dma_latency%2Fsubsystem%2Fhw_random%2Fsubsystem%2Fvga_arbiter%2Fpower HTTP/1.1" 200 17979 "https://ames.ku.edu.np/test-post-title-16/?path=%2F%2Fsys%2Fclass%2Fmisc%2Fvhost-net%2Fsubsystem%2Fvhost-net%2Fsubsystem%2Fdevice-mapper%2Fsubsystem%2Fdevice-mapper%2Fsubsystem%2Fcpu_dma_latency%2Fsubsystem%2Fhw_random%2Fsubsystem%2Fvga_arbiter" "Mozilla/5.0 AppleWebKit/537.36 (KHTML, like Gecko; compatible; GPTBot/1.4; +https://openai.com/gptbot)"
74.7.227.160 - - [01/Jul/2026:16:05:55 +0545] "GET /test-post-title-16/?path=%2F%2Fsys%2Fclass%2Fmisc%2Fvhost-net%2Fsubsystem%2Fvhost-net%2Fsubsystem%2Fdevice-mapper%2Fsubsystem%2Fdevice-mapper%2Fsubsystem%2Fcpu_dma_latency%2Fsubsystem%2Fvga_arbiter%2Fsubsystem%2Fhw_random%2Fpower HTTP/1.1" 200 17981 "https://ames.ku.edu.np/test-post-title-16/?path=%2F%2Fsys%2Fclass%2Fmisc%2Fvhost-net%2Fsubsystem%2Fvhost-net%2Fsubsystem%2Fdevice-mapper%2Fsubsystem%2Fdevice-mapper%2Fsubsystem%2Fcpu_dma_latency%2Fsubsystem%2Fvga_arbiter%2Fsubsystem%2Fhw_random" "Mozilla/5.0 AppleWebKit/537.36 (KHTML, like Gecko; compatible; GPTBot/1.4; +https://openai.com/gptbot)"
74.7.227.160 - - [01/Jul/2026:16:05:57 +0545] "GET /test-post-title-16/?path=%2F%2Fsys%2Fclass%2Fmisc%2Fvhost-net%2Fsubsystem%2Fvhost-net%2Fsubsystem%2Fdevice-mapper%2Fsubsystem%2Fdevice-mapper%2Fsubsystem%2Fcpu_dma_latency%2Fsubsystem%2Fhw_random%2Fsubsystem%2Floop-control%2Fpower HTTP/1.1" 200 17979 "https://ames.ku.edu.np/test-post-title-16/?path=%2F%2Fsys%2Fclass%2Fmisc%2Fvhost-net%2Fsubsystem%2Fvhost-net%2Fsubsystem%2Fdevice-mapper%2Fsubsystem%2Fdevice-mapper%2Fsubsystem%2Fcpu_dma_latency%2Fsubsystem%2Fhw_random%2Fsubsystem%2Floop-control" "Mozilla/5.0 AppleWebKit/537.36 (KHTML, like Gecko; compatible; GPTBot/1.4; +https://openai.com/gptbot)"
74.7.227.160 - - [01/Jul/2026:16:05:58 +0545] "GET /test-post-title-16/?path=%2F%2Fsys%2Fclass%2Fmisc%2Fvhost-net%2Fsubsystem%2Fvhost-net%2Fsubsystem%2Fdevice-mapper%2Fsubsystem%2Fdevice-mapper%2Fsubsystem%2Fcpu_dma_latency%2Fsubsystem%2Fvga_arbiter%2Fsubsystem%2Fudmabuf%2Fsubsystem HTTP/1.1" 200 18131 "https://ames.ku.edu.np/test-post-title-16/?path=%2F%2Fsys%2Fclass%2Fmisc%2Fvhost-net%2Fsubsystem%2Fvhost-net%2Fsubsystem%2Fdevice-mapper%2Fsubsystem%2Fdevice-mapper%2Fsubsystem%2Fcpu_dma_latency%2Fsubsystem%2Fvga_arbiter%2Fsubsystem%2Fudmabuf" "Mozilla/5.0 AppleWebKit/537.36 (KHTML, like Gecko; compatible; GPTBot/1.4; +https://openai.com/gptbot)"
74.7.227.160 - - [01/Jul/2026:16:05:59 +0545] "GET /test-post-title-16/?path=%2F%2Fsys%2Fclass%2Fmisc%2Fvhost-net%2Fsubsystem%2Fvhost-net%2Fsubsystem%2Fdevice-mapper%2Fsubsystem%2Fdevice-mapper%2Fsubsystem%2Fcpu_dma_latency%2Fsubsystem%2Fvga_arbiter%2Fsubsystem%2Fvhost-vsock%2Fsubsystem HTTP/1.1" 200 18137 "https://ames.ku.edu.np/test-post-title-16/?path=%2F%2Fsys%2Fclass%2Fmisc%2Fvhost-net%2Fsubsystem%2Fvhost-net%2Fsubsystem%2Fdevice-mapper%2Fsubsystem%2Fdevice-mapper%2Fsubsystem%2Fcpu_dma_latency%2Fsubsystem%2Fvga_arbiter%2Fsubsystem%2Fvhost-vsock" "Mozilla/5.0 AppleWebKit/537.36 (KHTML, like Gecko; compatible; GPTBot/1.4; +https://openai.com/gptbot)"
74.7.227.160 - - [01/Jul/2026:16:06:01 +0545] "GET /test-post-title-17/?path=%2F%2Fsys%2Fclass%2Fmisc%2Fvhost-net%2Fsubsystem%2Fvhost-net%2Fsubsystem%2Fdevice-mapper%2Fsubsystem%2Fcpu_dma_latency%2Fsubsystem%2Fmcelog%2Fsubsystem%2Fvhost-vsock%2Fsubsystem%2Fvhost-vsock%2Fsubsystem%2Fvga_arbiter HTTP/1.1" 200 17955 "https://ames.ku.edu.np/test-post-title-17/?path=%2F%2Fsys%2Fclass%2Fmisc%2Fvhost-net%2Fsubsystem%2Fvhost-net%2Fsubsystem%2Fdevice-mapper%2Fsubsystem%2Fcpu_dma_latency%2Fsubsystem%2Fmcelog%2Fsubsystem%2Fvhost-vsock%2Fsubsystem%2Fvhost-vsock%2Fsubsystem" "Mozilla/5.0 AppleWebKit/537.36 (KHTML, like Gecko; compatible; GPTBot/1.4; +https://openai.com/gptbot)"
74.7.227.160 - - [01/Jul/2026:16:06:02 +0545] "GET /test-post-title-17/?path=//sys/class/misc/vhost-net/subsystem/vhost-net/subsystem/device-mapper/subsystem/cpu_dma_latency/subsystem/mcelog/subsystem/vhost-vsock/subsystem/vhost-vsock/subsystem HTTP/1.1" 200 18124 "https://ames.ku.edu.np/test-post-title-17/?path=%2F%2Fsys%2Fclass%2Fmisc%2Fvhost-net%2Fsubsystem%2Fvhost-net%2Fsubsystem%2Fdevice-mapper%2Fsubsystem%2Fcpu_dma_latency%2Fsubsystem%2Fmcelog%2Fsubsystem%2Fvhost-vsock%2Fsubsystem%2Fvhost-vsock%2Fsubsystem" "Mozilla/5.0 AppleWebKit/537.36 (KHTML, like Gecko; compatible; GPTBot/1.4; +https://openai.com/gptbot)"
74.7.227.160 - - [01/Jul/2026:16:06:03 +0545] "GET /test-post-title-16/?path=//sys/class/misc/vhost-net/subsystem/vhost-net/subsystem/device-mapper/subsystem/device-mapper/subsystem/cpu_dma_latency/subsystem/vga_arbiter/subsystem/iommu/subsystem HTTP/1.1" 200 18129 "https://ames.ku.edu.np/test-post-title-16/?path=%2F%2Fsys%2Fclass%2Fmisc%2Fvhost-net%2Fsubsystem%2Fvhost-net%2Fsubsystem%2Fdevice-mapper%2Fsubsystem%2Fdevice-mapper%2Fsubsystem%2Fcpu_dma_latency%2Fsubsystem%2Fvga_arbiter%2Fsubsystem%2Fiommu%2Fsubsystem" "Mozilla/5.0 AppleWebKit/537.36 (KHTML, like Gecko; compatible; GPTBot/1.4; +https://openai.com/gptbot)"
74.7.227.160 - - [01/Jul/2026:16:06:05 +0545] "GET /test-post-title-16/?path=%2F%2Fsys%2Fclass%2Fmisc%2Fvhost-net%2Fsubsystem%2Fvhost-net%2Fsubsystem%2Fdevice-mapper%2Fsubsystem%2Fdevice-mapper%2Fsubsystem%2Fcpu_dma_latency%2Fsubsystem%2Fhw_random%2Fsubsystem%2Fvsock%2Fsubsystem HTTP/1.1" 200 18128 "https://ames.ku.edu.np/test-post-title-16/?path=%2F%2Fsys%2Fclass%2Fmisc%2Fvhost-net%2Fsubsystem%2Fvhost-net%2Fsubsystem%2Fdevice-mapper%2Fsubsystem%2Fdevice-mapper%2Fsubsystem%2Fcpu_dma_latency%2Fsubsystem%2Fhw_random%2Fsubsystem%2Fvsock" "Mozilla/5.0 AppleWebKit/537.36 (KHTML, like Gecko; compatible; GPTBot/1.4; +https://openai.com/gptbot)"
74.7.227.160 - - [01/Jul/2026:16:06:06 +0545] "GET /test-post-title-16/?path=%2F%2Fsys%2Fclass%2Fmisc%2Fvhost-net%2Fsubsystem%2Fvhost-net%2Fsubsystem%2Fdevice-mapper%2Fsubsystem%2Fdevice-mapper%2Fsubsystem%2Fcpu_dma_latency%2Fsubsystem%2Fhw_random%2Fsubsystem%2Fudmabuf%2Fsubsystem HTTP/1.1" 200 18130 "https://ames.ku.edu.np/test-post-title-16/?path=%2F%2Fsys%2Fclass%2Fmisc%2Fvhost-net%2Fsubsystem%2Fvhost-net%2Fsubsystem%2Fdevice-mapper%2Fsubsystem%2Fdevice-mapper%2Fsubsystem%2Fcpu_dma_latency%2Fsubsystem%2Fhw_random%2Fsubsystem%2Fudmabuf" "Mozilla/5.0 AppleWebKit/537.36 (KHTML, like Gecko; compatible; GPTBot/1.4; +https://openai.com/gptbot)"
74.7.227.160 - - [01/Jul/2026:16:06:07 +0545] "GET /test-post-title-17/?path=//sys/class/misc/vhost-net/subsystem/vhost-net/subsystem/device-mapper/subsystem/cpu_dma_latency/subsystem/mcelog/subsystem/vhost-vsock/subsystem/vga_arbiter/subsystem/xen!xenbus HTTP/1.1" 200 17981 "https://ames.ku.edu.np/test-post-title-17/?path=%2F%2Fsys%2Fclass%2Fmisc%2Fvhost-net%2Fsubsystem%2Fvhost-net%2Fsubsystem%2Fdevice-mapper%2Fsubsystem%2Fcpu_dma_latency%2Fsubsystem%2Fmcelog%2Fsubsystem%2Fvhost-vsock%2Fsubsystem%2Fvga_arbiter%2Fsubsystem%2Fxen%21xenbus" "Mozilla/5.0 AppleWebKit/537.36 (KHTML, like Gecko; compatible; GPTBot/1.4; +https://openai.com/gptbot)"
74.7.227.160 - - [01/Jul/2026:16:06:08 +0545] "GET /test-post-title-16/?path=//sys/class/misc/vhost-net/subsystem/vhost-net/subsystem/device-mapper/subsystem/device-mapper/subsystem/cpu_dma_latency/subsystem/hw_random/subsystem/vga_arbiter/power HTTP/1.1" 200 17979 "https://ames.ku.edu.np/test-post-title-16/?path=%2F%2Fsys%2Fclass%2Fmisc%2Fvhost-net%2Fsubsystem%2Fvhost-net%2Fsubsystem%2Fdevice-mapper%2Fsubsystem%2Fdevice-mapper%2Fsubsystem%2Fcpu_dma_latency%2Fsubsystem%2Fhw_random%2Fsubsystem%2Fvga_arbiter%2Fpower" "Mozilla/5.0 AppleWebKit/537.36 (KHTML, like Gecko; compatible; GPTBot/1.4; +https://openai.com/gptbot)"
74.7.227.160 - - [01/Jul/2026:16:06:09 +0545] "GET /test-post-title-16/?path=//sys/class/misc/vhost-net/subsystem/vhost-net/subsystem/device-mapper/subsystem/device-mapper/subsystem/cpu_dma_latency/subsystem/vga_arbiter/subsystem/hw_random/power HTTP/1.1" 200 17981 "https://ames.ku.edu.np/test-post-title-16/?path=%2F%2Fsys%2Fclass%2Fmisc%2Fvhost-net%2Fsubsystem%2Fvhost-net%2Fsubsystem%2Fdevice-mapper%2Fsubsystem%2Fdevice-mapper%2Fsubsystem%2Fcpu_dma_latency%2Fsubsystem%2Fvga_arbiter%2Fsubsystem%2Fhw_random%2Fpower" "Mozilla/5.0 AppleWebKit/537.36 (KHTML, like Gecko; compatible; GPTBot/1.4; +https://openai.com/gptbot)"
74.7.227.160 - - [01/Jul/2026:16:06:11 +0545] "GET /test-post-title-16/?path=//sys/class/misc/vhost-net/subsystem/vhost-net/subsystem/device-mapper/subsystem/device-mapper/subsystem/cpu_dma_latency/subsystem/hw_random/subsystem/loop-control/power HTTP/1.1" 200 17979 "https://ames.ku.edu.np/test-post-title-16/?path=%2F%2Fsys%2Fclass%2Fmisc%2Fvhost-net%2Fsubsystem%2Fvhost-net%2Fsubsystem%2Fdevice-mapper%2Fsubsystem%2Fdevice-mapper%2Fsubsystem%2Fcpu_dma_latency%2Fsubsystem%2Fhw_random%2Fsubsystem%2Floop-control%2Fpower" "Mozilla/5.0 AppleWebKit/537.36 (KHTML, like Gecko; compatible; GPTBot/1.4; +https://openai.com/gptbot)"
74.7.227.160 - - [01/Jul/2026:16:06:12 +0545] "GET /test-post-title-16/?path=//sys/class/misc/vhost-net/subsystem/vhost-net/subsystem/device-mapper/subsystem/device-mapper/subsystem/cpu_dma_latency/subsystem/vga_arbiter/subsystem/udmabuf/subsystem HTTP/1.1" 200 18131 "https://ames.ku.edu.np/test-post-title-16/?path=%2F%2Fsys%2Fclass%2Fmisc%2Fvhost-net%2Fsubsystem%2Fvhost-net%2Fsubsystem%2Fdevice-mapper%2Fsubsystem%2Fdevice-mapper%2Fsubsystem%2Fcpu_dma_latency%2Fsubsystem%2Fvga_arbiter%2Fsubsystem%2Fudmabuf%2Fsubsystem" "Mozilla/5.0 AppleWebKit/537.36 (KHTML, like Gecko; compatible; GPTBot/1.4; +https://openai.com/gptbot)"
216.73.216.220 - - [01/Jul/2026:16:06:13 +0545] "GET /casino-oyunlarnda-strateji-ve-baar-18-2/?path=%2Fhome%2Fames%2Fpublic_html%2Fwww.a4c8c4e560b7eae94cd5f097ac930459.com HTTP/1.1" 200 20208 "-" "Mozilla/5.0 AppleWebKit/537.36 (KHTML, like Gecko; compatible; ClaudeBot/1.0; +claudebot@anthropic.com)"
74.7.227.160 - - [01/Jul/2026:16:06:13 +0545] "GET /test-post-title-16/?path=//sys/class/misc/vhost-net/subsystem/vhost-net/subsystem/device-mapper/subsystem/device-mapper/subsystem/cpu_dma_latency/subsystem/vga_arbiter/subsystem/vhost-vsock/subsystem HTTP/1.1" 200 18137 "https://ames.ku.edu.np/test-post-title-16/?path=%2F%2Fsys%2Fclass%2Fmisc%2Fvhost-net%2Fsubsystem%2Fvhost-net%2Fsubsystem%2Fdevice-mapper%2Fsubsystem%2Fdevice-mapper%2Fsubsystem%2Fcpu_dma_latency%2Fsubsystem%2Fvga_arbiter%2Fsubsystem%2Fvhost-vsock%2Fsubsystem" "Mozilla/5.0 AppleWebKit/537.36 (KHTML, like Gecko; compatible; GPTBot/1.4; +https://openai.com/gptbot)"
74.7.227.160 - - [01/Jul/2026:16:06:15 +0545] "GET /test-post-title-17/?path=//sys/class/misc/vhost-net/subsystem/vhost-net/subsystem/device-mapper/subsystem/cpu_dma_latency/subsystem/mcelog/subsystem/vhost-vsock/subsystem/vhost-vsock/subsystem/vga_arbiter HTTP/1.1" 200 17955 "https://ames.ku.edu.np/test-post-title-17/?path=%2F%2Fsys%2Fclass%2Fmisc%2Fvhost-net%2Fsubsystem%2Fvhost-net%2Fsubsystem%2Fdevice-mapper%2Fsubsystem%2Fcpu_dma_latency%2Fsubsystem%2Fmcelog%2Fsubsystem%2Fvhost-vsock%2Fsubsystem%2Fvhost-vsock%2Fsubsystem%2Fvga_arbiter" "Mozilla/5.0 AppleWebKit/537.36 (KHTML, like Gecko; compatible; GPTBot/1.4; +https://openai.com/gptbot)"
74.7.227.160 - - [01/Jul/2026:16:06:16 +0545] "GET /test-post-title-16/?path=%2F%2Fsys%2Fclass%2Fmisc%2Fvhost-net%2Fsubsystem%2Fvhost-net%2Fsubsystem%2Fdevice-mapper%2Fsubsystem%2Fdevice-mapper%2Fsubsystem%2Fcpu_dma_latency%2Fsubsystem%2Fhw_random%2Fsubsystem%2Floop-control%2Fsubsystem HTTP/1.1" 200 18130 "https://ames.ku.edu.np/test-post-title-16/?path=%2F%2Fsys%2Fclass%2Fmisc%2Fvhost-net%2Fsubsystem%2Fvhost-net%2Fsubsystem%2Fdevice-mapper%2Fsubsystem%2Fdevice-mapper%2Fsubsystem%2Fcpu_dma_latency%2Fsubsystem%2Fhw_random%2Fsubsystem%2Floop-control" "Mozilla/5.0 AppleWebKit/537.36 (KHTML, like Gecko; compatible; GPTBot/1.4; +https://openai.com/gptbot)"
74.7.227.160 - - [01/Jul/2026:16:06:17 +0545] "GET /test-post-title-16/?path=%2F%2Fsys%2Fclass%2Fmisc%2Fvhost-net%2Fsubsystem%2Fvhost-net%2Fsubsystem%2Fdevice-mapper%2Fsubsystem%2Fdevice-mapper%2Fsubsystem%2Fcpu_dma_latency%2Fsubsystem%2Fvga_arbiter%2Fsubsystem%2Fsnapshot%2Fpower HTTP/1.1" 200 17978 "https://ames.ku.edu.np/test-post-title-16/?path=%2F%2Fsys%2Fclass%2Fmisc%2Fvhost-net%2Fsubsystem%2Fvhost-net%2Fsubsystem%2Fdevice-mapper%2Fsubsystem%2Fdevice-mapper%2Fsubsystem%2Fcpu_dma_latency%2Fsubsystem%2Fvga_arbiter%2Fsubsystem%2Fsnapshot" "Mozilla/5.0 AppleWebKit/537.36 (KHTML, like Gecko; compatible; GPTBot/1.4; +https://openai.com/gptbot)"
74.7.227.160 - - [01/Jul/2026:16:06:18 +0545] "GET /test-post-title-16/?path=//sys/class/misc/vhost-net/subsystem/vhost-net/subsystem/device-mapper/subsystem/device-mapper/subsystem/cpu_dma_latency/subsystem/hw_random/subsystem/vsock/subsystem HTTP/1.1" 200 18128 "https://ames.ku.edu.np/test-post-title-16/?path=%2F%2Fsys%2Fclass%2Fmisc%2Fvhost-net%2Fsubsystem%2Fvhost-net%2Fsubsystem%2Fdevice-mapper%2Fsubsystem%2Fdevice-mapper%2Fsubsystem%2Fcpu_dma_latency%2Fsubsystem%2Fhw_random%2Fsubsystem%2Fvsock%2Fsubsystem" "Mozilla/5.0 AppleWebKit/537.36 (KHTML, like Gecko; compatible; GPTBot/1.4; +https://openai.com/gptbot)"
74.7.227.160 - - [01/Jul/2026:16:06:20 +0545] "GET /test-post-title-16/?path=//sys/class/misc/vhost-net/subsystem/vhost-net/subsystem/device-mapper/subsystem/device-mapper/subsystem/cpu_dma_latency/subsystem/hw_random/subsystem/udmabuf/subsystem HTTP/1.1" 200 18130 "https://ames.ku.edu.np/test-post-title-16/?path=%2F%2Fsys%2Fclass%2Fmisc%2Fvhost-net%2Fsubsystem%2Fvhost-net%2Fsubsystem%2Fdevice-mapper%2Fsubsystem%2Fdevice-mapper%2Fsubsystem%2Fcpu_dma_latency%2Fsubsystem%2Fhw_random%2Fsubsystem%2Fudmabuf%2Fsubsystem" "Mozilla/5.0 AppleWebKit/537.36 (KHTML, like Gecko; compatible; GPTBot/1.4; +https://openai.com/gptbot)"
74.7.227.160 - - [01/Jul/2026:16:06:21 +0545] "GET /test-post-title-16/?path=%2F%2Fsys%2Fclass%2Fmisc%2Fvhost-net%2Fsubsystem%2Fvhost-net%2Fsubsystem%2Fdevice-mapper%2Fsubsystem%2Fdevice-mapper%2Fsubsystem%2Fcpu_dma_latency%2Fsubsystem%2Fvga_arbiter%2Fsubsystem%2Floop-control%2Fsubsystem HTTP/1.1" 200 18130 "https://ames.ku.edu.np/test-post-title-16/?path=%2F%2Fsys%2Fclass%2Fmisc%2Fvhost-net%2Fsubsystem%2Fvhost-net%2Fsubsystem%2Fdevice-mapper%2Fsubsystem%2Fdevice-mapper%2Fsubsystem%2Fcpu_dma_latency%2Fsubsystem%2Fvga_arbiter%2Fsubsystem%2Floop-control" "Mozilla/5.0 AppleWebKit/537.36 (KHTML, like Gecko; compatible; GPTBot/1.4; +https://openai.com/gptbot)"
74.7.227.160 - - [01/Jul/2026:16:06:22 +0545] "GET /test-post-title-16/?path=%2F%2Fsys%2Fclass%2Fmisc%2Fvhost-net%2Fsubsystem%2Fvhost-net%2Fsubsystem%2Fdevice-mapper%2Fsubsystem%2Fdevice-mapper%2Fsubsystem%2Fcpu_dma_latency%2Fsubsystem%2Fhw_random%2Fsubsystem%2Fmcelog%2Fsubsystem HTTP/1.1" 200 18125 "https://ames.ku.edu.np/test-post-title-16/?path=%2F%2Fsys%2Fclass%2Fmisc%2Fvhost-net%2Fsubsystem%2Fvhost-net%2Fsubsystem%2Fdevice-mapper%2Fsubsystem%2Fdevice-mapper%2Fsubsystem%2Fcpu_dma_latency%2Fsubsystem%2Fhw_random%2Fsubsystem%2Fmcelog" "Mozilla/5.0 AppleWebKit/537.36 (KHTML, like Gecko; compatible; GPTBot/1.4; +https://openai.com/gptbot)"
74.7.227.160 - - [01/Jul/2026:16:06:23 +0545] "GET /test-post-title-16/?path=%2F%2Fsys%2Fclass%2Fmisc%2Fvhost-net%2Fsubsystem%2Fvhost-net%2Fsubsystem%2Fdevice-mapper%2Fsubsystem%2Fdevice-mapper%2Fsubsystem%2Fcpu_dma_latency%2Fsubsystem%2Fvga_arbiter%2Fsubsystem%2Fhw_random%2Fsubsystem HTTP/1.1" 200 18130 "https://ames.ku.edu.np/test-post-title-16/?path=%2F%2Fsys%2Fclass%2Fmisc%2Fvhost-net%2Fsubsystem%2Fvhost-net%2Fsubsystem%2Fdevice-mapper%2Fsubsystem%2Fdevice-mapper%2Fsubsystem%2Fcpu_dma_latency%2Fsubsystem%2Fvga_arbiter%2Fsubsystem%2Fhw_random" "Mozilla/5.0 AppleWebKit/537.36 (KHTML, like Gecko; compatible; GPTBot/1.4; +https://openai.com/gptbot)"
74.7.227.160 - - [01/Jul/2026:16:06:25 +0545] "GET /test-post-title-16/?path=%2F%2Fsys%2Fclass%2Fmisc%2Fvhost-net%2Fsubsystem%2Fvhost-net%2Fsubsystem%2Fdevice-mapper%2Fsubsystem%2Fdevice-mapper%2Fsubsystem%2Fcpu_dma_latency%2Fsubsystem%2Fhw_random%2Fsubsystem%2Fvga_arbiter%2Fsubsystem HTTP/1.1" 200 18131 "https://ames.ku.edu.np/test-post-title-16/?path=%2F%2Fsys%2Fclass%2Fmisc%2Fvhost-net%2Fsubsystem%2Fvhost-net%2Fsubsystem%2Fdevice-mapper%2Fsubsystem%2Fdevice-mapper%2Fsubsystem%2Fcpu_dma_latency%2Fsubsystem%2Fhw_random%2Fsubsystem%2Fvga_arbiter" "Mozilla/5.0 AppleWebKit/537.36 (KHTML, like Gecko; compatible; GPTBot/1.4; +https://openai.com/gptbot)"
74.7.227.160 - - [01/Jul/2026:16:06:26 +0545] "GET /test-post-title-16/?path=%2F%2Fsys%2Fclass%2Fmisc%2Fvhost-net%2Fsubsystem%2Fvhost-net%2Fsubsystem%2Fdevice-mapper%2Fsubsystem%2Fdevice-mapper%2Fsubsystem%2Fcpu_dma_latency%2Fsubsystem%2Fhw_random%2Fsubsystem%2Fvhost-vsock%2Fsubsystem HTTP/1.1" 200 18131 "https://ames.ku.edu.np/test-post-title-16/?path=%2F%2Fsys%2Fclass%2Fmisc%2Fvhost-net%2Fsubsystem%2Fvhost-net%2Fsubsystem%2Fdevice-mapper%2Fsubsystem%2Fdevice-mapper%2Fsubsystem%2Fcpu_dma_latency%2Fsubsystem%2Fhw_random%2Fsubsystem%2Fvhost-vsock" "Mozilla/5.0 AppleWebKit/537.36 (KHTML, like Gecko; compatible; GPTBot/1.4; +https://openai.com/gptbot)"
74.7.227.160 - - [01/Jul/2026:16:06:27 +0545] "GET /test-post-title-16/?path=%2F%2Fsys%2Fclass%2Fmisc%2Fvhost-net%2Fsubsystem%2Fvhost-net%2Fsubsystem%2Fdevice-mapper%2Fsubsystem%2Fdevice-mapper%2Fsubsystem%2Fcpu_dma_latency%2Fsubsystem%2Fvga_arbiter%2Fsubsystem%2Fmcelog%2Fsubsystem HTTP/1.1" 200 18128 "https://ames.ku.edu.np/test-post-title-16/?path=%2F%2Fsys%2Fclass%2Fmisc%2Fvhost-net%2Fsubsystem%2Fvhost-net%2Fsubsystem%2Fdevice-mapper%2Fsubsystem%2Fdevice-mapper%2Fsubsystem%2Fcpu_dma_latency%2Fsubsystem%2Fvga_arbiter%2Fsubsystem%2Fmcelog" "Mozilla/5.0 AppleWebKit/537.36 (KHTML, like Gecko; compatible; GPTBot/1.4; +https://openai.com/gptbot)"
74.7.227.160 - - [01/Jul/2026:16:06:29 +0545] "GET /test-post-title-16/?path=%2F%2Fsys%2Fclass%2Fmisc%2Fvhost-net%2Fsubsystem%2Fvhost-net%2Fsubsystem%2Fdevice-mapper%2Fsubsystem%2Fdevice-mapper%2Fsubsystem%2Fcpu_dma_latency%2Fsubsystem%2Fhw_random%2Fsubsystem%2Fsnapshot%2Fsubsystem HTTP/1.1" 200 18126 "https://ames.ku.edu.np/test-post-title-16/?path=%2F%2Fsys%2Fclass%2Fmisc%2Fvhost-net%2Fsubsystem%2Fvhost-net%2Fsubsystem%2Fdevice-mapper%2Fsubsystem%2Fdevice-mapper%2Fsubsystem%2Fcpu_dma_latency%2Fsubsystem%2Fhw_random%2Fsubsystem%2Fsnapshot" "Mozilla/5.0 AppleWebKit/537.36 (KHTML, like Gecko; compatible; GPTBot/1.4; +https://openai.com/gptbot)"
14.162.161.64 - - [01/Jul/2026:16:06:30 +0545] "GET /wild-robin-vrai-avis-votre-guide-honnete-et-realiste/ HTTP/1.1" 200 26463 "https://ames.ku.edu.np/" "Mozilla/5.0 (X11; Ubuntu; Linux x86_64; rv:136.0) Gecko/20100101 Firefox/136.0"
74.7.227.160 - - [01/Jul/2026:16:06:30 +0545] "GET /test-post-title-16/?path=//sys/class/misc/vhost-net/subsystem/vhost-net/subsystem/device-mapper/subsystem/device-mapper/subsystem/cpu_dma_latency/subsystem/hw_random/subsystem/loop-control/subsystem HTTP/1.1" 200 18130 "https://ames.ku.edu.np/test-post-title-16/?path=%2F%2Fsys%2Fclass%2Fmisc%2Fvhost-net%2Fsubsystem%2Fvhost-net%2Fsubsystem%2Fdevice-mapper%2Fsubsystem%2Fdevice-mapper%2Fsubsystem%2Fcpu_dma_latency%2Fsubsystem%2Fhw_random%2Fsubsystem%2Floop-control%2Fsubsystem" "Mozilla/5.0 AppleWebKit/537.36 (KHTML, like Gecko; compatible; GPTBot/1.4; +https://openai.com/gptbot)"
74.7.227.160 - - [01/Jul/2026:16:06:31 +0545] "GET /test-post-title-16/?path=//sys/class/misc/vhost-net/subsystem/vhost-net/subsystem/device-mapper/subsystem/device-mapper/subsystem/cpu_dma_latency/subsystem/vga_arbiter/subsystem/snapshot/power HTTP/1.1" 200 17978 "https://ames.ku.edu.np/test-post-title-16/?path=%2F%2Fsys%2Fclass%2Fmisc%2Fvhost-net%2Fsubsystem%2Fvhost-net%2Fsubsystem%2Fdevice-mapper%2Fsubsystem%2Fdevice-mapper%2Fsubsystem%2Fcpu_dma_latency%2Fsubsystem%2Fvga_arbiter%2Fsubsystem%2Fsnapshot%2Fpower" "Mozilla/5.0 AppleWebKit/537.36 (KHTML, like Gecko; compatible; GPTBot/1.4; +https://openai.com/gptbot)"
74.7.227.160 - - [01/Jul/2026:16:06:33 +0545] "GET /test-post-title-16/?path=%2F%2Fsys%2Fclass%2Fmisc%2Fvhost-net%2Fsubsystem%2Fvhost-net%2Fsubsystem%2Fdevice-mapper%2Fsubsystem%2Fdevice-mapper%2Fsubsystem%2Fcpu_dma_latency%2Fsubsystem%2Fvga_arbiter%2Fsubsystem%2Fautofs%2Fsubsystem HTTP/1.1" 200 18127 "https://ames.ku.edu.np/test-post-title-16/?path=%2F%2Fsys%2Fclass%2Fmisc%2Fvhost-net%2Fsubsystem%2Fvhost-net%2Fsubsystem%2Fdevice-mapper%2Fsubsystem%2Fdevice-mapper%2Fsubsystem%2Fcpu_dma_latency%2Fsubsystem%2Fvga_arbiter%2Fsubsystem%2Fautofs" "Mozilla/5.0 AppleWebKit/537.36 (KHTML, like Gecko; compatible; GPTBot/1.4; +https://openai.com/gptbot)"
14.162.161.64 - - [01/Jul/2026:16:06:33 +0545] "GET /wp-content/themes/astra/assets/css/minified/style.min.css?ver=4.13.4 HTTP/1.1" 200 11441 "https://ames.ku.edu.np/wild-robin-vrai-avis-votre-guide-honnete-et-realiste/" "Mozilla/5.0 (Windows NT 10.0; Win64; x64) AppleWebKit/537.36 (KHTML, like Gecko) Chrome/149.0.0.0 Safari/537.36"
14.162.161.64 - - [01/Jul/2026:16:06:34 +0545] "GET /wp-includes/css/dist/block-library/style.min.css?ver=6.9.4 HTTP/1.1" 200 14715 "https://ames.ku.edu.np/wild-robin-vrai-avis-votre-guide-honnete-et-realiste/" "Mozilla/5.0 (Windows NT 10.0; Win64; x64) AppleWebKit/537.36 (KHTML, like Gecko) Chrome/149.0.0.0 Safari/537.36"
74.7.227.160 - - [01/Jul/2026:16:06:34 +0545] "GET /test-post-title-16/?path=%2F%2Fsys%2Fclass%2Fmisc%2Fvhost-net%2Fsubsystem%2Fvhost-net%2Fsubsystem%2Fdevice-mapper%2Fsubsystem%2Fdevice-mapper%2Fsubsystem%2Fcpu_dma_latency%2Fsubsystem%2Fvga_arbiter%2Fsubsystem%2Fsnapshot%2Fsubsystem HTTP/1.1" 200 18130 "https://ames.ku.edu.np/test-post-title-16/?path=%2F%2Fsys%2Fclass%2Fmisc%2Fvhost-net%2Fsubsystem%2Fvhost-net%2Fsubsystem%2Fdevice-mapper%2Fsubsystem%2Fdevice-mapper%2Fsubsystem%2Fcpu_dma_latency%2Fsubsystem%2Fvga_arbiter%2Fsubsystem%2Fsnapshot" "Mozilla/5.0 AppleWebKit/537.36 (KHTML, like Gecko; compatible; GPTBot/1.4; +https://openai.com/gptbot)"
14.162.161.64 - - [01/Jul/2026:16:06:35 +0545] "GET /wp-content/plugins/ultimate-member/assets/css/um-modal.min.css?ver=2.12.0 HTTP/1.1" 200 747 "https://ames.ku.edu.np/wild-robin-vrai-avis-votre-guide-honnete-et-realiste/" "Mozilla/5.0 (Windows NT 10.0; Win64; x64) AppleWebKit/537.36 (KHTML, like Gecko) Chrome/149.0.0.0 Safari/537.36"
14.162.161.64 - - [01/Jul/2026:16:06:35 +0545] "GET /wp-content/plugins/ultimate-member/assets/libs/jquery-ui/jquery-ui.min.css?ver=1.13.2 HTTP/1.1" 200 7100 "https://ames.ku.edu.np/wild-robin-vrai-avis-votre-guide-honnete-et-realiste/" "Mozilla/5.0 (Windows NT 10.0; Win64; x64) AppleWebKit/537.36 (KHTML, like Gecko) Chrome/149.0.0.0 Safari/537.36"
74.7.227.160 - - [01/Jul/2026:16:06:35 +0545] "GET /test-post-title-16/?path=//sys/class/misc/vhost-net/subsystem/vhost-net/subsystem/device-mapper/subsystem/device-mapper/subsystem/cpu_dma_latency/subsystem/vga_arbiter/subsystem/loop-control/subsystem HTTP/1.1" 200 18130 "https://ames.ku.edu.np/test-post-title-16/?path=%2F%2Fsys%2Fclass%2Fmisc%2Fvhost-net%2Fsubsystem%2Fvhost-net%2Fsubsystem%2Fdevice-mapper%2Fsubsystem%2Fdevice-mapper%2Fsubsystem%2Fcpu_dma_latency%2Fsubsystem%2Fvga_arbiter%2Fsubsystem%2Floop-control%2Fsubsystem" "Mozilla/5.0 AppleWebKit/537.36 (KHTML, like Gecko; compatible; GPTBot/1.4; +https://openai.com/gptbot)"
14.162.161.64 - - [01/Jul/2026:16:06:36 +0545] "GET /wp-content/plugins/ultimate-member/assets/libs/tipsy/tipsy.min.css?ver=1.0.0a HTTP/1.1" 200 322 "https://ames.ku.edu.np/wild-robin-vrai-avis-votre-guide-honnete-et-realiste/" "Mozilla/5.0 (Windows NT 10.0; Win64; x64) AppleWebKit/537.36 (KHTML, like Gecko) Chrome/149.0.0.0 Safari/537.36"
14.162.161.64 - - [01/Jul/2026:16:06:36 +0545] "GET /wp-content/plugins/ultimate-member/assets/libs/raty/um-raty.min.css?ver=2.6.0 HTTP/1.1" 200 343 "https://ames.ku.edu.np/wild-robin-vrai-avis-votre-guide-honnete-et-realiste/" "Mozilla/5.0 (Windows NT 10.0; Win64; x64) AppleWebKit/537.36 (KHTML, like Gecko) Chrome/149.0.0.0 Safari/537.36"
74.7.227.160 - - [01/Jul/2026:16:06:37 +0545] "GET /test-post-title-16/?path=//sys/class/misc/vhost-net/subsystem/vhost-net/subsystem/device-mapper/subsystem/device-mapper/subsystem/cpu_dma_latency/subsystem/hw_random/subsystem/mcelog/subsystem HTTP/1.1" 200 18125 "https://ames.ku.edu.np/test-post-title-16/?path=%2F%2Fsys%2Fclass%2Fmisc%2Fvhost-net%2Fsubsystem%2Fvhost-net%2Fsubsystem%2Fdevice-mapper%2Fsubsystem%2Fdevice-mapper%2Fsubsystem%2Fcpu_dma_latency%2Fsubsystem%2Fhw_random%2Fsubsystem%2Fmcelog%2Fsubsystem" "Mozilla/5.0 AppleWebKit/537.36 (KHTML, like Gecko; compatible; GPTBot/1.4; +https://openai.com/gptbot)"
14.162.161.64 - - [01/Jul/2026:16:06:37 +0545] "GET /wp-content/plugins/ultimate-member/assets/libs/select2/select2.min.css?ver=4.0.13 HTTP/1.1" 200 1813 "https://ames.ku.edu.np/wild-robin-vrai-avis-votre-guide-honnete-et-realiste/" "Mozilla/5.0 (Windows NT 10.0; Win64; x64) AppleWebKit/537.36 (KHTML, like Gecko) Chrome/149.0.0.0 Safari/537.36"
14.162.161.64 - - [01/Jul/2026:16:06:37 +0545] "GET /wp-content/plugins/ultimate-member/assets/css/um-fileupload.min.css?ver=2.12.0 HTTP/1.1" 200 699 "https://ames.ku.edu.np/wild-robin-vrai-avis-votre-guide-honnete-et-realiste/" "Mozilla/5.0 (Windows NT 10.0; Win64; x64) AppleWebKit/537.36 (KHTML, like Gecko) Chrome/149.0.0.0 Safari/537.36"
74.7.227.160 - - [01/Jul/2026:16:06:38 +0545] "GET /test-post-title-16/?path=//sys/class/misc/vhost-net/subsystem/vhost-net/subsystem/device-mapper/subsystem/device-mapper/subsystem/cpu_dma_latency/subsystem/vga_arbiter/subsystem/hw_random/subsystem HTTP/1.1" 200 18130 "https://ames.ku.edu.np/test-post-title-16/?path=%2F%2Fsys%2Fclass%2Fmisc%2Fvhost-net%2Fsubsystem%2Fvhost-net%2Fsubsystem%2Fdevice-mapper%2Fsubsystem%2Fdevice-mapper%2Fsubsystem%2Fcpu_dma_latency%2Fsubsystem%2Fvga_arbiter%2Fsubsystem%2Fhw_random%2Fsubsystem" "Mozilla/5.0 AppleWebKit/537.36 (KHTML, like Gecko; compatible; GPTBot/1.4; +https://openai.com/gptbot)"
14.162.161.64 - - [01/Jul/2026:16:06:39 +0545] "GET /wp-content/plugins/ultimate-member/assets/libs/um-confirm/um-confirm.min.css?ver=1.0 HTTP/1.1" 200 294 "https://ames.ku.edu.np/wild-robin-vrai-avis-votre-guide-honnete-et-realiste/" "Mozilla/5.0 (Windows NT 10.0; Win64; x64) AppleWebKit/537.36 (KHTML, like Gecko) Chrome/149.0.0.0 Safari/537.36"
74.7.227.160 - - [01/Jul/2026:16:06:39 +0545] "GET /test-post-title-16/?path=//sys/class/misc/vhost-net/subsystem/vhost-net/subsystem/device-mapper/subsystem/device-mapper/subsystem/cpu_dma_latency/subsystem/hw_random/subsystem/vga_arbiter/subsystem HTTP/1.1" 200 18131 "https://ames.ku.edu.np/test-post-title-16/?path=%2F%2Fsys%2Fclass%2Fmisc%2Fvhost-net%2Fsubsystem%2Fvhost-net%2Fsubsystem%2Fdevice-mapper%2Fsubsystem%2Fdevice-mapper%2Fsubsystem%2Fcpu_dma_latency%2Fsubsystem%2Fhw_random%2Fsubsystem%2Fvga_arbiter%2Fsubsystem" "Mozilla/5.0 AppleWebKit/537.36 (KHTML, like Gecko; compatible; GPTBot/1.4; +https://openai.com/gptbot)"
14.162.161.64 - - [01/Jul/2026:16:06:40 +0545] "GET /wp-content/plugins/ultimate-member/assets/libs/um-notice/um-notice.min.css?ver=1.0 HTTP/1.1" 200 225 "https://ames.ku.edu.np/wild-robin-vrai-avis-votre-guide-honnete-et-realiste/" "Mozilla/5.0 (Windows NT 10.0; Win64; x64) AppleWebKit/537.36 (KHTML, like Gecko) Chrome/149.0.0.0 Safari/537.36"
74.7.227.160 - - [01/Jul/2026:16:06:40 +0545] "GET /test-post-title-16/?path=//sys/class/misc/vhost-net/subsystem/vhost-net/subsystem/device-mapper/subsystem/device-mapper/subsystem/cpu_dma_latency/subsystem/hw_random/subsystem/vhost-vsock/subsystem HTTP/1.1" 200 18131 "https://ames.ku.edu.np/test-post-title-16/?path=%2F%2Fsys%2Fclass%2Fmisc%2Fvhost-net%2Fsubsystem%2Fvhost-net%2Fsubsystem%2Fdevice-mapper%2Fsubsystem%2Fdevice-mapper%2Fsubsystem%2Fcpu_dma_latency%2Fsubsystem%2Fhw_random%2Fsubsystem%2Fvhost-vsock%2Fsubsystem" "Mozilla/5.0 AppleWebKit/537.36 (KHTML, like Gecko; compatible; GPTBot/1.4; +https://openai.com/gptbot)"
216.73.216.220 - - [01/Jul/2026:16:06:41 +0545] "GET /casino-med-eller-utan-svensk-licens-s-valjer-du-2/?path=%2F%2Fscripts HTTP/1.1" 200 29628 "-" "Mozilla/5.0 AppleWebKit/537.36 (KHTML, like Gecko; compatible; ClaudeBot/1.0; +claudebot@anthropic.com)"
14.162.161.64 - - [01/Jul/2026:16:06:41 +0545] "GET /wp-content/plugins/ultimate-member/assets/libs/pickadate/default.min.css?ver=3.6.2 HTTP/1.1" 200 587 "https://ames.ku.edu.np/wild-robin-vrai-avis-votre-guide-honnete-et-realiste/" "Mozilla/5.0 (Windows NT 10.0; Win64; x64) AppleWebKit/537.36 (KHTML, like Gecko) Chrome/149.0.0.0 Safari/537.36"
114.119.130.183 - - [01/Jul/2026:16:06:41 +0545] "GET /?path=/home/ames/public_html/wp-includes/blocks/paragraph HTTP/1.1" 301 3676 "https://ames.ku.edu.np/?path=/home/ames/public_html/wp-includes/blocks" "Mozilla/5.0 (Linux; Android 7.0;) AppleWebKit/537.36 (HTML, like Gecko) Mobile Safari/537.36 (compatible; PetalBot;+https://webmaster.petalsearch.com/site/petalbot)"
14.162.161.64 - - [01/Jul/2026:16:06:41 +0545] "GET /wp-content/plugins/ultimate-member/assets/libs/pickadate/default.date.min.css?ver=3.6.2 HTTP/1.1" 200 778 "https://ames.ku.edu.np/wild-robin-vrai-avis-votre-guide-honnete-et-realiste/" "Mozilla/5.0 (Windows NT 10.0; Win64; x64) AppleWebKit/537.36 (KHTML, like Gecko) Chrome/149.0.0.0 Safari/537.36"
74.7.227.160 - - [01/Jul/2026:16:06:42 +0545] "GET /test-post-title-16/?path=//sys/class/misc/vhost-net/subsystem/vhost-net/subsystem/device-mapper/subsystem/device-mapper/subsystem/cpu_dma_latency/subsystem/vga_arbiter/subsystem/mcelog/subsystem HTTP/1.1" 200 18128 "https://ames.ku.edu.np/test-post-title-16/?path=%2F%2Fsys%2Fclass%2Fmisc%2Fvhost-net%2Fsubsystem%2Fvhost-net%2Fsubsystem%2Fdevice-mapper%2Fsubsystem%2Fdevice-mapper%2Fsubsystem%2Fcpu_dma_latency%2Fsubsystem%2Fvga_arbiter%2Fsubsystem%2Fmcelog%2Fsubsystem" "Mozilla/5.0 AppleWebKit/537.36 (KHTML, like Gecko; compatible; GPTBot/1.4; +https://openai.com/gptbot)"
114.119.130.183 - - [01/Jul/2026:16:06:42 +0545] "GET /?path=%2Fhome%2Fames%2Fpublic_html%2Fwp-includes%2Fblocks%2Fparagraph HTTP/1.1" 200 27736 "https://ames.ku.edu.np/?path=/home/ames/public_html/wp-includes/blocks" "Mozilla/5.0 (Linux; Android 7.0;) AppleWebKit/537.36 (HTML, like Gecko) Mobile Safari/537.36 (compatible; PetalBot;+https://webmaster.petalsearch.com/site/petalbot)"
14.162.161.64 - - [01/Jul/2026:16:06:43 +0545] "GET /wp-content/plugins/ultimate-member/assets/libs/pickadate/default.time.min.css?ver=3.6.2 HTTP/1.1" 200 406 "https://ames.ku.edu.np/wild-robin-vrai-avis-votre-guide-honnete-et-realiste/" "Mozilla/5.0 (Windows NT 10.0; Win64; x64) AppleWebKit/537.36 (KHTML, like Gecko) Chrome/149.0.0.0 Safari/537.36"
14.162.161.64 - - [01/Jul/2026:16:06:43 +0545] "GET /wp-content/plugins/ultimate-member/assets/libs/legacy/fonticons/fonticons-ii.min.css?ver=2.12.0 HTTP/1.1" 200 5007 "https://ames.ku.edu.np/wild-robin-vrai-avis-votre-guide-honnete-et-realiste/" "Mozilla/5.0 (Windows NT 10.0; Win64; x64) AppleWebKit/537.36 (KHTML, like Gecko) Chrome/149.0.0.0 Safari/537.36"
74.7.227.160 - - [01/Jul/2026:16:06:44 +0545] "GET /test-post-title-16/?path=%2F%2Fsys%2Fclass%2Fmisc%2Fvhost-net%2Fsubsystem%2Fvhost-net%2Fsubsystem%2Fdevice-mapper%2Fsubsystem%2Fdevice-mapper%2Fsubsystem%2Fcpu_dma_latency%2Fsubsystem%2Fhw_random%2Fsubsystem%2Fsnapshot%2Fsubsystem%2Ftun HTTP/1.1" 200 17951 "https://ames.ku.edu.np/test-post-title-16/?path=%2F%2Fsys%2Fclass%2Fmisc%2Fvhost-net%2Fsubsystem%2Fvhost-net%2Fsubsystem%2Fdevice-mapper%2Fsubsystem%2Fdevice-mapper%2Fsubsystem%2Fcpu_dma_latency%2Fsubsystem%2Fhw_random%2Fsubsystem%2Fsnapshot%2Fsubsystem" "Mozilla/5.0 AppleWebKit/537.36 (KHTML, like Gecko; compatible; GPTBot/1.4; +https://openai.com/gptbot)"
74.7.227.160 - - [01/Jul/2026:16:06:45 +0545] "GET /test-post-title-16/?path=%2F%2Fsys%2Fclass%2Fmisc%2Fvhost-net%2Fsubsystem%2Fvhost-net%2Fsubsystem%2Fdevice-mapper%2Fsubsystem%2Fdevice-mapper%2Fsubsystem%2Fcpu_dma_latency%2Fsubsystem%2Fhw_random%2Fsubsystem%2Fsnapshot%2Fsubsystem%2Fudmabuf HTTP/1.1" 200 17959 "https://ames.ku.edu.np/test-post-title-16/?path=%2F%2Fsys%2Fclass%2Fmisc%2Fvhost-net%2Fsubsystem%2Fvhost-net%2Fsubsystem%2Fdevice-mapper%2Fsubsystem%2Fdevice-mapper%2Fsubsystem%2Fcpu_dma_latency%2Fsubsystem%2Fhw_random%2Fsubsystem%2Fsnapshot%2Fsubsystem" "Mozilla/5.0 AppleWebKit/537.36 (KHTML, like Gecko; compatible; GPTBot/1.4; +https://openai.com/gptbot)"
14.162.161.64 - - [01/Jul/2026:16:06:45 +0545] "GET /wp-content/plugins/ultimate-member/assets/libs/legacy/fonticons/fonticons-fa.min.css?ver=2.12.0 HTTP/1.1" 200 4335 "https://ames.ku.edu.np/wild-robin-vrai-avis-votre-guide-honnete-et-realiste/" "Mozilla/5.0 (Windows NT 10.0; Win64; x64) AppleWebKit/537.36 (KHTML, like Gecko) Chrome/149.0.0.0 Safari/537.36"
14.162.161.64 - - [01/Jul/2026:16:06:46 +0545] "GET /wp-content/plugins/ultimate-member/assets/css/um-fontawesome.min.css?ver=6.5.2 HTTP/1.1" 200 36818 "https://ames.ku.edu.np/wild-robin-vrai-avis-votre-guide-honnete-et-realiste/" "Mozilla/5.0 (Windows NT 10.0; Win64; x64) AppleWebKit/537.36 (KHTML, like Gecko) Chrome/149.0.0.0 Safari/537.36"
74.7.227.160 - - [01/Jul/2026:16:06:46 +0545] "GET /test-post-title-16/?path=//sys/class/misc/vhost-net/subsystem/vhost-net/subsystem/device-mapper/subsystem/device-mapper/subsystem/cpu_dma_latency/subsystem/hw_random/subsystem/snapshot/subsystem HTTP/1.1" 200 18126 "https://ames.ku.edu.np/test-post-title-16/?path=%2F%2Fsys%2Fclass%2Fmisc%2Fvhost-net%2Fsubsystem%2Fvhost-net%2Fsubsystem%2Fdevice-mapper%2Fsubsystem%2Fdevice-mapper%2Fsubsystem%2Fcpu_dma_latency%2Fsubsystem%2Fhw_random%2Fsubsystem%2Fsnapshot%2Fsubsystem" "Mozilla/5.0 AppleWebKit/537.36 (KHTML, like Gecko; compatible; GPTBot/1.4; +https://openai.com/gptbot)"
14.162.161.64 - - [01/Jul/2026:16:06:47 +0545] "GET /wp-content/plugins/ultimate-member/assets/css/common.min.css?ver=2.12.0 HTTP/1.1" 200 241 "https://ames.ku.edu.np/wild-robin-vrai-avis-votre-guide-honnete-et-realiste/" "Mozilla/5.0 (Windows NT 10.0; Win64; x64) AppleWebKit/537.36 (KHTML, like Gecko) Chrome/149.0.0.0 Safari/537.36"
14.162.161.64 - - [01/Jul/2026:16:06:47 +0545] "GET /wp-content/plugins/ultimate-member/assets/css/um-responsive.min.css?ver=2.12.0 HTTP/1.1" 200 1417 "https://ames.ku.edu.np/wild-robin-vrai-avis-votre-guide-honnete-et-realiste/" "Mozilla/5.0 (Windows NT 10.0; Win64; x64) AppleWebKit/537.36 (KHTML, like Gecko) Chrome/149.0.0.0 Safari/537.36"
