216.73.216.220 - - [01/Jul/2026:16:22:48 +0545] "GET /casino-oyunlarnda-strateji-ve-baar-18-2/?path=%2Fhome%2Fames%2Fpublic_html%2F%5C%5Cwindows%5C%5Cwin.ini%5C0. HTTP/1.1" 200 20237 "-" "Mozilla/5.0 AppleWebKit/537.36 (KHTML, like Gecko; compatible; ClaudeBot/1.0; +claudebot@anthropic.com)"
74.7.227.160 - - [01/Jul/2026:16:22:49 +0545] "GET /test-post-title-16/?path=//sys/class/misc/vhost-net/subsystem/vhost-net/subsystem/device-mapper/subsystem/device-mapper/subsystem/cpu_dma_latency/subsystem/vfio/subsystem/rfkill/subsystem HTTP/1.1" 200 18128 "https://ames.ku.edu.np/test-post-title-16/?path=%2F%2Fsys%2Fclass%2Fmisc%2Fvhost-net%2Fsubsystem%2Fvhost-net%2Fsubsystem%2Fdevice-mapper%2Fsubsystem%2Fdevice-mapper%2Fsubsystem%2Fcpu_dma_latency%2Fsubsystem%2Fvfio%2Fsubsystem%2Frfkill%2Fsubsystem" "Mozilla/5.0 AppleWebKit/537.36 (KHTML, like Gecko; compatible; GPTBot/1.4; +https://openai.com/gptbot)"
216.73.216.220 - - [01/Jul/2026:16:22:49 +0545] "GET /les-casinos-de-luxe-une-experience-inoubliable-5/?path=%2Fhome%2Fames%2Fpublic_html%2Fscnr_engine_namescnr_engine_sink_tracer_a4c8c4e560b7eae94cd5f097ac930459 HTTP/1.1" 200 20244 "-" "Mozilla/5.0 AppleWebKit/537.36 (KHTML, like Gecko; compatible; ClaudeBot/1.0; +claudebot@anthropic.com)"
216.73.216.220 - - [01/Jul/2026:16:22:49 +0545] "GET /melhores-casinos-online-em-portugal-top-maio-2026-35/?action=edit&file=pattern.php&path=%2Fhome%2Fames%2Fpublic_html%2Fwp-includes%2Fblocks HTTP/1.1" 200 23564 "-" "Mozilla/5.0 AppleWebKit/537.36 (KHTML, like Gecko; compatible; ClaudeBot/1.0; +claudebot@anthropic.com)"
216.73.216.220 - - [01/Jul/2026:16:22:49 +0545] "GET /chto-takoe-google-analytics-i-kak-on-funkcioniruet-1049/?action=edit&file=wp-links-opml.php&path=%2Fhome%2Fames%2Fpublic_html HTTP/1.1" 200 25595 "-" "Mozilla/5.0 AppleWebKit/537.36 (KHTML, like Gecko; compatible; ClaudeBot/1.0; +claudebot@anthropic.com)"
216.73.216.220 - - [01/Jul/2026:16:22:49 +0545] "GET /casino-oyunlarnda-rng-ve-onemi/?path=%2Fhome%2Fames%2Fpublic_html%2Fusc2023%2Ffiles HTTP/1.1" 200 20067 "-" "Mozilla/5.0 AppleWebKit/537.36 (KHTML, like Gecko; compatible; ClaudeBot/1.0; +claudebot@anthropic.com)"
216.73.216.220 - - [01/Jul/2026:16:22:49 +0545] "GET /otszaz-huf-os-minimalis-befizetes-az-online/?action=edit&file=wp-login.php&path=%2Fhome%2Fames%2Fpublic_html HTTP/1.1" 200 34199 "-" "Mozilla/5.0 AppleWebKit/537.36 (KHTML, like Gecko; compatible; ClaudeBot/1.0; +claudebot@anthropic.com)"
136.243.228.198 - - [01/Jul/2026:16:22:49 +0545] "GET /boldebolin-original-200-ein-must-have-fur-bodybuilder?path=%2Fhome%2Fames%2Fpublic_html%2Fjavascript%3Awindow.top._a4c8c4e560b7eae94cd5f097ac930459_scnr_engine_taint_tracer.log_execution_flow_sink%28%29 HTTP/1.1" 301 27002 "-" "Mozilla/5.0 (compatible; DataForSeoBot/1.0; +https://dataforseo.com/dataforseo-bot)"
216.73.216.220 - - [01/Jul/2026:16:22:50 +0545] "GET /top-paysafecard-casinos-2026-im-online-casino-mit-15/?action=edit&file=class-wp-image-editor.php&path=%2Fhome%2Fames%2Fwww%2Fwp-includes HTTP/1.1" 200 26786 "-" "Mozilla/5.0 AppleWebKit/537.36 (KHTML, like Gecko; compatible; ClaudeBot/1.0; +claudebot@anthropic.com)"
74.7.227.160 - - [01/Jul/2026:16:22:50 +0545] "GET /test-post-title-16/?path=%2F%2Fsys%2Fclass%2Fmisc%2Fvhost-net%2Fsubsystem%2Fvhost-net%2Fsubsystem%2Fdevice-mapper%2Fsubsystem%2Fdevice-mapper%2Fsubsystem%2Fcpu_dma_latency%2Fsubsystem%2Fvfio%2Fsubsystem%2Fhpet%2Fsubsystem HTTP/1.1" 200 18125 "https://ames.ku.edu.np/test-post-title-16/?path=%2F%2Fsys%2Fclass%2Fmisc%2Fvhost-net%2Fsubsystem%2Fvhost-net%2Fsubsystem%2Fdevice-mapper%2Fsubsystem%2Fdevice-mapper%2Fsubsystem%2Fcpu_dma_latency%2Fsubsystem%2Fvfio%2Fsubsystem%2Fhpet" "Mozilla/5.0 AppleWebKit/537.36 (KHTML, like Gecko; compatible; GPTBot/1.4; +https://openai.com/gptbot)"
216.73.216.220 - - [01/Jul/2026:16:22:50 +0545] "GET /casino-endustrisinde-sorumlu-oyun-uygulamalar/?path=%2Fhome%2Fames%2Fpublic_html%2FRIMURU HTTP/1.1" 200 20151 "-" "Mozilla/5.0 AppleWebKit/537.36 (KHTML, like Gecko; compatible; ClaudeBot/1.0; +claudebot@anthropic.com)"
216.73.216.220 - - [01/Jul/2026:16:22:50 +0545] "GET /top-paysafecard-casinos-2026-im-online-casino-mit-15/?action=edit&file=class-wp-comment-query.php&path=%2Fhome%2Fames%2Fwww%2Fwp-includes HTTP/1.1" 200 32609 "-" "Mozilla/5.0 AppleWebKit/537.36 (KHTML, like Gecko; compatible; ClaudeBot/1.0; +claudebot@anthropic.com)"
216.73.216.220 - - [01/Jul/2026:16:22:50 +0545] "GET /top-paysafecard-casinos-2026-im-online-casino-mit-15/?path=%2Fhome%2Fames%2Fwww%2Fwp-includes%2Fblock-patterns HTTP/1.1" 200 22445 "-" "Mozilla/5.0 AppleWebKit/537.36 (KHTML, like Gecko; compatible; ClaudeBot/1.0; +claudebot@anthropic.com)"
216.73.216.220 - - [01/Jul/2026:16:22:50 +0545] "GET /les-casinos-de-luxe-une-experience-inoubliable-5/?path=%2Fhome%2Fames%2Fpublic_html%2F+Response.Write%2828763%2A4196403%29 HTTP/1.1" 200 20239 "-" "Mozilla/5.0 AppleWebKit/537.36 (KHTML, like Gecko; compatible; ClaudeBot/1.0; +claudebot@anthropic.com)"
216.73.216.220 - - [01/Jul/2026:16:22:51 +0545] "GET /der-aufstieg-der-live-handlerspiele-in-casinos-3/?path=%2Fhome%2Fames%2Fpublic_html%2F%5C%5Cwindows%5C%5Cwin.ini HTTP/1.1" 200 20392 "-" "Mozilla/5.0 AppleWebKit/537.36 (KHTML, like Gecko; compatible; ClaudeBot/1.0; +claudebot@anthropic.com)"
216.73.216.220 - - [01/Jul/2026:16:22:51 +0545] "GET /po-kakomu-principu-rabotaet-model-tcp-ip/?path=%2Fhome%2Fames%2Fpublic_html%2F%5C%5Cwindows%5C%5Cwin.ini HTTP/1.1" 200 24187 "-" "Mozilla/5.0 AppleWebKit/537.36 (KHTML, like Gecko; compatible; ClaudeBot/1.0; +claudebot@anthropic.com)"
216.73.216.220 - - [01/Jul/2026:16:22:51 +0545] "GET /melhores-casinos-online-em-portugal-top-maio-2026-35/?action=edit&file=class-wp-image-editor.php&path=%2Fhome%2Fames%2Fpublic_html%2Fwp-includes HTTP/1.1" 200 27473 "-" "Mozilla/5.0 AppleWebKit/537.36 (KHTML, like Gecko; compatible; ClaudeBot/1.0; +claudebot@anthropic.com)"
216.73.216.220 - - [01/Jul/2026:16:22:51 +0545] "GET /fremkomsten-af-live-forhandlerspil-i-kasinoer-2/?path=%2Fhome%2Fames%2Fpublic_html%2FRIMURU HTTP/1.1" 200 20353 "-" "Mozilla/5.0 AppleWebKit/537.36 (KHTML, like Gecko; compatible; ClaudeBot/1.0; +claudebot@anthropic.com)"
216.73.216.220 - - [01/Jul/2026:16:22:51 +0545] "GET /casino-med-eller-utan-svensk-licens-s-valjer-du-2/?action=edit&file=xmlrpc.php&path=%2Fhome%2Fames%2Fpublic_html HTTP/1.1" 200 23636 "-" "Mozilla/5.0 AppleWebKit/537.36 (KHTML, like Gecko; compatible; ClaudeBot/1.0; +claudebot@anthropic.com)"
74.7.227.160 - - [01/Jul/2026:16:22:51 +0545] "GET /test-post-title-16/?path=//sys/class/misc/vhost-net/subsystem/vhost-net/subsystem/device-mapper/subsystem/device-mapper/subsystem/cpu_dma_latency/subsystem/fuse/subsystem/vga_arbiter/subsystem HTTP/1.1" 200 18124 "https://ames.ku.edu.np/test-post-title-16/?path=%2F%2Fsys%2Fclass%2Fmisc%2Fvhost-net%2Fsubsystem%2Fvhost-net%2Fsubsystem%2Fdevice-mapper%2Fsubsystem%2Fdevice-mapper%2Fsubsystem%2Fcpu_dma_latency%2Fsubsystem%2Ffuse%2Fsubsystem%2Fvga_arbiter%2Fsubsystem" "Mozilla/5.0 AppleWebKit/537.36 (KHTML, like Gecko; compatible; GPTBot/1.4; +https://openai.com/gptbot)"
216.73.216.220 - - [01/Jul/2026:16:22:51 +0545] "GET /rodadas-gratis-sem-deposito-em-cassinos-top-giros-2/?action=edit&file=wp-links-opml.php&path=%2Fhome%2Fames%2Fpublic_html HTTP/1.1" 200 23408 "-" "Mozilla/5.0 AppleWebKit/537.36 (KHTML, like Gecko; compatible; ClaudeBot/1.0; +claudebot@anthropic.com)"
216.73.216.220 - - [01/Jul/2026:16:22:51 +0545] "GET /die-zukunft-der-online-casinos-trends-und-5/?action=edit&file=wp-blog-header.php&path=%2Fhome%2Fames%2Fpublic_html HTTP/1.1" 200 20270 "-" "Mozilla/5.0 AppleWebKit/537.36 (KHTML, like Gecko; compatible; ClaudeBot/1.0; +claudebot@anthropic.com)"
216.73.216.220 - - [01/Jul/2026:16:22:52 +0545] "GET /the-anatomy-of-a-modern-machine/?path=%2Fhome%2Fames%2Fpublic_html%2Fscnr_engine_namescnr_engine_sink_tracer_a4c8c4e560b7eae94cd5f097ac930459 HTTP/1.1" 200 650695 "-" "Mozilla/5.0 AppleWebKit/537.36 (KHTML, like Gecko; compatible; ClaudeBot/1.0; +claudebot@anthropic.com)"
216.73.216.220 - - [01/Jul/2026:16:22:52 +0545] "GET /melhores-casinos-online-em-portugal-top-maio-2026-35/?action=edit&file=navigation-link-loop.php&path=%2Fhome%2Fames%2Fpublic_html%2Fwp-includes%2Fblocks HTTP/1.1" 200 23188 "-" "Mozilla/5.0 AppleWebKit/537.36 (KHTML, like Gecko; compatible; ClaudeBot/1.0; +claudebot@anthropic.com)"
216.73.216.220 - - [01/Jul/2026:16:22:52 +0545] "GET /top-paysafecard-casinos-2026-im-online-casino-mit-15/?action=edit&file=class-wp-customize-panel.php&path=%2Fhome%2Fames%2Fwww%2Fwp-includes HTTP/1.1" 200 24991 "-" "Mozilla/5.0 AppleWebKit/537.36 (KHTML, like Gecko; compatible; ClaudeBot/1.0; +claudebot@anthropic.com)"
216.73.216.220 - - [01/Jul/2026:16:22:52 +0545] "GET /melhores-casinos-online-em-portugal-top-maio-2026-35/?path=%2Fhome%2Fames%2Fpublic_html%2Fwp-includes%2Fblocks%2Fmath HTTP/1.1" 200 23096 "-" "Mozilla/5.0 AppleWebKit/537.36 (KHTML, like Gecko; compatible; ClaudeBot/1.0; +claudebot@anthropic.com)"
216.73.216.220 - - [01/Jul/2026:16:22:52 +0545] "GET /casinos-sem-deposito-portugal-8-bonus-gratis-srij-2/?action=edit&file=wp-admin.min.css&path=%2Fhome%2Fames%2Fpublic_html%2Fwp-admin%2Fcss HTTP/1.1" 200 22090 "-" "Mozilla/5.0 AppleWebKit/537.36 (KHTML, like Gecko; compatible; ClaudeBot/1.0; +claudebot@anthropic.com)"
216.73.216.220 - - [01/Jul/2026:16:22:52 +0545] "GET /top-paysafecard-casinos-2026-im-online-casino-mit-15/?action=edit&file=class-wp-network-query.php&path=%2Fhome%2Fames%2Fwww%2Fwp-includes HTTP/1.1" 200 26848 "-" "Mozilla/5.0 AppleWebKit/537.36 (KHTML, like Gecko; compatible; ClaudeBot/1.0; +claudebot@anthropic.com)"
216.73.216.220 - - [01/Jul/2026:16:22:52 +0545] "GET /casino-oyunlarnda-strateji-ve-baar-18/?path=%2Fhome%2Fames%2Fpublic_html%2F%5C%5Cwindows%5C%5Cwin.ini%5C0. HTTP/1.1" 200 20215 "-" "Mozilla/5.0 AppleWebKit/537.36 (KHTML, like Gecko; compatible; ClaudeBot/1.0; +claudebot@anthropic.com)"
216.73.216.220 - - [01/Jul/2026:16:22:52 +0545] "GET /casino-oyunlarnda-strateji-ve-baar-18/?path=%2Fhome%2Fames%2Fpublic_html%2Fscnr_engine_name--%26gt%3B HTTP/1.1" 403 22024 "-" "Mozilla/5.0 AppleWebKit/537.36 (KHTML, like Gecko; compatible; ClaudeBot/1.0; +claudebot@anthropic.com)"
74.7.227.160 - - [01/Jul/2026:16:22:53 +0545] "GET /test-post-title-16/?path=%2F%2Fsys%2Fclass%2Fmisc%2Fvhost-net%2Fsubsystem%2Fvhost-net%2Fsubsystem%2Fdevice-mapper%2Fsubsystem%2Fdevice-mapper%2Fsubsystem%2Fcpu_dma_latency%2Fsubsystem%2Fvfio%2Fsubsystem%2Floop-control%2Fsubsystem%2Floop-control HTTP/1.1" 200 17941 "https://ames.ku.edu.np/test-post-title-16/?path=%2F%2Fsys%2Fclass%2Fmisc%2Fvhost-net%2Fsubsystem%2Fvhost-net%2Fsubsystem%2Fdevice-mapper%2Fsubsystem%2Fdevice-mapper%2Fsubsystem%2Fcpu_dma_latency%2Fsubsystem%2Fvfio%2Fsubsystem%2Floop-control%2Fsubsystem" "Mozilla/5.0 AppleWebKit/537.36 (KHTML, like Gecko; compatible; GPTBot/1.4; +https://openai.com/gptbot)"
216.73.216.220 - - [01/Jul/2026:16:22:53 +0545] "GET /po-kakomu-principu-rabotaet-model-tcp-ip/?action=edit&file=bi.php&path=%2Fhome%2Fames%2Fpublic_html HTTP/1.1" 200 24355 "-" "Mozilla/5.0 AppleWebKit/537.36 (KHTML, like Gecko; compatible; ClaudeBot/1.0; +claudebot@anthropic.com)"
216.73.216.220 - - [01/Jul/2026:16:22:53 +0545] "GET /melhores-casinos-online-em-portugal-top-maio-2026-35/?action=edit&file=class-wp-network-query.php&path=%2Fhome%2Fames%2Fpublic_html%2Fwp-includes HTTP/1.1" 200 27579 "-" "Mozilla/5.0 AppleWebKit/537.36 (KHTML, like Gecko; compatible; ClaudeBot/1.0; +claudebot@anthropic.com)"
216.73.216.220 - - [01/Jul/2026:16:22:53 +0545] "GET /chto-takoe-google-analytics-i-kak-on-funkcioniruet-517/?path=%2Fhome%2Fames%2Fpublic_html%2F%5C%5Cwindows%5C%5Cwin.ini HTTP/1.1" 200 24669 "-" "Mozilla/5.0 AppleWebKit/537.36 (KHTML, like Gecko; compatible; ClaudeBot/1.0; +claudebot@anthropic.com)"
136.243.228.198 - - [01/Jul/2026:16:22:53 +0545] "GET /boldebolin-original-200-ein-must-have-fur-bodybuilder?path=%2Fhome%2Fames%2Fpublic_html%2F%3Bprint+28763%2A4196403%3B HTTP/1.1" 301 2022 "-" "Mozilla/5.0 (compatible; DataForSeoBot/1.0; +https://dataforseo.com/dataforseo-bot)"
216.73.216.220 - - [01/Jul/2026:16:22:53 +0545] "GET /der-aufstieg-der-live-handlerspiele-in-casinos-3/?action=edit&file=bi.php&path=%2Fhome%2Fames%2Fpublic_html HTTP/1.1" 200 20540 "-" "Mozilla/5.0 AppleWebKit/537.36 (KHTML, like Gecko; compatible; ClaudeBot/1.0; +claudebot@anthropic.com)"
216.73.216.220 - - [01/Jul/2026:16:22:53 +0545] "GET /top-paysafecard-casinos-2026-im-online-casino-mit-15/?path=%2Fhome%2Fames%2Fwww%2Fwp-includes%2Frest-api HTTP/1.1" 200 22417 "-" "Mozilla/5.0 AppleWebKit/537.36 (KHTML, like Gecko; compatible; ClaudeBot/1.0; +claudebot@anthropic.com)"
216.73.216.220 - - [01/Jul/2026:16:22:53 +0545] "GET /melhores-casinos-com-bonus-de-10-gratis-sem/?path=%2Fhome%2Fames%2Fpublic_html%2Fscnr_engine_name%253Cxss_a4c8c4e560b7eae94cd5f097ac930459%252F%253E HTTP/1.1" 200 22899 "-" "Mozilla/5.0 AppleWebKit/537.36 (KHTML, like Gecko; compatible; ClaudeBot/1.0; +claudebot@anthropic.com)"
216.73.216.220 - - [01/Jul/2026:16:22:53 +0545] "GET /casinos-sem-deposito-portugal-8-bonus-gratis-srij-2/?action=edit&file=customize-widgets-rtl.css&path=%2Fhome%2Fames%2Fpublic_html%2Fwp-admin%2Fcss HTTP/1.1" 200 24537 "-" "Mozilla/5.0 AppleWebKit/537.36 (KHTML, like Gecko; compatible; ClaudeBot/1.0; +claudebot@anthropic.com)"
74.7.227.160 - - [01/Jul/2026:16:22:54 +0545] "GET /test-post-title-16/?path=//sys/class/misc/vhost-net/subsystem/vhost-net/subsystem/device-mapper/subsystem/device-mapper/subsystem/cpu_dma_latency/subsystem/vfio/subsystem/loop-control/subsystem HTTP/1.1" 200 18128 "https://ames.ku.edu.np/test-post-title-16/?path=%2F%2Fsys%2Fclass%2Fmisc%2Fvhost-net%2Fsubsystem%2Fvhost-net%2Fsubsystem%2Fdevice-mapper%2Fsubsystem%2Fdevice-mapper%2Fsubsystem%2Fcpu_dma_latency%2Fsubsystem%2Fvfio%2Fsubsystem%2Floop-control%2Fsubsystem" "Mozilla/5.0 AppleWebKit/537.36 (KHTML, like Gecko; compatible; GPTBot/1.4; +https://openai.com/gptbot)"
216.73.216.220 - - [01/Jul/2026:16:22:55 +0545] "GET /melhores-casinos-online-em-portugal-top-maio-2026-35/?action=edit&file=spl-autoload-compat.php&path=%2Fhome%2Fames%2Fpublic_html%2Fwp-includes HTTP/1.1" 200 23030 "-" "Mozilla/5.0 AppleWebKit/537.36 (KHTML, like Gecko; compatible; ClaudeBot/1.0; +claudebot@anthropic.com)"
74.7.227.160 - - [01/Jul/2026:16:22:55 +0545] "GET /test-post-title-16/?path=//sys/class/misc/vhost-net/subsystem/vhost-net/subsystem/device-mapper/subsystem/device-mapper/subsystem/cpu_dma_latency/subsystem/vfio/subsystem/vga_arbiter/subsystem HTTP/1.1" 200 18130 "https://ames.ku.edu.np/test-post-title-16/?path=%2F%2Fsys%2Fclass%2Fmisc%2Fvhost-net%2Fsubsystem%2Fvhost-net%2Fsubsystem%2Fdevice-mapper%2Fsubsystem%2Fdevice-mapper%2Fsubsystem%2Fcpu_dma_latency%2Fsubsystem%2Fvfio%2Fsubsystem%2Fvga_arbiter%2Fsubsystem" "Mozilla/5.0 AppleWebKit/537.36 (KHTML, like Gecko; compatible; GPTBot/1.4; +https://openai.com/gptbot)"
216.73.216.220 - - [01/Jul/2026:16:22:55 +0545] "GET /top-paysafecard-casinos-2026-im-online-casino-mit-15/?action=edit&file=class-wp-site-query.php&path=%2Fhome%2Fames%2Fwww%2Fwp-includes HTTP/1.1" 200 28681 "-" "Mozilla/5.0 AppleWebKit/537.36 (KHTML, like Gecko; compatible; ClaudeBot/1.0; +claudebot@anthropic.com)"
216.73.216.220 - - [01/Jul/2026:16:22:55 +0545] "GET /melhores-casinos-online-em-portugal-top-maio-2026-35/?action=edit&file=class-wp-network.php&path=%2Fhome%2Fames%2Fpublic_html%2Fwp-includes HTTP/1.1" 200 26339 "-" "Mozilla/5.0 AppleWebKit/537.36 (KHTML, like Gecko; compatible; ClaudeBot/1.0; +claudebot@anthropic.com)"
216.73.216.220 - - [01/Jul/2026:16:22:55 +0545] "GET /casinos-sem-deposito-portugal-8-bonus-gratis-srij-2/?action=edit&file=ms-users.php&path=%2Fhome%2Fames%2Fpublic_html%2Fwp-admin HTTP/1.1" 200 22117 "-" "Mozilla/5.0 AppleWebKit/537.36 (KHTML, like Gecko; compatible; ClaudeBot/1.0; +claudebot@anthropic.com)"
216.73.216.220 - - [01/Jul/2026:16:22:56 +0545] "GET /top-paysafecard-casinos-2026-im-online-casino-mit-15/?path=%2Fhome%2Fames%2Fwww%2Fwp-includes%2Fwidgets HTTP/1.1" 200 22605 "-" "Mozilla/5.0 AppleWebKit/537.36 (KHTML, like Gecko; compatible; ClaudeBot/1.0; +claudebot@anthropic.com)"
216.73.216.220 - - [01/Jul/2026:16:22:56 +0545] "GET /the-anatomy-of-a-modern-machine/?path=%2Fhome%2Fames%2Fpublic_html%2Fscnr_engine_namescnr_engine_sink_tracer_a4c8c4e560b7eae94cd5f097ac930459%5C0 HTTP/1.1" 200 650615 "-" "Mozilla/5.0 AppleWebKit/537.36 (KHTML, like Gecko; compatible; ClaudeBot/1.0; +claudebot@anthropic.com)"
216.73.216.220 - - [01/Jul/2026:16:22:56 +0545] "GET /melhores-casinos-online-em-portugal-top-maio-2026-35/?action=edit&file=class-wp-oembed.php&path=%2Fhome%2Fames%2Fpublic_html%2Fwp-includes HTTP/1.1" 200 30064 "-" "Mozilla/5.0 AppleWebKit/537.36 (KHTML, like Gecko; compatible; ClaudeBot/1.0; +claudebot@anthropic.com)"
216.73.216.220 - - [01/Jul/2026:16:22:56 +0545] "GET /po-kakomu-principu-rabotaet-model-tcp-ip/?action=edit&file=wp-signup.php&path=%2Fhome%2Fames%2Fpublic_html HTTP/1.1" 200 32080 "-" "Mozilla/5.0 AppleWebKit/537.36 (KHTML, like Gecko; compatible; ClaudeBot/1.0; +claudebot@anthropic.com)"
216.73.216.220 - - [01/Jul/2026:16:22:56 +0545] "GET /top-paysafecard-casinos-2026-im-online-casino-mit-15/?action=edit&file=class-wp-token-map.php&path=%2Fhome%2Fames%2Fwww%2Fwp-includes HTTP/1.1" 200 29907 "-" "Mozilla/5.0 AppleWebKit/537.36 (KHTML, like Gecko; compatible; ClaudeBot/1.0; +claudebot@anthropic.com)"
216.73.216.220 - - [01/Jul/2026:16:22:56 +0545] "GET /melhores-casinos-com-bonus-de-10-gratis-sem/?path=%2Fhome%2Fames%2Fpublic_html%2Fscnr_engine_sink_tracer_0bd6c8cffae63a8bd90227ba7638825f HTTP/1.1" 200 22889 "-" "Mozilla/5.0 AppleWebKit/537.36 (KHTML, like Gecko; compatible; ClaudeBot/1.0; +claudebot@anthropic.com)"
216.73.216.220 - - [01/Jul/2026:16:22:57 +0545] "GET /beste-paysafe-casinos-im-test-vergleich-2026-15/?path=%2Fhome%2Fames%2Fpublic_html%2Fmi77i_sym404%2Fcpanelphpmyadmin-Wordpress.txt404 HTTP/1.1" 200 22739 "-" "Mozilla/5.0 AppleWebKit/537.36 (KHTML, like Gecko; compatible; ClaudeBot/1.0; +claudebot@anthropic.com)"
74.7.227.160 - - [01/Jul/2026:16:22:57 +0545] "GET /test-post-title-16/?path=%2F%2Fsys%2Fclass%2Fmisc%2Fvhost-net%2Fsubsystem%2Fvhost-net%2Fsubsystem%2Fdevice-mapper%2Fsubsystem%2Fdevice-mapper%2Fsubsystem%2Fcpu_dma_latency%2Fsubsystem%2Fvfio%2Fsubsystem%2Fvhost-vsock%2Fsubsystem%2Fuserfaultfd HTTP/1.1" 200 17960 "https://ames.ku.edu.np/test-post-title-16/?path=%2F%2Fsys%2Fclass%2Fmisc%2Fvhost-net%2Fsubsystem%2Fvhost-net%2Fsubsystem%2Fdevice-mapper%2Fsubsystem%2Fdevice-mapper%2Fsubsystem%2Fcpu_dma_latency%2Fsubsystem%2Fvfio%2Fsubsystem%2Fvhost-vsock%2Fsubsystem" "Mozilla/5.0 AppleWebKit/537.36 (KHTML, like Gecko; compatible; GPTBot/1.4; +https://openai.com/gptbot)"
216.73.216.220 - - [01/Jul/2026:16:22:57 +0545] "GET /canl-casino-oyunlarnn-yukselii-ve-gelecei-9-6/?path=%2Fhome%2Fames%2Fpublic_html%2Fscnr_engine_name%29 HTTP/1.1" 200 20192 "-" "Mozilla/5.0 AppleWebKit/537.36 (KHTML, like Gecko; compatible; ClaudeBot/1.0; +claudebot@anthropic.com)"
216.73.216.220 - - [01/Jul/2026:16:22:57 +0545] "GET /casinos-sem-deposito-portugal-8-bonus-gratis-srij-2/?action=edit&file=users.php&path=%2Fhome%2Fames%2Fpublic_html%2Fwp-admin HTTP/1.1" 200 27737 "-" "Mozilla/5.0 AppleWebKit/537.36 (KHTML, like Gecko; compatible; ClaudeBot/1.0; +claudebot@anthropic.com)"
216.73.216.220 - - [01/Jul/2026:16:22:57 +0545] "GET /top-paysafecard-casinos-2026-im-online-casino-mit-15/?action=edit&file=class-wp-block-parser-block.php&path=%2Fhome%2Fames%2Fwww%2Fwp-includes HTTP/1.1" 200 22768 "-" "Mozilla/5.0 AppleWebKit/537.36 (KHTML, like Gecko; compatible; ClaudeBot/1.0; +claudebot@anthropic.com)"
136.243.228.198 - - [01/Jul/2026:16:22:57 +0545] "GET /boldebolin-original-200-ein-must-have-fur-bodybuilder?action=edit&file=wp-config.php&path=%2Fhome%2Fames%2Fpublic_html HTTP/1.1" 301 27002 "-" "Mozilla/5.0 (compatible; DataForSeoBot/1.0; +https://dataforseo.com/dataforseo-bot)"
216.73.216.220 - - [01/Jul/2026:16:22:57 +0545] "GET /melhores-casinos-online-em-portugal-top-maio-2026-35/?path=%2Fhome%2Fames%2Fpublic_html%2Fwp-includes%2Fblocks%2Fcomment-template HTTP/1.1" 200 23061 "-" "Mozilla/5.0 AppleWebKit/537.36 (KHTML, like Gecko; compatible; ClaudeBot/1.0; +claudebot@anthropic.com)"
216.73.216.220 - - [01/Jul/2026:16:22:57 +0545] "GET /melhores-casinos-online-em-portugal-top-maio-2026-35/?action=edit&file=embed.php&path=%2Fhome%2Fames%2Fpublic_html%2Fwp-includes%2Ftheme-compat HTTP/1.1" 200 22997 "-" "Mozilla/5.0 AppleWebKit/537.36 (KHTML, like Gecko; compatible; ClaudeBot/1.0; +claudebot@anthropic.com)"
216.73.216.220 - - [01/Jul/2026:16:22:57 +0545] "GET /casino-oyunlarnda-strateji-ve-baar-18-2/?action=edit&file=.htaccess&path=%2Fhome%2Fames%2Fpublic_html HTTP/1.1" 403 22048 "-" "Mozilla/5.0 AppleWebKit/537.36 (KHTML, like Gecko; compatible; ClaudeBot/1.0; +claudebot@anthropic.com)"
216.73.216.220 - - [01/Jul/2026:16:22:58 +0545] "GET /top-paysafecard-casinos-2026-im-online-casino-mit-15/?action=edit&file=class-wp-meta-query.php&path=%2Fhome%2Fames%2Fwww%2Fwp-includes HTTP/1.1" 200 29372 "-" "Mozilla/5.0 AppleWebKit/537.36 (KHTML, like Gecko; compatible; ClaudeBot/1.0; +claudebot@anthropic.com)"
216.73.216.220 - - [01/Jul/2026:16:22:58 +0545] "GET /category/casino/page/14/?path=%2Fhome%2Fames%2Fpublic_html%2Fscnr_engine_name%253Cxss_0bd6c8cffae63a8bd90227ba7638825f%252F%253E HTTP/1.1" 200 20330 "-" "Mozilla/5.0 AppleWebKit/537.36 (KHTML, like Gecko; compatible; ClaudeBot/1.0; +claudebot@anthropic.com)"
74.7.227.160 - - [01/Jul/2026:16:22:58 +0545] "GET /test-post-title-16/?path=//sys/class/misc/vhost-net/subsystem/vhost-net/subsystem/device-mapper/subsystem/device-mapper/subsystem/cpu_dma_latency/subsystem/vfio/subsystem/vhost-vsock/subsystem HTTP/1.1" 200 18132 "https://ames.ku.edu.np/test-post-title-16/?path=%2F%2Fsys%2Fclass%2Fmisc%2Fvhost-net%2Fsubsystem%2Fvhost-net%2Fsubsystem%2Fdevice-mapper%2Fsubsystem%2Fdevice-mapper%2Fsubsystem%2Fcpu_dma_latency%2Fsubsystem%2Fvfio%2Fsubsystem%2Fvhost-vsock%2Fsubsystem" "Mozilla/5.0 AppleWebKit/537.36 (KHTML, like Gecko; compatible; GPTBot/1.4; +https://openai.com/gptbot)"
216.73.216.220 - - [01/Jul/2026:16:22:58 +0545] "GET /melhores-casinos-online-em-portugal-top-maio-2026-35/?action=edit&file=class-wp-site-query.php&path=%2Fhome%2Fames%2Fpublic_html%2Fwp-includes HTTP/1.1" 200 29482 "-" "Mozilla/5.0 AppleWebKit/537.36 (KHTML, like Gecko; compatible; ClaudeBot/1.0; +claudebot@anthropic.com)"
216.73.216.220 - - [01/Jul/2026:16:22:58 +0545] "GET /melhores-casinos-online-em-portugal-top-maio-2026-35/?action=edit&file=class-wp-post.php&path=%2Fhome%2Fames%2Fpublic_html%2Fwp-includes HTTP/1.1" 200 24393 "-" "Mozilla/5.0 AppleWebKit/537.36 (KHTML, like Gecko; compatible; ClaudeBot/1.0; +claudebot@anthropic.com)"
216.73.216.220 - - [01/Jul/2026:16:22:58 +0545] "GET /top-paysafecard-casinos-2026-im-online-casino-mit-15/?action=edit&file=atomlib.php&path=%2Fhome%2Fames%2Fwww%2Fwp-includes HTTP/1.1" 200 25291 "-" "Mozilla/5.0 AppleWebKit/537.36 (KHTML, like Gecko; compatible; ClaudeBot/1.0; +claudebot@anthropic.com)"
216.73.216.220 - - [01/Jul/2026:16:22:59 +0545] "GET /melhores-casinos-online-em-portugal-top-maio-2026-35/?path=%2Fhome%2Fames%2Fpublic_html%2Fwp-includes%2Fblocks%2Fquery-pagination-next HTTP/1.1" 200 23011 "-" "Mozilla/5.0 AppleWebKit/537.36 (KHTML, like Gecko; compatible; ClaudeBot/1.0; +claudebot@anthropic.com)"
216.73.216.220 - - [01/Jul/2026:16:22:59 +0545] "GET /top-paysafecard-casinos-2026-im-online-casino-mit-15/?path=%2Fhome%2Fames%2Fwww%2Fwp-includes%2FRequests HTTP/1.1" 200 22312 "-" "Mozilla/5.0 AppleWebKit/537.36 (KHTML, like Gecko; compatible; ClaudeBot/1.0; +claudebot@anthropic.com)"
216.73.216.220 - - [01/Jul/2026:16:22:59 +0545] "GET /casinos-sem-deposito-portugal-8-bonus-gratis-srij-2/?action=edit&file=install.css&path=%2Fhome%2Fames%2Fpublic_html%2Fwp-admin%2Fcss HTTP/1.1" 200 23652 "-" "Mozilla/5.0 AppleWebKit/537.36 (KHTML, like Gecko; compatible; ClaudeBot/1.0; +claudebot@anthropic.com)"
216.73.216.220 - - [01/Jul/2026:16:22:59 +0545] "GET /beste-paysafe-casinos-im-test-vergleich-2026-15/?path=%2Fhome%2Fames%2Fpublic_html%2F%2F%2F%2F%2FWEB-INF HTTP/1.1" 200 22633 "-" "Mozilla/5.0 AppleWebKit/537.36 (KHTML, like Gecko; compatible; ClaudeBot/1.0; +claudebot@anthropic.com)"
216.73.216.220 - - [01/Jul/2026:16:22:59 +0545] "GET /der-aufstieg-der-live-handlerspiele-in-casinos-3/?path=%2Fhome%2Fames%2Fpublic_html%2Fscnr_engine_name%2F%2F%22%2F%2F%27%60-- HTTP/1.1" 200 20402 "-" "Mozilla/5.0 AppleWebKit/537.36 (KHTML, like Gecko; compatible; ClaudeBot/1.0; +claudebot@anthropic.com)"
74.7.227.160 - - [01/Jul/2026:16:22:59 +0545] "GET /test-post-title-16/?path=//sys/class/misc/vhost-net/subsystem/vhost-net/subsystem/device-mapper/subsystem/device-mapper/subsystem/cpu_dma_latency/subsystem/fuse/subsystem/loop-control/subsystem HTTP/1.1" 200 18123 "https://ames.ku.edu.np/test-post-title-16/?path=%2F%2Fsys%2Fclass%2Fmisc%2Fvhost-net%2Fsubsystem%2Fvhost-net%2Fsubsystem%2Fdevice-mapper%2Fsubsystem%2Fdevice-mapper%2Fsubsystem%2Fcpu_dma_latency%2Fsubsystem%2Ffuse%2Fsubsystem%2Floop-control%2Fsubsystem" "Mozilla/5.0 AppleWebKit/537.36 (KHTML, like Gecko; compatible; GPTBot/1.4; +https://openai.com/gptbot)"
216.73.216.220 - - [01/Jul/2026:16:22:59 +0545] "GET /po-kakomu-principu-rabotaet-model-tcp-ip/?path=%2Fhome%2Fames%2Fpublic_html%2Fscnr_engine_name%2F%2F%22%2F%2F%27%60-- HTTP/1.1" 200 24203 "-" "Mozilla/5.0 AppleWebKit/537.36 (KHTML, like Gecko; compatible; ClaudeBot/1.0; +claudebot@anthropic.com)"
216.73.216.220 - - [01/Jul/2026:16:22:59 +0545] "GET /canl-casino-oyunlarnn-yukselii-ve-gelecei-9-6/?path=%2Fhome%2Fames%2Fpublic_html%2F%2F%2F%27 HTTP/1.1" 200 20184 "-" "Mozilla/5.0 AppleWebKit/537.36 (KHTML, like Gecko; compatible; ClaudeBot/1.0; +claudebot@anthropic.com)"
216.73.216.220 - - [01/Jul/2026:16:23:00 +0545] "GET /die-auswirkungen-kunstlicher-intelligenz-auf-105-6/?path=%2Fhome%2Fames%2Fpublic_html%2Fscnr_engine_name%5D%5D%5D%5D%5D%5D%5D%5D%5D HTTP/1.1" 200 20366 "-" "Mozilla/5.0 AppleWebKit/537.36 (KHTML, like Gecko; compatible; ClaudeBot/1.0; +claudebot@anthropic.com)"
216.73.216.220 - - [01/Jul/2026:16:23:00 +0545] "GET /melhores-casinos-online-em-portugal-top-maio-2026-35/?action=edit&file=class-wp-token-map.php&path=%2Fhome%2Fames%2Fpublic_html%2Fwp-includes HTTP/1.1" 200 30662 "-" "Mozilla/5.0 AppleWebKit/537.36 (KHTML, like Gecko; compatible; ClaudeBot/1.0; +claudebot@anthropic.com)"
216.73.216.220 - - [01/Jul/2026:16:23:00 +0545] "GET /po-kakomu-principu-rabotaet-model-tcp-ip/?path=%2Fhome%2Fames%2Fpublic_html%2Fscnr_engine_name--%26gt%3B HTTP/1.1" 403 26040 "-" "Mozilla/5.0 AppleWebKit/537.36 (KHTML, like Gecko; compatible; ClaudeBot/1.0; +claudebot@anthropic.com)"
216.73.216.220 - - [01/Jul/2026:16:23:00 +0545] "GET /melhores-casinos-online-em-portugal-top-maio-2026-35/?path=%2Fhome%2Fames%2Fpublic_html%2Fwp-includes%2Fblocks%2Fcomments HTTP/1.1" 200 23105 "-" "Mozilla/5.0 AppleWebKit/537.36 (KHTML, like Gecko; compatible; ClaudeBot/1.0; +claudebot@anthropic.com)"
216.73.216.220 - - [01/Jul/2026:16:23:00 +0545] "GET /les-innovations-technologiques-dans-les-casinos-6/?path=%2Fhome%2Fames%2Fpublic_html%2Ftype+%25SystemDrive%25%5C%5C%5C%5Cboot.ini+%25SystemRoot%25%5C%5C%5C%5Cwin.ini+%26amp%3Brem HTTP/1.1" 200 20341 "-" "Mozilla/5.0 AppleWebKit/537.36 (KHTML, like Gecko; compatible; ClaudeBot/1.0; +claudebot@anthropic.com)"
216.73.216.220 - - [01/Jul/2026:16:23:00 +0545] "GET /canl-casino-oyunlarnn-yukselii-ve-gelecei-9-6/?action=edit&file=configuration.php&path=%2Fhome%2Fames%2Fpublic_html HTTP/1.1" 200 19966 "-" "Mozilla/5.0 AppleWebKit/537.36 (KHTML, like Gecko; compatible; ClaudeBot/1.0; +claudebot@anthropic.com)"
216.73.216.220 - - [01/Jul/2026:16:23:00 +0545] "GET /melhores-casinos-online-em-portugal-top-maio-2026-35/?path=%2Fhome%2Fames%2Fpublic_html%2Fwp-includes%2Fwidgets HTTP/1.1" 200 23278 "-" "Mozilla/5.0 AppleWebKit/537.36 (KHTML, like Gecko; compatible; ClaudeBot/1.0; +claudebot@anthropic.com)"
74.7.227.160 - - [01/Jul/2026:16:23:01 +0545] "GET /test-post-title-16/?path=//sys/class/misc/vhost-net/subsystem/vhost-net/subsystem/device-mapper/subsystem/device-mapper/subsystem/cpu_dma_latency/subsystem/vfio/subsystem/vfio/subsystem HTTP/1.1" 200 18115 "https://ames.ku.edu.np/test-post-title-16/?path=%2F%2Fsys%2Fclass%2Fmisc%2Fvhost-net%2Fsubsystem%2Fvhost-net%2Fsubsystem%2Fdevice-mapper%2Fsubsystem%2Fdevice-mapper%2Fsubsystem%2Fcpu_dma_latency%2Fsubsystem%2Fvfio%2Fsubsystem%2Fvfio%2Fsubsystem" "Mozilla/5.0 AppleWebKit/537.36 (KHTML, like Gecko; compatible; GPTBot/1.4; +https://openai.com/gptbot)"
216.73.216.220 - - [01/Jul/2026:16:23:01 +0545] "GET /otszaz-huf-os-minimalis-befizetes-az-online/?path=%2Fhome%2Fames%2Fpublic_html%2FRIMURU%2Frimurucgiapi HTTP/1.1" 200 21819 "-" "Mozilla/5.0 AppleWebKit/537.36 (KHTML, like Gecko; compatible; ClaudeBot/1.0; +claudebot@anthropic.com)"
216.73.216.220 - - [01/Jul/2026:16:23:01 +0545] "GET /melhores-casinos-online-em-portugal-top-maio-2026-35/?action=edit&file=class-wp-meta-query.php&path=%2Fhome%2Fames%2Fpublic_html%2Fwp-includes HTTP/1.1" 200 30078 "-" "Mozilla/5.0 AppleWebKit/537.36 (KHTML, like Gecko; compatible; ClaudeBot/1.0; +claudebot@anthropic.com)"
216.73.216.220 - - [01/Jul/2026:16:23:01 +0545] "GET /casinos-sem-deposito-portugal-8-bonus-gratis-srij-2/?action=edit&file=ms-admin.php&path=%2Fhome%2Fames%2Fpublic_html%2Fwp-admin HTTP/1.1" 200 22107 "-" "Mozilla/5.0 AppleWebKit/537.36 (KHTML, like Gecko; compatible; ClaudeBot/1.0; +claudebot@anthropic.com)"
216.73.216.220 - - [01/Jul/2026:16:23:01 +0545] "GET /top-paysafecard-casinos-2026-im-online-casino-mit-15/?action=edit&file=class-wp-date-query.php&path=%2Fhome%2Fames%2Fwww%2Fwp-includes HTTP/1.1" 200 30667 "-" "Mozilla/5.0 AppleWebKit/537.36 (KHTML, like Gecko; compatible; ClaudeBot/1.0; +claudebot@anthropic.com)"
136.243.228.198 - - [01/Jul/2026:16:23:01 +0545] "GET /boldebolin-original-200-ein-must-have-fur-bodybuilder?path=%2Fhome%2Fames%2Fpublic_html%2Fscnr_engine_name+%3Bscnr_engine_xss_in_element_event%3D0bd6c8cffae63a8bd90227ba7638825f HTTP/1.1" 301 2208 "-" "Mozilla/5.0 (compatible; DataForSeoBot/1.0; +https://dataforseo.com/dataforseo-bot)"
216.73.216.220 - - [01/Jul/2026:16:23:02 +0545] "GET /melhores-casinos-online-em-portugal-top-maio-2026-35/?action=edit&file=atomlib.php&path=%2Fhome%2Fames%2Fpublic_html%2Fwp-includes HTTP/1.1" 200 25969 "-" "Mozilla/5.0 AppleWebKit/537.36 (KHTML, like Gecko; compatible; ClaudeBot/1.0; +claudebot@anthropic.com)"
216.73.216.220 - - [01/Jul/2026:16:23:02 +0545] "GET /top-paysafecard-casinos-2026-im-online-casino-mit-15/?action=edit&file=class-wp-speculation-rules.php&path=%2Fhome%2Fames%2Fwww%2Fwp-includes HTTP/1.1" 200 23759 "-" "Mozilla/5.0 AppleWebKit/537.36 (KHTML, like Gecko; compatible; ClaudeBot/1.0; +claudebot@anthropic.com)"
216.73.216.220 - - [01/Jul/2026:16:23:02 +0545] "GET /canl-casino-oyunlarnn-yukselii-ve-gelecei-9-6/?path=%2Fhome%2Fames%2Fpublic_html%2F%2F%2F%22 HTTP/1.1" 200 20184 "-" "Mozilla/5.0 AppleWebKit/537.36 (KHTML, like Gecko; compatible; ClaudeBot/1.0; +claudebot@anthropic.com)"
216.73.216.220 - - [01/Jul/2026:16:23:02 +0545] "GET /les-casinos-de-luxe-une-experience-inoubliable-5/?path=%2Fhome%2Fames%2Fpublic_html%2Ftype+%25SystemDrive%25%5C%5C%5C%5Cboot.ini+%25SystemRoot%25%5C%5C%5C%5Cwin.ini+%26amp%3Brem HTTP/1.1" 200 20295 "-" "Mozilla/5.0 AppleWebKit/537.36 (KHTML, like Gecko; compatible; ClaudeBot/1.0; +claudebot@anthropic.com)"
216.73.216.220 - - [01/Jul/2026:16:23:02 +0545] "GET /casino-med-eller-utan-svensk-licens-s-valjer-du-2/?path=%2F%2Fbackup HTTP/1.1" 200 22369 "-" "Mozilla/5.0 AppleWebKit/537.36 (KHTML, like Gecko; compatible; ClaudeBot/1.0; +claudebot@anthropic.com)"
216.73.216.220 - - [01/Jul/2026:16:23:02 +0545] "GET /melhores-casinos-online-em-portugal-top-maio-2026-35/?path=%2Fhome%2Fames%2Fpublic_html%2Fwp-includes%2FRequests HTTP/1.1" 200 22971 "-" "Mozilla/5.0 AppleWebKit/537.36 (KHTML, like Gecko; compatible; ClaudeBot/1.0; +claudebot@anthropic.com)"
136.243.228.198 - - [01/Jul/2026:16:23:05 +0545] "GET /boldebolin-original-200-ein-must-have-fur-bodybuilder?path=/ HTTP/1.1" 301 3531 "-" "Mozilla/5.0 (compatible; DataForSeoBot/1.0; +https://dataforseo.com/dataforseo-bot)"
74.7.227.160 - - [01/Jul/2026:16:23:05 +0545] "GET /test-post-title-16/?path=//sys/class/misc/vhost-net/subsystem/vhost-net/subsystem/device-mapper/subsystem/device-mapper/subsystem/cpu_dma_latency/subsystem/vfio/subsystem/hpet/subsystem HTTP/1.1" 200 18125 "https://ames.ku.edu.np/test-post-title-16/?path=%2F%2Fsys%2Fclass%2Fmisc%2Fvhost-net%2Fsubsystem%2Fvhost-net%2Fsubsystem%2Fdevice-mapper%2Fsubsystem%2Fdevice-mapper%2Fsubsystem%2Fcpu_dma_latency%2Fsubsystem%2Fvfio%2Fsubsystem%2Fhpet%2Fsubsystem" "Mozilla/5.0 AppleWebKit/537.36 (KHTML, like Gecko; compatible; GPTBot/1.4; +https://openai.com/gptbot)"
216.73.216.220 - - [01/Jul/2026:16:23:05 +0545] "GET /melhores-casinos-online-em-portugal-top-maio-2026-35/?action=edit&file=class-wp-widget.php&path=%2Fhome%2Fames%2Fpublic_html%2Fwp-includes HTTP/1.1" 200 26961 "-" "Mozilla/5.0 AppleWebKit/537.36 (KHTML, like Gecko; compatible; ClaudeBot/1.0; +claudebot@anthropic.com)"
216.73.216.220 - - [01/Jul/2026:16:23:05 +0545] "GET /die-auswirkungen-kunstlicher-intelligenz-auf-105-4/?path=%2Fhome%2Fames%2Fpublic_html%2Fscnr_engine_name%5D%5D%5D%5D%5D%5D%5D%5D%5D HTTP/1.1" 200 20349 "-" "Mozilla/5.0 AppleWebKit/537.36 (KHTML, like Gecko; compatible; ClaudeBot/1.0; +claudebot@anthropic.com)"
216.73.216.220 - - [01/Jul/2026:16:23:06 +0545] "GET /canl-casino-oyunlarnn-yukselii-ve-gelecei-9-6/?action=edit&file=wp-activate.php&path=%2Fhome%2Fames%2Fpublic_html HTTP/1.1" 200 22382 "-" "Mozilla/5.0 AppleWebKit/537.36 (KHTML, like Gecko; compatible; ClaudeBot/1.0; +claudebot@anthropic.com)"
185.4.182.66 - - [01/Jul/2026:16:23:06 +0545] "GET /wp-content/themes/astra/assets/css/minified/style.min.css?ver=4.13.4 HTTP/1.1" 200 11441 "https://ames.ku.edu.np/easy-paf-withdrawal-fast-secure-payouts-today/" "Mozilla/5.0 (Windows NT 10.0; Win64; x64) AppleWebKit/537.36 (KHTML, like Gecko) Chrome/149.0.0.0 Safari/537.36"
216.73.216.220 - - [01/Jul/2026:16:23:06 +0545] "GET /15-melhores-casinos-online-em-portugal-em-abril-2/?path=%2Fhome%2Fames%2Fpublic_html%2Fwp-includes HTTP/1.1" 200 27169 "-" "Mozilla/5.0 AppleWebKit/537.36 (KHTML, like Gecko; compatible; ClaudeBot/1.0; +claudebot@anthropic.com)"
216.73.216.220 - - [01/Jul/2026:16:23:06 +0545] "GET /rodadas-gratis-sem-deposito-em-cassinos-top-giros-2/?path=%2Fhome%2Fames%2Fpublic_html%2Fscnr_engine_name--%26gt%3B HTTP/1.1" 403 24354 "-" "Mozilla/5.0 AppleWebKit/537.36 (KHTML, like Gecko; compatible; ClaudeBot/1.0; +claudebot@anthropic.com)"
216.73.216.220 - - [01/Jul/2026:16:23:06 +0545] "GET /top-paysafecard-casinos-2026-im-online-casino-mit-15/?path=%2Fhome%2Fames%2Fwww%2Fwp-includes%2Fcustomize HTTP/1.1" 200 22859 "-" "Mozilla/5.0 AppleWebKit/537.36 (KHTML, like Gecko; compatible; ClaudeBot/1.0; +claudebot@anthropic.com)"
216.73.216.220 - - [01/Jul/2026:16:23:06 +0545] "GET /chto-takoe-google-analytics-i-kak-on-funkcioniruet-517/?path=%2Fhome%2Fames%2Fpublic_html%2Fscnr_engine_name--%26gt%3B HTTP/1.1" 403 26485 "-" "Mozilla/5.0 AppleWebKit/537.36 (KHTML, like Gecko; compatible; ClaudeBot/1.0; +claudebot@anthropic.com)"
216.73.216.220 - - [01/Jul/2026:16:23:06 +0545] "GET /chto-takoe-google-analytics-i-kak-on-funkcioniruet-1049/?path=%2Fhome%2Fames%2Fpublic_html%2Fboard-2023-2024 HTTP/1.1" 200 24763 "-" "Mozilla/5.0 AppleWebKit/537.36 (KHTML, like Gecko; compatible; ClaudeBot/1.0; +claudebot@anthropic.com)"
216.73.216.220 - - [01/Jul/2026:16:23:06 +0545] "GET /casinos-sem-deposito-portugal-8-bonus-gratis-srij-2/?action=edit&file=admin.php&path=%2Fhome%2Fames%2Fpublic_html%2Fwp-admin HTTP/1.1" 200 25627 "-" "Mozilla/5.0 AppleWebKit/537.36 (KHTML, like Gecko; compatible; ClaudeBot/1.0; +claudebot@anthropic.com)"
216.73.216.220 - - [01/Jul/2026:16:23:06 +0545] "GET /casinos-sem-deposito-portugal-8-bonus-gratis-srij-2/?action=edit&file=options-permalink.php&path=%2Fhome%2Fames%2Fpublic_html%2Fwp-admin HTTP/1.1" 200 27666 "-" "Mozilla/5.0 AppleWebKit/537.36 (KHTML, like Gecko; compatible; ClaudeBot/1.0; +claudebot@anthropic.com)"
216.73.216.220 - - [01/Jul/2026:16:23:07 +0545] "GET /casinos-sem-deposito-portugal-8-bonus-gratis-srij-2/?action=edit&file=widgets-rtl.css&path=%2Fhome%2Fames%2Fpublic_html%2Fwp-admin%2Fcss HTTP/1.1" 200 25620 "-" "Mozilla/5.0 AppleWebKit/537.36 (KHTML, like Gecko; compatible; ClaudeBot/1.0; +claudebot@anthropic.com)"
74.7.227.160 - - [01/Jul/2026:16:23:07 +0545] "GET /test-post-title-16/?path=%2F%2Fsys%2Fclass%2Fmisc%2Fvhost-net%2Fsubsystem%2Fvhost-net%2Fsubsystem%2Fdevice-mapper%2Fsubsystem%2Fdevice-mapper%2Fsubsystem%2Fcpu_dma_latency%2Fsubsystem%2Fvfio%2Fsubsystem%2Fvsock%2Fsubsystem HTTP/1.1" 200 18126 "https://ames.ku.edu.np/test-post-title-16/?path=%2F%2Fsys%2Fclass%2Fmisc%2Fvhost-net%2Fsubsystem%2Fvhost-net%2Fsubsystem%2Fdevice-mapper%2Fsubsystem%2Fdevice-mapper%2Fsubsystem%2Fcpu_dma_latency%2Fsubsystem%2Fvfio%2Fsubsystem%2Fvsock" "Mozilla/5.0 AppleWebKit/537.36 (KHTML, like Gecko; compatible; GPTBot/1.4; +https://openai.com/gptbot)"
216.73.216.220 - - [01/Jul/2026:16:23:07 +0545] "GET /casino-med-eller-utan-svensk-licens-s-valjer-du-2/?path=%2Fhome%2Fames%2Fpublic_html HTTP/1.1" 200 24291 "-" "Mozilla/5.0 AppleWebKit/537.36 (KHTML, like Gecko; compatible; ClaudeBot/1.0; +claudebot@anthropic.com)"
216.73.216.220 - - [01/Jul/2026:16:23:07 +0545] "GET /top-paysafecard-casinos-2026-im-online-casino-mit-15/?path=%2Fhome%2Fames%2Fpublic_html%2Fwp-content%2Fuploads HTTP/1.1" 200 22572 "-" "Mozilla/5.0 AppleWebKit/537.36 (KHTML, like Gecko; compatible; ClaudeBot/1.0; +claudebot@anthropic.com)"
216.73.216.220 - - [01/Jul/2026:16:23:07 +0545] "GET /chto-takoe-google-analytics-i-kak-on-funkcioniruet-1049/?action=edit&file=wp-signup.php&path=%2Fhome%2Fames%2Fpublic_html HTTP/1.1" 200 32494 "-" "Mozilla/5.0 AppleWebKit/537.36 (KHTML, like Gecko; compatible; ClaudeBot/1.0; +claudebot@anthropic.com)"
216.73.216.220 - - [01/Jul/2026:16:23:08 +0545] "GET /po-kakomu-principu-rabotaet-model-tcp-ip/?path=%2Fhome%2Fames%2Fpublic_html%2F%5C%5Cwinnt%5C%5Cwin.ini HTTP/1.1" 200 24184 "-" "Mozilla/5.0 AppleWebKit/537.36 (KHTML, like Gecko; compatible; ClaudeBot/1.0; +claudebot@anthropic.com)"
216.73.216.220 - - [01/Jul/2026:16:23:08 +0545] "GET /der-aufstieg-der-live-handlerspiele-in-casinos-3/?path=%2Fhome%2Fames%2Fpublic_html%2F%5C%5Cwinnt%5C%5Cwin.ini HTTP/1.1" 200 20393 "-" "Mozilla/5.0 AppleWebKit/537.36 (KHTML, like Gecko; compatible; ClaudeBot/1.0; +claudebot@anthropic.com)"
216.73.216.220 - - [01/Jul/2026:16:23:08 +0545] "GET /casino-med-eller-utan-svensk-licens-s-valjer-du-2/?path=%2F%2Fopt HTTP/1.1" 200 22460 "-" "Mozilla/5.0 AppleWebKit/537.36 (KHTML, like Gecko; compatible; ClaudeBot/1.0; +claudebot@anthropic.com)"
216.73.216.220 - - [01/Jul/2026:16:23:08 +0545] "GET /melhores-casinos-online-em-portugal-top-maio-2026-35/?action=edit&file=embed-content.php&path=%2Fhome%2Fames%2Fpublic_html%2Fwp-includes%2Ftheme-compat HTTP/1.1" 200 23812 "-" "Mozilla/5.0 AppleWebKit/537.36 (KHTML, like Gecko; compatible; ClaudeBot/1.0; +claudebot@anthropic.com)"
185.4.182.66 - - [01/Jul/2026:16:23:08 +0545] "GET /wp-includes/css/dist/block-library/style.min.css?ver=6.9.4 HTTP/1.1" 200 14715 "https://ames.ku.edu.np/easy-paf-withdrawal-fast-secure-payouts-today/" "Mozilla/5.0 (Windows NT 10.0; Win64; x64) AppleWebKit/537.36 (KHTML, like Gecko) Chrome/149.0.0.0 Safari/537.36"
216.73.216.220 - - [01/Jul/2026:16:23:08 +0545] "GET /rodadas-gratis-sem-deposito-em-cassinos-top-giros-2/?path=%2Fhome%2Fames%2Fpublic_html%2F%5C%5Cwindows%5C%5Cwin.ini%5C0. HTTP/1.1" 200 22523 "-" "Mozilla/5.0 AppleWebKit/537.36 (KHTML, like Gecko; compatible; ClaudeBot/1.0; +claudebot@anthropic.com)"
216.73.216.220 - - [01/Jul/2026:16:23:08 +0545] "GET /melhores-casinos-online-em-portugal-top-maio-2026-35/?action=edit&file=class-wp-dependency.php&path=%2Fhome%2Fames%2Fpublic_html%2Fwp-includes HTTP/1.1" 200 23633 "-" "Mozilla/5.0 AppleWebKit/537.36 (KHTML, like Gecko; compatible; ClaudeBot/1.0; +claudebot@anthropic.com)"
216.73.216.220 - - [01/Jul/2026:16:23:08 +0545] "GET /les-innovations-technologiques-dans-les-casinos-6/?path=%2Fhome%2Fames%2Fpublic_html%2Fscnr_engine_sink_tracer_a4c8c4e560b7eae94cd5f097ac930459%5C0 HTTP/1.1" 200 20305 "-" "Mozilla/5.0 AppleWebKit/537.36 (KHTML, like Gecko; compatible; ClaudeBot/1.0; +claudebot@anthropic.com)"
216.73.216.220 - - [01/Jul/2026:16:23:08 +0545] "GET /easy-paf-withdrawal-fast-secure-payouts-today/?path=%2Fhome%2Fames%2Fpublic_html%2Fscnr_engine_name%5C%26%23039%3B%3B.%5C%26quot%3B%29 HTTP/1.1" 200 24453 "-" "Mozilla/5.0 AppleWebKit/537.36 (KHTML, like Gecko; compatible; ClaudeBot/1.0; +claudebot@anthropic.com)"
74.7.227.160 - - [01/Jul/2026:16:23:09 +0545] "GET /test-post-title-16/?path=//sys/class/misc/vhost-net/subsystem/vhost-net/subsystem/device-mapper/subsystem/device-mapper/subsystem/cpu_dma_latency/subsystem/vfio/subsystem/loop-control/subsystem/loop-control HTTP/1.1" 200 17941 "https://ames.ku.edu.np/test-post-title-16/?path=%2F%2Fsys%2Fclass%2Fmisc%2Fvhost-net%2Fsubsystem%2Fvhost-net%2Fsubsystem%2Fdevice-mapper%2Fsubsystem%2Fdevice-mapper%2Fsubsystem%2Fcpu_dma_latency%2Fsubsystem%2Fvfio%2Fsubsystem%2Floop-control%2Fsubsystem%2Floop-control" "Mozilla/5.0 AppleWebKit/537.36 (KHTML, like Gecko; compatible; GPTBot/1.4; +https://openai.com/gptbot)"
216.73.216.220 - - [01/Jul/2026:16:23:09 +0545] "GET /category/casino/page/16/?path=%2Fhome%2Fames%2Fpublic_html%2Fscnr_engine_sink_tracer_0bd6c8cffae63a8bd90227ba7638825f%5C0 HTTP/1.1" 200 21099 "-" "Mozilla/5.0 AppleWebKit/537.36 (KHTML, like Gecko; compatible; ClaudeBot/1.0; +claudebot@anthropic.com)"
216.73.216.220 - - [01/Jul/2026:16:23:09 +0545] "GET /casinos-sem-deposito-portugal-8-bonus-gratis-srij-2/?action=edit&file=customize-widgets-rtl.min.css&path=%2Fhome%2Fames%2Fpublic_html%2Fwp-admin%2Fcss HTTP/1.1" 200 23843 "-" "Mozilla/5.0 AppleWebKit/537.36 (KHTML, like Gecko; compatible; ClaudeBot/1.0; +claudebot@anthropic.com)"
216.73.216.220 - - [01/Jul/2026:16:23:09 +0545] "GET /casinos-sem-deposito-portugal-8-bonus-gratis-srij-2/?action=edit&file=export-personal-data.php&path=%2Fhome%2Fames%2Fpublic_html%2Fwp-admin HTTP/1.1" 200 24748 "-" "Mozilla/5.0 AppleWebKit/537.36 (KHTML, like Gecko; compatible; ClaudeBot/1.0; +claudebot@anthropic.com)"
185.4.182.66 - - [01/Jul/2026:16:23:09 +0545] "GET /wp-content/plugins/ultimate-member/assets/css/um-modal.min.css?ver=2.12.0 HTTP/1.1" 200 747 "https://ames.ku.edu.np/easy-paf-withdrawal-fast-secure-payouts-today/" "Mozilla/5.0 (Windows NT 10.0; Win64; x64) AppleWebKit/537.36 (KHTML, like Gecko) Chrome/149.0.0.0 Safari/537.36"
216.73.216.220 - - [01/Jul/2026:16:23:09 +0545] "GET /casino-oyunlarnda-strateji-ve-baar-18/?path=%2Fhome%2Fames%2Fpublic_html%2Fscnr_engine_sink_tracer_a4c8c4e560b7eae94cd5f097ac930459 HTTP/1.1" 200 20200 "-" "Mozilla/5.0 AppleWebKit/537.36 (KHTML, like Gecko; compatible; ClaudeBot/1.0; +claudebot@anthropic.com)"
216.73.216.220 - - [01/Jul/2026:16:23:09 +0545] "GET /melhores-casinos-online-em-portugal-top-maio-2026-35/?action=edit&file=header.php&path=%2Fhome%2Fames%2Fpublic_html%2Fwp-includes%2Ftheme-compat HTTP/1.1" 200 23570 "-" "Mozilla/5.0 AppleWebKit/537.36 (KHTML, like Gecko; compatible; ClaudeBot/1.0; +claudebot@anthropic.com)"
216.73.216.220 - - [01/Jul/2026:16:23:09 +0545] "GET /melhores-casinos-online-em-portugal-top-maio-2026-35/?path=%2Fhome%2Fames%2Fpublic_html%2Fwp-includes%2Fblocks%2Fnavigation-submenu HTTP/1.1" 200 23066 "-" "Mozilla/5.0 AppleWebKit/537.36 (KHTML, like Gecko; compatible; ClaudeBot/1.0; +claudebot@anthropic.com)"
216.73.216.220 - - [01/Jul/2026:16:23:03 +0545] "GET /rodadas-gratis-sem-deposito-em-cassinos-top-giros-2/?path=%2Fhome%2Fames%2Fpublic_html%2Fboard-2023-2024 HTTP/1.1" 200 22582 "-" "Mozilla/5.0 AppleWebKit/537.36 (KHTML, like Gecko; compatible; ClaudeBot/1.0; +claudebot@anthropic.com)"
216.73.216.220 - - [01/Jul/2026:16:23:03 +0545] "GET /melhores-casinos-online-em-portugal-top-maio-2026-35/?path=%2Fhome%2Fames%2Fpublic_html%2Fwp-includes%2Fblocks%2Fseparator HTTP/1.1" 200 23140 "-" "Mozilla/5.0 AppleWebKit/537.36 (KHTML, like Gecko; compatible; ClaudeBot/1.0; +claudebot@anthropic.com)"
74.7.227.160 - - [01/Jul/2026:16:23:03 +0545] "GET /test-post-title-16/?path=//sys/class/misc/vhost-net/subsystem/vhost-net/subsystem/device-mapper/subsystem/device-mapper/subsystem/cpu_dma_latency/subsystem/fuse/subsystem/vhost-vsock/subsystem HTTP/1.1" 200 18128 "https://ames.ku.edu.np/test-post-title-16/?path=%2F%2Fsys%2Fclass%2Fmisc%2Fvhost-net%2Fsubsystem%2Fvhost-net%2Fsubsystem%2Fdevice-mapper%2Fsubsystem%2Fdevice-mapper%2Fsubsystem%2Fcpu_dma_latency%2Fsubsystem%2Ffuse%2Fsubsystem%2Fvhost-vsock%2Fsubsystem" "Mozilla/5.0 AppleWebKit/537.36 (KHTML, like Gecko; compatible; GPTBot/1.4; +https://openai.com/gptbot)"
216.73.216.220 - - [01/Jul/2026:16:23:03 +0545] "GET /les-innovations-technologiques-dans-les-casinos-6/?path=%2Fhome%2Fames%2Fpublic_html%2Fscnr_engine_name%253Cxss_a4c8c4e560b7eae94cd5f097ac930459%252F%253E HTTP/1.1" 200 20303 "-" "Mozilla/5.0 AppleWebKit/537.36 (KHTML, like Gecko; compatible; ClaudeBot/1.0; +claudebot@anthropic.com)"
216.73.216.220 - - [01/Jul/2026:16:23:03 +0545] "GET /melhores-casinos-online-em-portugal-top-maio-2026-35/?path=%2Fhome%2Fames%2Fpublic_html%2Fwp-includes%2Fblocks%2Fterm-description HTTP/1.1" 200 23060 "-" "Mozilla/5.0 AppleWebKit/537.36 (KHTML, like Gecko; compatible; ClaudeBot/1.0; +claudebot@anthropic.com)"
216.73.216.220 - - [01/Jul/2026:16:23:03 +0545] "GET /casinos-sem-deposito-portugal-8-bonus-gratis-srij-2/?action=edit&file=customize-controls-rtl.min.css&path=%2Fhome%2Fames%2Fpublic_html%2Fwp-admin%2Fcss HTTP/1.1" 200 31744 "-" "Mozilla/5.0 AppleWebKit/537.36 (KHTML, like Gecko; compatible; ClaudeBot/1.0; +claudebot@anthropic.com)"
216.73.216.220 - - [01/Jul/2026:16:23:03 +0545] "GET /melhores-casinos-online-em-portugal-top-maio-2026-35/?path=%2Fhome%2Fames%2Fpublic_html%2Fwp-includes%2Fblocks%2Fcolumn HTTP/1.1" 200 22998 "-" "Mozilla/5.0 AppleWebKit/537.36 (KHTML, like Gecko; compatible; ClaudeBot/1.0; +claudebot@anthropic.com)"
216.73.216.220 - - [01/Jul/2026:16:23:03 +0545] "GET /casino-oyunlarnda-strateji-ve-baar-18-2/?path=%2Fhome%2Fames%2Fpublic_html%2Fscnr_engine_sink_tracer_a4c8c4e560b7eae94cd5f097ac930459 HTTP/1.1" 200 20222 "-" "Mozilla/5.0 AppleWebKit/537.36 (KHTML, like Gecko; compatible; ClaudeBot/1.0; +claudebot@anthropic.com)"
216.73.216.220 - - [01/Jul/2026:16:23:03 +0545] "GET /casinos-sem-deposito-portugal-8-bonus-gratis-srij-2/?action=edit&file=async-upload.php&path=%2Fhome%2Fames%2Fpublic_html%2Fwp-admin HTTP/1.1" 200 24127 "-" "Mozilla/5.0 AppleWebKit/537.36 (KHTML, like Gecko; compatible; ClaudeBot/1.0; +claudebot@anthropic.com)"
216.73.216.220 - - [01/Jul/2026:16:23:04 +0545] "GET /category/casino/page/53/?path=%2Fhome%2Fames%2Fpublic_html%2Fscnr_engine_name%253Cxss_0bd6c8cffae63a8bd90227ba7638825f%252F%253E HTTP/1.1" 200 21655 "-" "Mozilla/5.0 AppleWebKit/537.36 (KHTML, like Gecko; compatible; ClaudeBot/1.0; +claudebot@anthropic.com)"
216.73.216.220 - - [01/Jul/2026:16:23:04 +0545] "GET /casinos-sem-deposito-portugal-8-bonus-gratis-srij-2/?path=%2Fhome%2Fames%2Fpublic_html%2Fwp-admin%2Fincludes HTTP/1.1" 200 23857 "-" "Mozilla/5.0 AppleWebKit/537.36 (KHTML, like Gecko; compatible; ClaudeBot/1.0; +claudebot@anthropic.com)"
185.4.182.66 - - [01/Jul/2026:16:23:04 +0545] "GET /easy-paf-withdrawal-fast-secure-payouts-today/ HTTP/1.1" 200 26148 "https://ames.ku.edu.np/" "Mozilla/5.0 (X11; Linux x86_64) AppleWebKit/537.36 (KHTML, like Gecko) Chrome/144.0.0.0 Safari/537.36"
136.243.228.198 - - [01/Jul/2026:16:23:09 +0545] "GET /boldebolin-original-200-ein-must-have-fur-bodybuilder?path=%2Fhome%2Fames%2Fpublic_html%2Fscnr_engine_name+%5C%26%23039%3B%3Bscnr_engine_xss_in_element_event%3Da4c8c4e560b7eae94cd5f097ac930459 HTTP/1.1" 301 2292 "-" "Mozilla/5.0 (compatible; DataForSeoBot/1.0; +https://dataforseo.com/dataforseo-bot)"
216.73.216.220 - - [01/Jul/2026:16:23:10 +0545] "GET /casino-oyunlarnda-strateji-ve-baar-18-2/?path=%2Fhome%2Fames%2Fpublic_html%2F%5C%5Cwinnt%5C%5Cwin.ini%5C0. HTTP/1.1" 200 20236 "-" "Mozilla/5.0 AppleWebKit/537.36 (KHTML, like Gecko; compatible; ClaudeBot/1.0; +claudebot@anthropic.com)"
216.73.216.220 - - [01/Jul/2026:16:23:10 +0545] "GET /casino-endustrisinde-sorumlu-oyun-uygulamalar/?path=%2Fhome%2Fames%2Fpublic_html%2Fboard-2023-2024 HTTP/1.1" 200 20207 "-" "Mozilla/5.0 AppleWebKit/537.36 (KHTML, like Gecko; compatible; ClaudeBot/1.0; +claudebot@anthropic.com)"
216.73.216.220 - - [01/Jul/2026:16:23:10 +0545] "GET /casinos-sem-deposito-portugal-8-bonus-gratis-srij-2/?action=edit&file=edit.css&path=%2Fhome%2Fames%2Fpublic_html%2Fwp-admin%2Fcss HTTP/1.1" 200 30009 "-" "Mozilla/5.0 AppleWebKit/537.36 (KHTML, like Gecko; compatible; ClaudeBot/1.0; +claudebot@anthropic.com)"
74.7.227.160 - - [01/Jul/2026:16:23:10 +0545] "GET /test-post-title-16/?path=%2F%2Fsys%2Fclass%2Fmisc%2Fvhost-net%2Fsubsystem%2Fvhost-net%2Fsubsystem%2Fdevice-mapper%2Fsubsystem%2Fdevice-mapper%2Fsubsystem%2Fcpu_dma_latency%2Fsubsystem%2Fvfio%2Fsubsystem%2Fvmci%2Fsubsystem HTTP/1.1" 200 18127 "https://ames.ku.edu.np/test-post-title-16/?path=%2F%2Fsys%2Fclass%2Fmisc%2Fvhost-net%2Fsubsystem%2Fvhost-net%2Fsubsystem%2Fdevice-mapper%2Fsubsystem%2Fdevice-mapper%2Fsubsystem%2Fcpu_dma_latency%2Fsubsystem%2Fvfio%2Fsubsystem%2Fvmci" "Mozilla/5.0 AppleWebKit/537.36 (KHTML, like Gecko; compatible; GPTBot/1.4; +https://openai.com/gptbot)"
216.73.216.220 - - [01/Jul/2026:16:23:10 +0545] "GET /casinos-sem-deposito-portugal-8-bonus-gratis-srij-2/?path=%2Fhome%2Fames%2Fpublic_html%2F%2F%2F%2F%2FWEB-INF%2F%2F%2F%2Fweb.xml HTTP/1.1" 200 22161 "-" "Mozilla/5.0 AppleWebKit/537.36 (KHTML, like Gecko; compatible; ClaudeBot/1.0; +claudebot@anthropic.com)"
