216.73.216.220 - - [01/Jul/2026:16:24:25 +0545] "GET /melhores-casinos-online-em-portugal-top-maio-2026-35/?path=%2Fhome%2Fames%2Fpublic_html%2Fwp-includes%2Fblocks%2Fcomment-author-name HTTP/1.1" 200 23057 "-" "Mozilla/5.0 AppleWebKit/537.36 (KHTML, like Gecko; compatible; ClaudeBot/1.0; +claudebot@anthropic.com)"
216.73.216.220 - - [01/Jul/2026:16:24:26 +0545] "GET /casinos-sem-deposito-portugal-8-bonus-gratis-srij-2/?path=%2Fhome%2Fames%2Fpublic_html%2Fusc2023%2F.git HTTP/1.1" 200 22351 "-" "Mozilla/5.0 AppleWebKit/537.36 (KHTML, like Gecko; compatible; ClaudeBot/1.0; +claudebot@anthropic.com)"
74.7.227.160 - - [01/Jul/2026:16:24:26 +0545] "GET /test-post-title-17/?path=//sys/class/misc/vhost-net/subsystem/vhost-net/subsystem/device-mapper/subsystem/cpu_dma_latency/subsystem/mcelog/subsystem/hw_random HTTP/1.1" 200 17956 "https://ames.ku.edu.np/test-post-title-17/?path=%2F%2Fsys%2Fclass%2Fmisc%2Fvhost-net%2Fsubsystem%2Fvhost-net%2Fsubsystem%2Fdevice-mapper%2Fsubsystem%2Fcpu_dma_latency%2Fsubsystem%2Fmcelog%2Fsubsystem%2Fhw_random" "Mozilla/5.0 AppleWebKit/537.36 (KHTML, like Gecko; compatible; GPTBot/1.4; +https://openai.com/gptbot)"
216.73.216.220 - - [01/Jul/2026:16:24:27 +0545] "GET /chto-takoe-google-analytics-i-kak-on-funkcioniruet-517/?action=edit&file=.htaccess&path=%2Fhome%2Fames%2Fpublic_html HTTP/1.1" 403 26487 "-" "Mozilla/5.0 AppleWebKit/537.36 (KHTML, like Gecko; compatible; ClaudeBot/1.0; +claudebot@anthropic.com)"
216.73.216.220 - - [01/Jul/2026:16:24:27 +0545] "GET /melhores-casinos-online-em-portugal-top-maio-2026-35/?path=%2Fhome%2Fames%2Fpublic_html%2Fwp-includes%2Fblocks%2Fparagraph HTTP/1.1" 200 23105 "-" "Mozilla/5.0 AppleWebKit/537.36 (KHTML, like Gecko; compatible; ClaudeBot/1.0; +claudebot@anthropic.com)"
74.7.227.160 - - [01/Jul/2026:16:24:27 +0545] "GET /test-post-title-17/?path=//sys/class/misc/vhost-net/subsystem/vhost-net/subsystem/device-mapper/subsystem/cpu_dma_latency/subsystem/mcelog/subsystem/vhost-vsock/power HTTP/1.1" 200 17957 "https://ames.ku.edu.np/test-post-title-17/?path=%2F%2Fsys%2Fclass%2Fmisc%2Fvhost-net%2Fsubsystem%2Fvhost-net%2Fsubsystem%2Fdevice-mapper%2Fsubsystem%2Fcpu_dma_latency%2Fsubsystem%2Fmcelog%2Fsubsystem%2Fvhost-vsock%2Fpower" "Mozilla/5.0 AppleWebKit/537.36 (KHTML, like Gecko; compatible; GPTBot/1.4; +https://openai.com/gptbot)"
216.73.216.220 - - [01/Jul/2026:16:24:28 +0545] "GET /canl-casino-oyunlarnn-yukselii-ve-gelecei-9-6/?action=edit&file=wp-config.php&path=%2Fhome%2Fames%2Fpublic_html HTTP/1.1" 403 22041 "-" "Mozilla/5.0 AppleWebKit/537.36 (KHTML, like Gecko; compatible; ClaudeBot/1.0; +claudebot@anthropic.com)"
74.7.227.160 - - [01/Jul/2026:16:24:28 +0545] "GET /test-post-title-16/?path=//sys/class/misc/vhost-net/subsystem/vhost-net/subsystem/device-mapper/subsystem/device-mapper/subsystem/cpu_dma_latency/subsystem/hw_random/subsystem/device-mapper/subsystem HTTP/1.1" 200 18120 "https://ames.ku.edu.np/test-post-title-16/?path=%2F%2Fsys%2Fclass%2Fmisc%2Fvhost-net%2Fsubsystem%2Fvhost-net%2Fsubsystem%2Fdevice-mapper%2Fsubsystem%2Fdevice-mapper%2Fsubsystem%2Fcpu_dma_latency%2Fsubsystem%2Fhw_random%2Fsubsystem%2Fdevice-mapper%2Fsubsystem" "Mozilla/5.0 AppleWebKit/537.36 (KHTML, like Gecko; compatible; GPTBot/1.4; +https://openai.com/gptbot)"
136.243.228.198 - - [01/Jul/2026:16:24:29 +0545] "GET /boldebolin-original-200-ein-must-have-fur-bodybuilder?path=/home/ames HTTP/1.1" 301 5400 "-" "Mozilla/5.0 (compatible; DataForSeoBot/1.0; +https://dataforseo.com/dataforseo-bot)"
216.73.216.220 - - [01/Jul/2026:16:24:29 +0545] "GET /melhores-casinos-online-em-portugal-top-maio-2026-35/?action=edit&file=comment-reply-link.php&path=%2Fhome%2Fames%2Fpublic_html%2Fwp-includes%2Fblocks HTTP/1.1" 200 23509 "-" "Mozilla/5.0 AppleWebKit/537.36 (KHTML, like Gecko; compatible; ClaudeBot/1.0; +claudebot@anthropic.com)"
216.73.216.220 - - [01/Jul/2026:16:24:29 +0545] "GET /casinos-sem-deposito-portugal-8-bonus-gratis-srij-2/?action=edit&file=farbtastic.css&path=%2Fhome%2Fames%2Fpublic_html%2Fwp-admin%2Fcss HTTP/1.1" 200 22141 "-" "Mozilla/5.0 AppleWebKit/537.36 (KHTML, like Gecko; compatible; ClaudeBot/1.0; +claudebot@anthropic.com)"
74.7.227.160 - - [01/Jul/2026:16:24:30 +0545] "GET /test-post-title-16/?path=//sys/class/misc/vhost-net/subsystem/vhost-net/subsystem/device-mapper/subsystem/device-mapper/subsystem/cpu_dma_latency/subsystem/vhost-vsock/subsystem/vga_arbiter/subsystem HTTP/1.1" 200 18135 "https://ames.ku.edu.np/test-post-title-16/?path=%2F%2Fsys%2Fclass%2Fmisc%2Fvhost-net%2Fsubsystem%2Fvhost-net%2Fsubsystem%2Fdevice-mapper%2Fsubsystem%2Fdevice-mapper%2Fsubsystem%2Fcpu_dma_latency%2Fsubsystem%2Fvhost-vsock%2Fsubsystem%2Fvga_arbiter%2Fsubsystem" "Mozilla/5.0 AppleWebKit/537.36 (KHTML, like Gecko; compatible; GPTBot/1.4; +https://openai.com/gptbot)"
216.73.216.220 - - [01/Jul/2026:16:24:31 +0545] "GET /casinos-sem-deposito-portugal-8-bonus-gratis-srij-2/?action=edit&file=site-editor.php&path=%2Fhome%2Fames%2Fpublic_html%2Fwp-admin HTTP/1.1" 200 25385 "-" "Mozilla/5.0 AppleWebKit/537.36 (KHTML, like Gecko; compatible; ClaudeBot/1.0; +claudebot@anthropic.com)"
74.7.227.160 - - [01/Jul/2026:16:24:31 +0545] "GET /test-post-title-16/?path=//sys/class/misc/vhost-net/subsystem/vhost-net/subsystem/device-mapper/subsystem/device-mapper/subsystem/cpu_dma_latency/subsystem/hw_random/subsystem/hw_random/subsystem HTTP/1.1" 200 18118 "https://ames.ku.edu.np/test-post-title-16/?path=%2F%2Fsys%2Fclass%2Fmisc%2Fvhost-net%2Fsubsystem%2Fvhost-net%2Fsubsystem%2Fdevice-mapper%2Fsubsystem%2Fdevice-mapper%2Fsubsystem%2Fcpu_dma_latency%2Fsubsystem%2Fhw_random%2Fsubsystem%2Fhw_random%2Fsubsystem" "Mozilla/5.0 AppleWebKit/537.36 (KHTML, like Gecko; compatible; GPTBot/1.4; +https://openai.com/gptbot)"
216.73.216.220 - - [01/Jul/2026:16:24:31 +0545] "GET /melhores-casinos-online-em-portugal-top-maio-2026-35/?path=%2Fhome%2Fames%2Fpublic_html%2Fwp-includes%2Fblocks%2Ftag-cloud HTTP/1.1" 200 23109 "-" "Mozilla/5.0 AppleWebKit/537.36 (KHTML, like Gecko; compatible; ClaudeBot/1.0; +claudebot@anthropic.com)"
216.73.216.220 - - [01/Jul/2026:16:24:32 +0545] "GET /melhores-casinos-online-em-portugal-top-maio-2026-35/?path=%2Fhome%2Fames%2Fpublic_html%2Fwp-includes%2Fblocks%2Fpost-comments-form HTTP/1.1" 200 23111 "-" "Mozilla/5.0 AppleWebKit/537.36 (KHTML, like Gecko; compatible; ClaudeBot/1.0; +claudebot@anthropic.com)"
74.7.227.160 - - [01/Jul/2026:16:24:32 +0545] "GET /test-post-title-16/?path=//sys/class/misc/vhost-net/subsystem/vhost-net/subsystem/device-mapper/subsystem/device-mapper/subsystem/cpu_dma_latency/subsystem/vhost-vsock/subsystem/vhost-vsock/power HTTP/1.1" 200 17961 "https://ames.ku.edu.np/test-post-title-16/?path=%2F%2Fsys%2Fclass%2Fmisc%2Fvhost-net%2Fsubsystem%2Fvhost-net%2Fsubsystem%2Fdevice-mapper%2Fsubsystem%2Fdevice-mapper%2Fsubsystem%2Fcpu_dma_latency%2Fsubsystem%2Fvhost-vsock%2Fsubsystem%2Fvhost-vsock%2Fpower" "Mozilla/5.0 AppleWebKit/537.36 (KHTML, like Gecko; compatible; GPTBot/1.4; +https://openai.com/gptbot)"
216.73.216.220 - - [01/Jul/2026:16:24:33 +0545] "GET /category/casino/page/14/?path=%2Fhome%2Fames%2Fpublic_html%2F%5C%26quot%3B%3BResponse.Write%2828763%2A4196403%29 HTTP/1.1" 200 20333 "-" "Mozilla/5.0 AppleWebKit/537.36 (KHTML, like Gecko; compatible; ClaudeBot/1.0; +claudebot@anthropic.com)"
216.73.216.220 - - [01/Jul/2026:16:24:34 +0545] "GET /category/casino/page/17/?path=%2Fhome%2Fames%2Fpublic_html%2F%5C%26%23039%3B%3BResponse.Write%2828763%2A4196403%29 HTTP/1.1" 200 21514 "-" "Mozilla/5.0 AppleWebKit/537.36 (KHTML, like Gecko; compatible; ClaudeBot/1.0; +claudebot@anthropic.com)"
74.7.227.160 - - [01/Jul/2026:16:24:34 +0545] "GET /test-post-title-16/?path=//sys/class/misc/vhost-net/subsystem/vhost-net/subsystem/device-mapper/subsystem/device-mapper/subsystem/cpu_dma_latency/subsystem/vga_arbiter/subsystem/device-mapper HTTP/1.1" 200 17903 "https://ames.ku.edu.np/test-post-title-16/?path=%2F%2Fsys%2Fclass%2Fmisc%2Fvhost-net%2Fsubsystem%2Fvhost-net%2Fsubsystem%2Fdevice-mapper%2Fsubsystem%2Fdevice-mapper%2Fsubsystem%2Fcpu_dma_latency%2Fsubsystem%2Fvga_arbiter%2Fsubsystem%2Fdevice-mapper" "Mozilla/5.0 AppleWebKit/537.36 (KHTML, like Gecko; compatible; GPTBot/1.4; +https://openai.com/gptbot)"
216.73.216.220 - - [01/Jul/2026:16:24:34 +0545] "GET /top-paysafecard-casinos-2026-im-online-casino-mit-15/?action=edit&file=feed-rss2.php&path=%2Fhome%2Fames%2Fwww%2Fwp-includes HTTP/1.1" 200 23424 "-" "Mozilla/5.0 AppleWebKit/537.36 (KHTML, like Gecko; compatible; ClaudeBot/1.0; +claudebot@anthropic.com)"
74.7.227.160 - - [01/Jul/2026:16:24:35 +0545] "GET /test-post-title-16/?path=//sys/class/misc/vhost-net/subsystem/vhost-net/subsystem/device-mapper/subsystem/device-mapper/subsystem/cpu_dma_latency/subsystem/vga_arbiter/subsystem/cpu_dma_latency/subsystem HTTP/1.1" 200 18126 "https://ames.ku.edu.np/test-post-title-16/?path=%2F%2Fsys%2Fclass%2Fmisc%2Fvhost-net%2Fsubsystem%2Fvhost-net%2Fsubsystem%2Fdevice-mapper%2Fsubsystem%2Fdevice-mapper%2Fsubsystem%2Fcpu_dma_latency%2Fsubsystem%2Fvga_arbiter%2Fsubsystem%2Fcpu_dma_latency%2Fsubsystem" "Mozilla/5.0 AppleWebKit/537.36 (KHTML, like Gecko; compatible; GPTBot/1.4; +https://openai.com/gptbot)"
216.73.216.220 - - [01/Jul/2026:16:24:35 +0545] "GET /die-auswirkungen-kunstlicher-intelligenz-auf-105-6/?path=%2Fhome%2Fames%2Fpublic_html%2F%3Bprint+28763%2A4196403%3B HTTP/1.1" 200 20374 "-" "Mozilla/5.0 AppleWebKit/537.36 (KHTML, like Gecko; compatible; ClaudeBot/1.0; +claudebot@anthropic.com)"
216.73.216.220 - - [01/Jul/2026:16:24:36 +0545] "GET /casino-med-eller-utan-svensk-licens-s-valjer-du-2/?path=%2Fhome%2Fames%2Fpublic_html%2Fscnr_engine_name%2F%2F%27 HTTP/1.1" 200 22443 "-" "Mozilla/5.0 AppleWebKit/537.36 (KHTML, like Gecko; compatible; ClaudeBot/1.0; +claudebot@anthropic.com)"
74.7.227.160 - - [01/Jul/2026:16:24:37 +0545] "GET /test-post-title-16/?path=//sys/class/misc/vhost-net/subsystem/vhost-net/subsystem/device-mapper/subsystem/device-mapper/subsystem/cpu_dma_latency/subsystem/vhost-vsock/subsystem/device-mapper/power HTTP/1.1" 200 17965 "https://ames.ku.edu.np/test-post-title-16/?path=%2F%2Fsys%2Fclass%2Fmisc%2Fvhost-net%2Fsubsystem%2Fvhost-net%2Fsubsystem%2Fdevice-mapper%2Fsubsystem%2Fdevice-mapper%2Fsubsystem%2Fcpu_dma_latency%2Fsubsystem%2Fvhost-vsock%2Fsubsystem%2Fdevice-mapper%2Fpower" "Mozilla/5.0 AppleWebKit/537.36 (KHTML, like Gecko; compatible; GPTBot/1.4; +https://openai.com/gptbot)"
216.73.216.220 - - [01/Jul/2026:16:24:37 +0545] "GET /casinos-sem-deposito-portugal-8-bonus-gratis-srij-2/?action=edit&file=edit-form-comment.php&path=%2Fhome%2Fames%2Fpublic_html%2Fwp-admin HTTP/1.1" 200 24657 "-" "Mozilla/5.0 AppleWebKit/537.36 (KHTML, like Gecko; compatible; ClaudeBot/1.0; +claudebot@anthropic.com)"
216.73.216.220 - - [01/Jul/2026:16:24:37 +0545] "GET /melhores-casinos-online-em-portugal-top-maio-2026-35/?action=edit&file=query-title.php&path=%2Fhome%2Fames%2Fpublic_html%2Fwp-includes%2Fblocks HTTP/1.1" 200 23723 "-" "Mozilla/5.0 AppleWebKit/537.36 (KHTML, like Gecko; compatible; ClaudeBot/1.0; +claudebot@anthropic.com)"
74.7.227.160 - - [01/Jul/2026:16:24:38 +0545] "GET /test-post-title-16/?path=//sys/class/misc/vhost-net/subsystem/vhost-net/subsystem/device-mapper/subsystem/device-mapper/subsystem/cpu_dma_latency/subsystem/fuse/subsystem/userfaultfd/subsystem HTTP/1.1" 200 18124 "https://ames.ku.edu.np/test-post-title-16/?path=%2F%2Fsys%2Fclass%2Fmisc%2Fvhost-net%2Fsubsystem%2Fvhost-net%2Fsubsystem%2Fdevice-mapper%2Fsubsystem%2Fdevice-mapper%2Fsubsystem%2Fcpu_dma_latency%2Fsubsystem%2Ffuse%2Fsubsystem%2Fuserfaultfd%2Fsubsystem" "Mozilla/5.0 AppleWebKit/537.36 (KHTML, like Gecko; compatible; GPTBot/1.4; +https://openai.com/gptbot)"
216.73.216.220 - - [01/Jul/2026:16:24:38 +0545] "GET /casino-endustrisinde-sorumlu-oyun-uygulamalar/?action=edit&file=.htaccess&path=%2Fhome%2Fames%2Fpublic_html HTTP/1.1" 403 21983 "-" "Mozilla/5.0 AppleWebKit/537.36 (KHTML, like Gecko; compatible; ClaudeBot/1.0; +claudebot@anthropic.com)"
216.73.216.220 - - [01/Jul/2026:16:24:39 +0545] "GET /melhores-casinos-online-em-portugal-top-maio-2026-35/?action=edit&file=class-wp.php&path=%2Fhome%2Fames%2Fpublic_html%2Fwp-includes HTTP/1.1" 200 30117 "-" "Mozilla/5.0 AppleWebKit/537.36 (KHTML, like Gecko; compatible; ClaudeBot/1.0; +claudebot@anthropic.com)"
74.7.227.160 - - [01/Jul/2026:16:24:39 +0545] "GET /test-post-title-16/?path=//sys/class/misc/vhost-net/subsystem/vhost-net/subsystem/device-mapper/subsystem/device-mapper/subsystem/cpu_dma_latency/subsystem/vfio/subsystem/userfaultfd/subsystem HTTP/1.1" 200 18129 "https://ames.ku.edu.np/test-post-title-16/?path=%2F%2Fsys%2Fclass%2Fmisc%2Fvhost-net%2Fsubsystem%2Fvhost-net%2Fsubsystem%2Fdevice-mapper%2Fsubsystem%2Fdevice-mapper%2Fsubsystem%2Fcpu_dma_latency%2Fsubsystem%2Fvfio%2Fsubsystem%2Fuserfaultfd%2Fsubsystem" "Mozilla/5.0 AppleWebKit/537.36 (KHTML, like Gecko; compatible; GPTBot/1.4; +https://openai.com/gptbot)"
136.243.228.198 - - [01/Jul/2026:16:24:39 +0545] "GET /category/newsevents/ HTTP/1.1" 200 23102 "-" "Mozilla/5.0 (compatible; DataForSeoBot/1.0; +https://dataforseo.com/dataforseo-bot)"
216.73.216.220 - - [01/Jul/2026:16:24:40 +0545] "GET /les-casinos-de-luxe-une-experience-inoubliable-5/?path=%2Fhome%2Fames%2Fpublic_html%2Fscnr_engine_name%5D%5D%5D%5D%5D%5D%5D%5D%5D HTTP/1.1" 200 20214 "-" "Mozilla/5.0 AppleWebKit/537.36 (KHTML, like Gecko; compatible; ClaudeBot/1.0; +claudebot@anthropic.com)"
74.7.227.160 - - [01/Jul/2026:16:24:40 +0545] "GET /test-post-title-16/?path=%2F%2Fsys%2Fclass%2Fmisc%2Fvhost-net%2Fsubsystem%2Fvhost-net%2Fsubsystem%2Fdevice-mapper%2Fsubsystem%2Fdevice-mapper%2Fsubsystem%2Fcpu_dma_latency%2Fsubsystem%2Fhw_random%2Fsubsystem%2Fhw_random%2Fsubsystem%2Fdevice-mapper HTTP/1.1" 200 17920 "https://ames.ku.edu.np/test-post-title-16/?path=%2F%2Fsys%2Fclass%2Fmisc%2Fvhost-net%2Fsubsystem%2Fvhost-net%2Fsubsystem%2Fdevice-mapper%2Fsubsystem%2Fdevice-mapper%2Fsubsystem%2Fcpu_dma_latency%2Fsubsystem%2Fhw_random%2Fsubsystem%2Fhw_random%2Fsubsystem" "Mozilla/5.0 AppleWebKit/537.36 (KHTML, like Gecko; compatible; GPTBot/1.4; +https://openai.com/gptbot)"
216.73.216.220 - - [01/Jul/2026:16:24:41 +0545] "GET /melhores-casinos-online-em-portugal-top-maio-2026-35/?action=edit&file=class-wp-application-passwords.php&path=%2Fhome%2Fames%2Fpublic_html%2Fwp-includes HTTP/1.1" 200 25935 "-" "Mozilla/5.0 AppleWebKit/537.36 (KHTML, like Gecko; compatible; ClaudeBot/1.0; +claudebot@anthropic.com)"
74.7.227.160 - - [01/Jul/2026:16:24:42 +0545] "GET /test-post-title-16/?path=%2F%2Fsys%2Fclass%2Fmisc%2Fvhost-net%2Fsubsystem%2Fvhost-net%2Fsubsystem%2Fdevice-mapper%2Fsubsystem%2Fdevice-mapper%2Fsubsystem%2Fcpu_dma_latency%2Fsubsystem%2Fvga_arbiter%2Fsubsystem%2Fdevice-mapper%2Fpower HTTP/1.1" 200 17965 "https://ames.ku.edu.np/test-post-title-16/?path=%2F%2Fsys%2Fclass%2Fmisc%2Fvhost-net%2Fsubsystem%2Fvhost-net%2Fsubsystem%2Fdevice-mapper%2Fsubsystem%2Fdevice-mapper%2Fsubsystem%2Fcpu_dma_latency%2Fsubsystem%2Fvga_arbiter%2Fsubsystem%2Fdevice-mapper" "Mozilla/5.0 AppleWebKit/537.36 (KHTML, like Gecko; compatible; GPTBot/1.4; +https://openai.com/gptbot)"
136.243.228.198 - - [01/Jul/2026:16:24:42 +0545] "GET /boldebolin-original-200-ein-must-have-fur-bodybuilder?path=%2Fhome%2Fames%2Fpublic_html%2Fscnr_engine_namescnr_engine_sink_tracer_a4c8c4e560b7eae94cd5f097ac930459%5C0 HTTP/1.1" 301 2299 "-" "Mozilla/5.0 (compatible; DataForSeoBot/1.0; +https://dataforseo.com/dataforseo-bot)"
216.73.216.220 - - [01/Jul/2026:16:24:43 +0545] "GET /melhores-casinos-online-em-portugal-top-maio-2026-35/?action=edit&file=template-loader.php&path=%2Fhome%2Fames%2Fpublic_html%2Fwp-includes HTTP/1.1" 200 24261 "-" "Mozilla/5.0 AppleWebKit/537.36 (KHTML, like Gecko; compatible; ClaudeBot/1.0; +claudebot@anthropic.com)"
216.73.216.220 - - [01/Jul/2026:16:24:43 +0545] "GET /die-auswirkungen-kunstlicher-intelligenz-auf-105-6/?path=%2Fhome%2Fames%2Fpublic_html%2F+print+28763%2A4196403%3B HTTP/1.1" 200 20371 "-" "Mozilla/5.0 AppleWebKit/537.36 (KHTML, like Gecko; compatible; ClaudeBot/1.0; +claudebot@anthropic.com)"
74.7.227.160 - - [01/Jul/2026:16:24:43 +0545] "GET /test-post-title-16/?path=%2F%2Fsys%2Fclass%2Fmisc%2Fvhost-net%2Fsubsystem%2Fvhost-net%2Fsubsystem%2Fdevice-mapper%2Fsubsystem%2Fdevice-mapper%2Fsubsystem%2Fcpu_dma_latency%2Fsubsystem%2Fvmci%2Fsubsystem%2Fuserfaultfd%2Fsubsystem HTTP/1.1" 200 18128 "https://ames.ku.edu.np/test-post-title-16/?path=%2F%2Fsys%2Fclass%2Fmisc%2Fvhost-net%2Fsubsystem%2Fvhost-net%2Fsubsystem%2Fdevice-mapper%2Fsubsystem%2Fdevice-mapper%2Fsubsystem%2Fcpu_dma_latency%2Fsubsystem%2Fvmci%2Fsubsystem%2Fuserfaultfd" "Mozilla/5.0 AppleWebKit/537.36 (KHTML, like Gecko; compatible; GPTBot/1.4; +https://openai.com/gptbot)"
216.73.216.220 - - [01/Jul/2026:16:24:44 +0545] "GET /top-paysafecard-casinos-2026-im-online-casino-mit-15/?action=edit&file=class-oembed.php&path=%2Fhome%2Fames%2Fwww%2Fwp-includes HTTP/1.1" 200 22322 "-" "Mozilla/5.0 AppleWebKit/537.36 (KHTML, like Gecko; compatible; ClaudeBot/1.0; +claudebot@anthropic.com)"
74.7.227.160 - - [01/Jul/2026:16:24:44 +0545] "GET /test-post-title-17/?path=%2F%2Fsys%2Fclass%2Fmisc%2Fvhost-net%2Fsubsystem%2Fvhost-net%2Fsubsystem%2Fdevice-mapper%2Fsubsystem%2Fcpu_dma_latency%2Fsubsystem%2Fuserfaultfd%2Fsubsystem%2Fvsock%2Fsubsystem%2Floop-control%2Fsubsystem HTTP/1.1" 200 18136 "https://ames.ku.edu.np/test-post-title-17/?path=%2F%2Fsys%2Fclass%2Fmisc%2Fvhost-net%2Fsubsystem%2Fvhost-net%2Fsubsystem%2Fdevice-mapper%2Fsubsystem%2Fcpu_dma_latency%2Fsubsystem%2Fuserfaultfd%2Fsubsystem%2Fvsock%2Fsubsystem%2Floop-control" "Mozilla/5.0 AppleWebKit/537.36 (KHTML, like Gecko; compatible; GPTBot/1.4; +https://openai.com/gptbot)"
216.73.216.220 - - [01/Jul/2026:16:24:45 +0545] "GET /chto-takoe-google-analytics-i-kak-on-funkcioniruet-1049/?action=edit&file=.htaccess&path=%2Fhome%2Fames%2Fpublic_html HTTP/1.1" 403 26500 "-" "Mozilla/5.0 AppleWebKit/537.36 (KHTML, like Gecko; compatible; ClaudeBot/1.0; +claudebot@anthropic.com)"
216.73.216.220 - - [01/Jul/2026:16:24:46 +0545] "GET /top-paysafecard-casinos-2026-im-online-casino-mit-15/?path=%2Fhome%2Fames%2Fpublic_html%2Ftype+%25SystemDrive%25 HTTP/1.1" 200 22289 "-" "Mozilla/5.0 AppleWebKit/537.36 (KHTML, like Gecko; compatible; ClaudeBot/1.0; +claudebot@anthropic.com)"
74.7.227.160 - - [01/Jul/2026:16:24:46 +0545] "GET /test-post-title-17/?path=%2F%2Fsys%2Fclass%2Fmisc%2Fvhost-net%2Fsubsystem%2Fvhost-net%2Fsubsystem%2Fdevice-mapper%2Fsubsystem%2Fcpu_dma_latency%2Fsubsystem%2Fmcelog%2Fsubsystem%2Fvhost-vsock%2Fsubsystem%2Fuserfaultfd%2Fsubsystem HTTP/1.1" 200 18137 "https://ames.ku.edu.np/test-post-title-17/?path=%2F%2Fsys%2Fclass%2Fmisc%2Fvhost-net%2Fsubsystem%2Fvhost-net%2Fsubsystem%2Fdevice-mapper%2Fsubsystem%2Fcpu_dma_latency%2Fsubsystem%2Fmcelog%2Fsubsystem%2Fvhost-vsock%2Fsubsystem%2Fuserfaultfd" "Mozilla/5.0 AppleWebKit/537.36 (KHTML, like Gecko; compatible; GPTBot/1.4; +https://openai.com/gptbot)"
216.73.216.220 - - [01/Jul/2026:16:24:46 +0545] "GET /casino-med-eller-utan-svensk-licens-s-valjer-du-2/?path=%2F%2Flib HTTP/1.1" 200 22817 "-" "Mozilla/5.0 AppleWebKit/537.36 (KHTML, like Gecko; compatible; ClaudeBot/1.0; +claudebot@anthropic.com)"
136.243.228.198 - - [01/Jul/2026:16:24:46 +0545] "GET /boldebolin-original-200-ein-must-have-fur-bodybuilder?path=%2Fhome%2Fames%2Fpublic_html%2Fscnr_engine_name+script%3A%3Bscnr_engine_xss_in_element_event%3D0bd6c8cffae63a8bd90227ba7638825f HTTP/1.1" 301 2229 "-" "Mozilla/5.0 (compatible; DataForSeoBot/1.0; +https://dataforseo.com/dataforseo-bot)"
216.73.216.220 - - [01/Jul/2026:16:24:47 +0545] "GET /casinos-sem-deposito-portugal-8-bonus-gratis-srij-2/?action=edit&file=widgets.php&path=%2Fhome%2Fames%2Fpublic_html%2Fwp-admin HTTP/1.1" 200 22487 "-" "Mozilla/5.0 AppleWebKit/537.36 (KHTML, like Gecko; compatible; ClaudeBot/1.0; +claudebot@anthropic.com)"
74.7.227.160 - - [01/Jul/2026:16:24:47 +0545] "GET /test-post-title-17/?path=%2F%2Fsys%2Fclass%2Fmisc%2Fvhost-net%2Fsubsystem%2Fvhost-net%2Fsubsystem%2Fdevice-mapper%2Fsubsystem%2Fcpu_dma_latency%2Fsubsystem%2Fmcelog%2Fsubsystem%2Floop-control%2Fsubsystem HTTP/1.1" 200 18111 "https://ames.ku.edu.np/test-post-title-17/?path=%2F%2Fsys%2Fclass%2Fmisc%2Fvhost-net%2Fsubsystem%2Fvhost-net%2Fsubsystem%2Fdevice-mapper%2Fsubsystem%2Fcpu_dma_latency%2Fsubsystem%2Fmcelog%2Fsubsystem%2Floop-control" "Mozilla/5.0 AppleWebKit/537.36 (KHTML, like Gecko; compatible; GPTBot/1.4; +https://openai.com/gptbot)"
216.73.216.220 - - [01/Jul/2026:16:24:47 +0545] "GET /casinos-sem-deposito-portugal-8-bonus-gratis-srij-2/?action=edit&file=network.php&path=%2Fhome%2Fames%2Fpublic_html%2Fwp-admin HTTP/1.1" 200 24033 "-" "Mozilla/5.0 AppleWebKit/537.36 (KHTML, like Gecko; compatible; ClaudeBot/1.0; +claudebot@anthropic.com)"
216.73.216.220 - - [01/Jul/2026:16:24:48 +0545] "GET /casino-med-eller-utan-svensk-licens-s-valjer-du-2/?path=%2Fhome%2Fames%2Fpublic_html%2Fscnr_engine_name%2F%2F%22 HTTP/1.1" 200 22443 "-" "Mozilla/5.0 AppleWebKit/537.36 (KHTML, like Gecko; compatible; ClaudeBot/1.0; +claudebot@anthropic.com)"
74.7.227.160 - - [01/Jul/2026:16:24:49 +0545] "GET /test-post-title-16/?path=%2F%2Fsys%2Fclass%2Fmisc%2Fvhost-net%2Fsubsystem%2Fvhost-net%2Fsubsystem%2Fdevice-mapper%2Fsubsystem%2Fdevice-mapper%2Fsubsystem%2Fcpu_dma_latency%2Fsubsystem%2Fvsock%2Fsubsystem HTTP/1.1" 200 18104 "https://ames.ku.edu.np/test-post-title-16/?path=%2F%2Fsys%2Fclass%2Fmisc%2Fvhost-net%2Fsubsystem%2Fvhost-net%2Fsubsystem%2Fdevice-mapper%2Fsubsystem%2Fdevice-mapper%2Fsubsystem%2Fcpu_dma_latency%2Fsubsystem%2Fvsock" "Mozilla/5.0 AppleWebKit/537.36 (KHTML, like Gecko; compatible; GPTBot/1.4; +https://openai.com/gptbot)"
216.73.216.220 - - [01/Jul/2026:16:24:49 +0545] "GET /top-paysafecard-casinos-2026-im-online-casino-mit-15/?path=%2Fhome%2Fames%2Fwww%2Fwp-includes%2Fjs HTTP/1.1" 200 23756 "-" "Mozilla/5.0 AppleWebKit/537.36 (KHTML, like Gecko; compatible; ClaudeBot/1.0; +claudebot@anthropic.com)"
66.249.68.132 - - [01/Jul/2026:16:24:49 +0545] "GET /711-mastercard-kopen-nu-beste-deal-voor-jou/?path=%2Fhome%2Fames%2Fpublic_html%2F1%3B%0Awindow.top._0bd6c8cffae63a8bd90227ba7638825f_scnr_engine_taint_tracer.log_execution_flow_sink%28%29%3B HTTP/1.1" 200 24382 "-" "Mozilla/5.0 (Linux; Android 6.0.1; Nexus 5X Build/MMB29P) AppleWebKit/537.36 (KHTML, like Gecko) Chrome/149.0.7827.200 Mobile Safari/537.36 (compatible; Googlebot/2.1; +http://www.google.com/bot.html)"
216.73.216.220 - - [01/Jul/2026:16:24:50 +0545] "GET /casino-med-eller-utan-svensk-licens-s-valjer-du-2/?path=%2F%2Fmnt HTTP/1.1" 200 22366 "-" "Mozilla/5.0 AppleWebKit/537.36 (KHTML, like Gecko; compatible; ClaudeBot/1.0; +claudebot@anthropic.com)"
136.243.228.198 - - [01/Jul/2026:16:24:50 +0545] "GET /boldebolin-original-200-ein-must-have-fur-bodybuilder?path=%2Fhome%2Fames%2Fpublic_html%2F%5C%26%23039%3B%3Bprint+28763%2A4196403%3B%23 HTTP/1.1" 301 2047 "-" "Mozilla/5.0 (compatible; DataForSeoBot/1.0; +https://dataforseo.com/dataforseo-bot)"
74.7.227.160 - - [01/Jul/2026:16:24:50 +0545] "GET /test-post-title-16/?path=%2F%2Fsys%2Fclass%2Fmisc%2Fvhost-net%2Fsubsystem%2Fvhost-net%2Fsubsystem%2Fdevice-mapper%2Fsubsystem%2Fdevice-mapper%2Fsubsystem%2Fcpu_dma_latency%2Fsubsystem%2Fudmabuf%2Fsubsystem HTTP/1.1" 200 18105 "https://ames.ku.edu.np/test-post-title-16/?path=%2F%2Fsys%2Fclass%2Fmisc%2Fvhost-net%2Fsubsystem%2Fvhost-net%2Fsubsystem%2Fdevice-mapper%2Fsubsystem%2Fdevice-mapper%2Fsubsystem%2Fcpu_dma_latency%2Fsubsystem%2Fudmabuf" "Mozilla/5.0 AppleWebKit/537.36 (KHTML, like Gecko; compatible; GPTBot/1.4; +https://openai.com/gptbot)"
216.73.216.220 - - [01/Jul/2026:16:24:50 +0545] "GET /casino-med-eller-utan-svensk-licens-s-valjer-du-2/?path=%2F%2Fafs HTTP/1.1" 200 22366 "-" "Mozilla/5.0 AppleWebKit/537.36 (KHTML, like Gecko; compatible; ClaudeBot/1.0; +claudebot@anthropic.com)"
216.73.216.220 - - [01/Jul/2026:16:24:51 +0545] "GET /top-paysafecard-casinos-2026-im-online-casino-mit-15/?action=edit&file=class-wp-theme.php&path=%2Fhome%2Fames%2Fwww%2Fwp-includes HTTP/1.1" 200 36498 "-" "Mozilla/5.0 AppleWebKit/537.36 (KHTML, like Gecko; compatible; ClaudeBot/1.0; +claudebot@anthropic.com)"
74.7.227.160 - - [01/Jul/2026:16:24:51 +0545] "GET /test-post-title-16/?path=%2F%2Fsys%2Fclass%2Fmisc%2Fvhost-net%2Fsubsystem%2Fvhost-net%2Fsubsystem%2Fdevice-mapper%2Fsubsystem%2Fdevice-mapper%2Fsubsystem%2Fcpu_dma_latency%2Fsubsystem%2Fiommu%2Fsubsystem HTTP/1.1" 200 18103 "https://ames.ku.edu.np/test-post-title-16/?path=%2F%2Fsys%2Fclass%2Fmisc%2Fvhost-net%2Fsubsystem%2Fvhost-net%2Fsubsystem%2Fdevice-mapper%2Fsubsystem%2Fdevice-mapper%2Fsubsystem%2Fcpu_dma_latency%2Fsubsystem%2Fiommu" "Mozilla/5.0 AppleWebKit/537.36 (KHTML, like Gecko; compatible; GPTBot/1.4; +https://openai.com/gptbot)"
216.73.216.220 - - [01/Jul/2026:16:24:52 +0545] "GET /fremkomsten-af-live-forhandlerspil-i-kasinoer-2/?action=edit&file=.htaccess&path=%2Fhome%2Fames%2Fpublic_html HTTP/1.1" 403 22170 "-" "Mozilla/5.0 AppleWebKit/537.36 (KHTML, like Gecko; compatible; ClaudeBot/1.0; +claudebot@anthropic.com)"
74.7.227.160 - - [01/Jul/2026:16:24:53 +0545] "GET /test-post-title-16/?path=%2F%2Fsys%2Fclass%2Fmisc%2Fvhost-net%2Fsubsystem%2Fvhost-net%2Fsubsystem%2Fdevice-mapper%2Fsubsystem%2Fdevice-mapper%2Fsubsystem%2Fcpu_dma_latency%2Fsubsystem%2Fautofs%2Fsubsystem HTTP/1.1" 200 18098 "https://ames.ku.edu.np/test-post-title-16/?path=%2F%2Fsys%2Fclass%2Fmisc%2Fvhost-net%2Fsubsystem%2Fvhost-net%2Fsubsystem%2Fdevice-mapper%2Fsubsystem%2Fdevice-mapper%2Fsubsystem%2Fcpu_dma_latency%2Fsubsystem%2Fautofs" "Mozilla/5.0 AppleWebKit/537.36 (KHTML, like Gecko; compatible; GPTBot/1.4; +https://openai.com/gptbot)"
216.73.216.220 - - [01/Jul/2026:16:24:53 +0545] "GET /casinos-sem-deposito-portugal-8-bonus-gratis-srij-2/?action=edit&file=widgets-rtl.min.css&path=%2Fhome%2Fames%2Fpublic_html%2Fwp-admin%2Fcss HTTP/1.1" 200 24948 "-" "Mozilla/5.0 AppleWebKit/537.36 (KHTML, like Gecko; compatible; ClaudeBot/1.0; +claudebot@anthropic.com)"
74.7.227.160 - - [01/Jul/2026:16:24:54 +0545] "GET /test-post-title-16/?path=%2F%2Fsys%2Fclass%2Fmisc%2Fvhost-net%2Fsubsystem%2Fvhost-net%2Fsubsystem%2Fdevice-mapper%2Fsubsystem%2Fdevice-mapper%2Fsubsystem%2Fcpu_dma_latency%2Fsubsystem%2Fnvram%2Fsubsystem HTTP/1.1" 200 18103 "https://ames.ku.edu.np/test-post-title-16/?path=%2F%2Fsys%2Fclass%2Fmisc%2Fvhost-net%2Fsubsystem%2Fvhost-net%2Fsubsystem%2Fdevice-mapper%2Fsubsystem%2Fdevice-mapper%2Fsubsystem%2Fcpu_dma_latency%2Fsubsystem%2Fnvram" "Mozilla/5.0 AppleWebKit/537.36 (KHTML, like Gecko; compatible; GPTBot/1.4; +https://openai.com/gptbot)"
216.73.216.220 - - [01/Jul/2026:16:24:54 +0545] "GET /casinos-sem-deposito-portugal-8-bonus-gratis-srij-2/?action=edit&file=edit.min.css&path=%2Fhome%2Fames%2Fpublic_html%2Fwp-admin%2Fcss HTTP/1.1" 200 28429 "-" "Mozilla/5.0 AppleWebKit/537.36 (KHTML, like Gecko; compatible; ClaudeBot/1.0; +claudebot@anthropic.com)"
216.73.216.220 - - [01/Jul/2026:16:24:54 +0545] "GET /casino-oyunlarnda-strateji-ve-baar-18-2/?path=%2Fhome%2Fames%2Fpublic_html%2Fscnr_engine_namescnr_engine_sink_tracer_a4c8c4e560b7eae94cd5f097ac930459 HTTP/1.1" 200 20228 "-" "Mozilla/5.0 AppleWebKit/537.36 (KHTML, like Gecko; compatible; ClaudeBot/1.0; +claudebot@anthropic.com)"
136.243.228.198 - - [01/Jul/2026:16:24:55 +0545] "GET /boldebolin-original-200-ein-must-have-fur-bodybuilder?path=%2Fhome%2Fames%2Fpublic_html%2F%5C%5Cboot.ini HTTP/1.1" 301 1991 "-" "Mozilla/5.0 (compatible; DataForSeoBot/1.0; +https://dataforseo.com/dataforseo-bot)"
74.7.227.160 - - [01/Jul/2026:16:24:55 +0545] "GET /test-post-title-16/?path=//sys/class/misc/vhost-net/subsystem/vhost-net/subsystem/device-mapper/subsystem/device-mapper/subsystem/cpu_dma_latency/subsystem/hw_random/subsystem/hw_random/subsystem/device-mapper HTTP/1.1" 200 17920 "https://ames.ku.edu.np/test-post-title-16/?path=%2F%2Fsys%2Fclass%2Fmisc%2Fvhost-net%2Fsubsystem%2Fvhost-net%2Fsubsystem%2Fdevice-mapper%2Fsubsystem%2Fdevice-mapper%2Fsubsystem%2Fcpu_dma_latency%2Fsubsystem%2Fhw_random%2Fsubsystem%2Fhw_random%2Fsubsystem%2Fdevice-mapper" "Mozilla/5.0 AppleWebKit/537.36 (KHTML, like Gecko; compatible; GPTBot/1.4; +https://openai.com/gptbot)"
216.73.216.220 - - [01/Jul/2026:16:24:55 +0545] "GET /melhores-casinos-online-em-portugal-top-maio-2026-35/?action=edit&file=feed-rss2.php&path=%2Fhome%2Fames%2Fpublic_html%2Fwp-includes HTTP/1.1" 200 24111 "-" "Mozilla/5.0 AppleWebKit/537.36 (KHTML, like Gecko; compatible; ClaudeBot/1.0; +claudebot@anthropic.com)"
216.73.216.220 - - [01/Jul/2026:16:24:56 +0545] "GET /top-paysafecard-casinos-2026-im-online-casino-mit-15/?action=edit&file=class-wp-hook.php&path=%2Fhome%2Fames%2Fwww%2Fwp-includes HTTP/1.1" 200 25843 "-" "Mozilla/5.0 AppleWebKit/537.36 (KHTML, like Gecko; compatible; ClaudeBot/1.0; +claudebot@anthropic.com)"
74.7.227.160 - - [01/Jul/2026:16:24:56 +0545] "GET /test-post-title-16/?path=//sys/class/misc/vhost-net/subsystem/vhost-net/subsystem/device-mapper/subsystem/device-mapper/subsystem/cpu_dma_latency/subsystem/vga_arbiter/subsystem/device-mapper/power HTTP/1.1" 200 17965 "https://ames.ku.edu.np/test-post-title-16/?path=%2F%2Fsys%2Fclass%2Fmisc%2Fvhost-net%2Fsubsystem%2Fvhost-net%2Fsubsystem%2Fdevice-mapper%2Fsubsystem%2Fdevice-mapper%2Fsubsystem%2Fcpu_dma_latency%2Fsubsystem%2Fvga_arbiter%2Fsubsystem%2Fdevice-mapper%2Fpower" "Mozilla/5.0 AppleWebKit/537.36 (KHTML, like Gecko; compatible; GPTBot/1.4; +https://openai.com/gptbot)"
216.73.216.220 - - [01/Jul/2026:16:24:57 +0545] "GET /casinos-sem-deposito-portugal-8-bonus-gratis-srij-2/?action=edit&file=edit-comments.php&path=%2Fhome%2Fames%2Fpublic_html%2Fwp-admin HTTP/1.1" 200 25956 "-" "Mozilla/5.0 AppleWebKit/537.36 (KHTML, like Gecko; compatible; ClaudeBot/1.0; +claudebot@anthropic.com)"
216.73.216.220 - - [01/Jul/2026:16:24:57 +0545] "GET /casino-med-eller-utan-svensk-licens-s-valjer-du-2/?path=%2Fhome%2Fames%2Fpublic_html%2F%2F%2F%27 HTTP/1.1" 200 22423 "-" "Mozilla/5.0 AppleWebKit/537.36 (KHTML, like Gecko; compatible; ClaudeBot/1.0; +claudebot@anthropic.com)"
74.7.227.160 - - [01/Jul/2026:16:24:58 +0545] "GET /test-post-title-16/?path=//sys/class/misc/vhost-net/subsystem/vhost-net/subsystem/device-mapper/subsystem/device-mapper/subsystem/cpu_dma_latency/subsystem/vmci/subsystem/userfaultfd/subsystem HTTP/1.1" 200 18128 "https://ames.ku.edu.np/test-post-title-16/?path=%2F%2Fsys%2Fclass%2Fmisc%2Fvhost-net%2Fsubsystem%2Fvhost-net%2Fsubsystem%2Fdevice-mapper%2Fsubsystem%2Fdevice-mapper%2Fsubsystem%2Fcpu_dma_latency%2Fsubsystem%2Fvmci%2Fsubsystem%2Fuserfaultfd%2Fsubsystem" "Mozilla/5.0 AppleWebKit/537.36 (KHTML, like Gecko; compatible; GPTBot/1.4; +https://openai.com/gptbot)"
136.243.228.198 - - [01/Jul/2026:16:24:58 +0545] "GET /boldebolin-original-200-ein-must-have-fur-bodybuilder?path=%2Fhome%2Fames%2Fpublic_html%2Fscnr_engine_namescnr_engine_sink_tracer_a4c8c4e560b7eae94cd5f097ac930459 HTTP/1.1" 301 2175 "-" "Mozilla/5.0 (compatible; DataForSeoBot/1.0; +https://dataforseo.com/dataforseo-bot)"
216.73.216.220 - - [01/Jul/2026:16:24:58 +0545] "GET /melhores-casinos-online-em-portugal-top-maio-2026-35/?action=edit&file=button.php&path=%2Fhome%2Fames%2Fpublic_html%2Fwp-includes%2Fblocks HTTP/1.1" 200 23528 "-" "Mozilla/5.0 AppleWebKit/537.36 (KHTML, like Gecko; compatible; ClaudeBot/1.0; +claudebot@anthropic.com)"
216.73.216.220 - - [01/Jul/2026:16:24:59 +0545] "GET /les-innovations-technologiques-dans-les-casinos-6/?path=%2Fhome%2Fames%2Fpublic_html%2Fscnr_engine_name%5D%5D%5D%5D%5D%5D%5D%5D%5D HTTP/1.1" 200 20262 "-" "Mozilla/5.0 AppleWebKit/537.36 (KHTML, like Gecko; compatible; ClaudeBot/1.0; +claudebot@anthropic.com)"
74.7.227.160 - - [01/Jul/2026:16:24:59 +0545] "GET /test-post-title-17/?path=//sys/class/misc/vhost-net/subsystem/vhost-net/subsystem/device-mapper/subsystem/cpu_dma_latency/subsystem/userfaultfd/subsystem/vsock/subsystem/loop-control/subsystem HTTP/1.1" 200 18136 "https://ames.ku.edu.np/test-post-title-17/?path=%2F%2Fsys%2Fclass%2Fmisc%2Fvhost-net%2Fsubsystem%2Fvhost-net%2Fsubsystem%2Fdevice-mapper%2Fsubsystem%2Fcpu_dma_latency%2Fsubsystem%2Fuserfaultfd%2Fsubsystem%2Fvsock%2Fsubsystem%2Floop-control%2Fsubsystem" "Mozilla/5.0 AppleWebKit/537.36 (KHTML, like Gecko; compatible; GPTBot/1.4; +https://openai.com/gptbot)"
216.73.216.220 - - [01/Jul/2026:16:25:00 +0545] "GET /category/casino/page/53/?path=%2Fhome%2Fames%2Fpublic_html%2F%5C%26quot%3B%3BResponse.Write%2828763%2A4196403%29 HTTP/1.1" 200 21661 "-" "Mozilla/5.0 AppleWebKit/537.36 (KHTML, like Gecko; compatible; ClaudeBot/1.0; +claudebot@anthropic.com)"
216.73.216.220 - - [01/Jul/2026:16:25:00 +0545] "GET /po-kakomu-principu-rabotaet-model-tcp-ip/?path=%2Fhome%2Fames%2Fpublic_html%2Fscnr_engine_sink_tracer_a4c8c4e560b7eae94cd5f097ac930459 HTTP/1.1" 200 24190 "-" "Mozilla/5.0 AppleWebKit/537.36 (KHTML, like Gecko; compatible; ClaudeBot/1.0; +claudebot@anthropic.com)"
74.7.227.160 - - [01/Jul/2026:16:25:01 +0545] "GET /test-post-title-17/?path=//sys/class/misc/vhost-net/subsystem/vhost-net/subsystem/device-mapper/subsystem/cpu_dma_latency/subsystem/mcelog/subsystem/vhost-vsock/subsystem/userfaultfd/subsystem HTTP/1.1" 200 18137 "https://ames.ku.edu.np/test-post-title-17/?path=%2F%2Fsys%2Fclass%2Fmisc%2Fvhost-net%2Fsubsystem%2Fvhost-net%2Fsubsystem%2Fdevice-mapper%2Fsubsystem%2Fcpu_dma_latency%2Fsubsystem%2Fmcelog%2Fsubsystem%2Fvhost-vsock%2Fsubsystem%2Fuserfaultfd%2Fsubsystem" "Mozilla/5.0 AppleWebKit/537.36 (KHTML, like Gecko; compatible; GPTBot/1.4; +https://openai.com/gptbot)"
216.73.216.220 - - [01/Jul/2026:16:25:01 +0545] "GET /melhores-casinos-online-em-portugal-top-maio-2026-35/?path=%2Fhome%2Fames%2Fpublic_html%2Fwp-includes%2Fblocks%2Fterm-template HTTP/1.1" 200 23105 "-" "Mozilla/5.0 AppleWebKit/537.36 (KHTML, like Gecko; compatible; ClaudeBot/1.0; +claudebot@anthropic.com)"
216.73.216.220 - - [01/Jul/2026:16:25:01 +0545] "GET /die-auswirkungen-kunstlicher-intelligenz-auf-105-4/?path=%2Fhome%2Fames%2Fpublic_html%2Fscnr_engine_namescnr_engine_sink_tracer_0bd6c8cffae63a8bd90227ba7638825f HTTP/1.1" 200 20380 "-" "Mozilla/5.0 AppleWebKit/537.36 (KHTML, like Gecko; compatible; ClaudeBot/1.0; +claudebot@anthropic.com)"
136.243.228.198 - - [01/Jul/2026:16:25:02 +0545] "GET /boldebolin-original-200-ein-must-have-fur-bodybuilder?path=%2Fhome%2Fames%2Fpublic_html%2F%5C%5Cwindows%5C%5Cwin.ini HTTP/1.1" 301 2073 "-" "Mozilla/5.0 (compatible; DataForSeoBot/1.0; +https://dataforseo.com/dataforseo-bot)"
74.7.227.160 - - [01/Jul/2026:16:25:02 +0545] "GET /test-post-title-17/?path=//sys/class/misc/vhost-net/subsystem/vhost-net/subsystem/device-mapper/subsystem/cpu_dma_latency/subsystem/mcelog/subsystem/loop-control/subsystem HTTP/1.1" 200 18111 "https://ames.ku.edu.np/test-post-title-17/?path=%2F%2Fsys%2Fclass%2Fmisc%2Fvhost-net%2Fsubsystem%2Fvhost-net%2Fsubsystem%2Fdevice-mapper%2Fsubsystem%2Fcpu_dma_latency%2Fsubsystem%2Fmcelog%2Fsubsystem%2Floop-control%2Fsubsystem" "Mozilla/5.0 AppleWebKit/537.36 (KHTML, like Gecko; compatible; GPTBot/1.4; +https://openai.com/gptbot)"
216.73.216.220 - - [01/Jul/2026:16:25:03 +0545] "GET /canl-casino-oyunlarnn-yukselii-ve-gelecei-9-6/?path=%2Fhome%2Fames%2Fpublic_html%2F%5C%5CWEB-INF%5C%5Cweb.xml%5C0. HTTP/1.1" 200 20231 "-" "Mozilla/5.0 AppleWebKit/537.36 (KHTML, like Gecko; compatible; ClaudeBot/1.0; +claudebot@anthropic.com)"
216.73.216.220 - - [01/Jul/2026:16:25:03 +0545] "GET /top-paysafecard-casinos-2026-im-online-casino-mit-15/?action=edit&file=cache.php&path=%2Fhome%2Fames%2Fwww%2Fwp-includes HTTP/1.1" 200 24463 "-" "Mozilla/5.0 AppleWebKit/537.36 (KHTML, like Gecko; compatible; ClaudeBot/1.0; +claudebot@anthropic.com)"
74.7.227.160 - - [01/Jul/2026:16:25:03 +0545] "GET /test-post-title-16/?path=%2F%2Fsys%2Fclass%2Fmisc%2Fvhost-net%2Fsubsystem%2Fvhost-net%2Fsubsystem%2Fdevice-mapper%2Fsubsystem%2Fdevice-mapper%2Fsubsystem%2Fcpu_dma_latency%2Fsubsystem%2Fvsock%2Fsubsystem%2Fvsock HTTP/1.1" 200 17892 "https://ames.ku.edu.np/test-post-title-16/?path=%2F%2Fsys%2Fclass%2Fmisc%2Fvhost-net%2Fsubsystem%2Fvhost-net%2Fsubsystem%2Fdevice-mapper%2Fsubsystem%2Fdevice-mapper%2Fsubsystem%2Fcpu_dma_latency%2Fsubsystem%2Fvsock%2Fsubsystem" "Mozilla/5.0 AppleWebKit/537.36 (KHTML, like Gecko; compatible; GPTBot/1.4; +https://openai.com/gptbot)"
216.73.216.220 - - [01/Jul/2026:16:25:04 +0545] "GET /po-kakomu-principu-rabotaet-model-tcp-ip/?path=%2Fhome%2Fames%2Fpublic_html%2F%5C%5Cwinnt%5C%5Cwin.ini%5C0. HTTP/1.1" 200 24204 "-" "Mozilla/5.0 AppleWebKit/537.36 (KHTML, like Gecko; compatible; ClaudeBot/1.0; +claudebot@anthropic.com)"
216.73.216.220 - - [01/Jul/2026:16:25:04 +0545] "GET /top-paysafecard-casinos-2026-im-online-casino-mit-15/?action=edit&file=block-patterns.php&path=%2Fhome%2Fames%2Fwww%2Fwp-includes HTTP/1.1" 200 25038 "-" "Mozilla/5.0 AppleWebKit/537.36 (KHTML, like Gecko; compatible; ClaudeBot/1.0; +claudebot@anthropic.com)"
74.7.227.160 - - [01/Jul/2026:16:25:05 +0545] "GET /test-post-title-16/?path=//sys/class/misc/vhost-net/subsystem/vhost-net/subsystem/device-mapper/subsystem/device-mapper/subsystem/cpu_dma_latency/subsystem/vsock/subsystem HTTP/1.1" 200 18104 "https://ames.ku.edu.np/test-post-title-16/?path=%2F%2Fsys%2Fclass%2Fmisc%2Fvhost-net%2Fsubsystem%2Fvhost-net%2Fsubsystem%2Fdevice-mapper%2Fsubsystem%2Fdevice-mapper%2Fsubsystem%2Fcpu_dma_latency%2Fsubsystem%2Fvsock%2Fsubsystem" "Mozilla/5.0 AppleWebKit/537.36 (KHTML, like Gecko; compatible; GPTBot/1.4; +https://openai.com/gptbot)"
216.73.216.220 - - [01/Jul/2026:16:25:05 +0545] "GET /casinos-sem-deposito-portugal-8-bonus-gratis-srij-2/?action=edit&file=common-rtl.css&path=%2Fhome%2Fames%2Fpublic_html%2Fwp-admin%2Fcss HTTP/1.1" 200 38006 "-" "Mozilla/5.0 AppleWebKit/537.36 (KHTML, like Gecko; compatible; ClaudeBot/1.0; +claudebot@anthropic.com)"
216.73.216.220 - - [01/Jul/2026:16:25:06 +0545] "GET /melhores-casinos-online-em-portugal-top-maio-2026-35/?action=edit&file=class-oembed.php&path=%2Fhome%2Fames%2Fpublic_html%2Fwp-includes HTTP/1.1" 200 22976 "-" "Mozilla/5.0 AppleWebKit/537.36 (KHTML, like Gecko; compatible; ClaudeBot/1.0; +claudebot@anthropic.com)"
74.7.227.160 - - [01/Jul/2026:16:25:06 +0545] "GET /test-post-title-16/?path=//sys/class/misc/vhost-net/subsystem/vhost-net/subsystem/device-mapper/subsystem/device-mapper/subsystem/cpu_dma_latency/subsystem/iommu/subsystem HTTP/1.1" 200 18103 "https://ames.ku.edu.np/test-post-title-16/?path=%2F%2Fsys%2Fclass%2Fmisc%2Fvhost-net%2Fsubsystem%2Fvhost-net%2Fsubsystem%2Fdevice-mapper%2Fsubsystem%2Fdevice-mapper%2Fsubsystem%2Fcpu_dma_latency%2Fsubsystem%2Fiommu%2Fsubsystem" "Mozilla/5.0 AppleWebKit/537.36 (KHTML, like Gecko; compatible; GPTBot/1.4; +https://openai.com/gptbot)"
136.243.228.198 - - [01/Jul/2026:16:25:06 +0545] "GET /boldebolin-original-200-ein-must-have-fur-bodybuilder?path=%2Fhome%2Fames%2Fpublic_html%2Fscnr_engine_namescnr_engine_sink_tracer_0bd6c8cffae63a8bd90227ba7638825f HTTP/1.1" 301 2175 "-" "Mozilla/5.0 (compatible; DataForSeoBot/1.0; +https://dataforseo.com/dataforseo-bot)"
216.73.216.220 - - [01/Jul/2026:16:25:07 +0545] "GET /top-paysafecard-casinos-2026-im-online-casino-mit-15/?action=edit&file=class-json.php&path=%2Fhome%2Fames%2Fwww%2Fwp-includes HTTP/1.1" 200 30365 "-" "Mozilla/5.0 AppleWebKit/537.36 (KHTML, like Gecko; compatible; ClaudeBot/1.0; +claudebot@anthropic.com)"
216.73.216.220 - - [01/Jul/2026:16:25:07 +0545] "GET /top-paysafecard-casinos-2026-im-online-casino-mit-15/?path=%2Fhome%2Fames%2Fwww%2Fwp-includes%2Ftheme-compat HTTP/1.1" 200 22440 "-" "Mozilla/5.0 AppleWebKit/537.36 (KHTML, like Gecko; compatible; ClaudeBot/1.0; +claudebot@anthropic.com)"
74.7.227.160 - - [01/Jul/2026:16:25:07 +0545] "GET /test-post-title-16/?path=//sys/class/misc/vhost-net/subsystem/vhost-net/subsystem/device-mapper/subsystem/device-mapper/subsystem/cpu_dma_latency/subsystem/autofs/subsystem HTTP/1.1" 200 18098 "https://ames.ku.edu.np/test-post-title-16/?path=%2F%2Fsys%2Fclass%2Fmisc%2Fvhost-net%2Fsubsystem%2Fvhost-net%2Fsubsystem%2Fdevice-mapper%2Fsubsystem%2Fdevice-mapper%2Fsubsystem%2Fcpu_dma_latency%2Fsubsystem%2Fautofs%2Fsubsystem" "Mozilla/5.0 AppleWebKit/537.36 (KHTML, like Gecko; compatible; GPTBot/1.4; +https://openai.com/gptbot)"
216.73.216.220 - - [01/Jul/2026:16:25:08 +0545] "GET /melhores-casinos-online-em-portugal-top-maio-2026-35/?action=edit&file=class-wp-theme.php&path=%2Fhome%2Fames%2Fpublic_html%2Fwp-includes HTTP/1.1" 200 37164 "-" "Mozilla/5.0 AppleWebKit/537.36 (KHTML, like Gecko; compatible; ClaudeBot/1.0; +claudebot@anthropic.com)"
74.7.227.160 - - [01/Jul/2026:16:25:08 +0545] "GET /test-post-title-16/?path=//sys/class/misc/vhost-net/subsystem/vhost-net/subsystem/device-mapper/subsystem/device-mapper/subsystem/cpu_dma_latency/subsystem/nvram/subsystem HTTP/1.1" 200 18103 "https://ames.ku.edu.np/test-post-title-16/?path=%2F%2Fsys%2Fclass%2Fmisc%2Fvhost-net%2Fsubsystem%2Fvhost-net%2Fsubsystem%2Fdevice-mapper%2Fsubsystem%2Fdevice-mapper%2Fsubsystem%2Fcpu_dma_latency%2Fsubsystem%2Fnvram%2Fsubsystem" "Mozilla/5.0 AppleWebKit/537.36 (KHTML, like Gecko; compatible; GPTBot/1.4; +https://openai.com/gptbot)"
216.73.216.220 - - [01/Jul/2026:16:25:09 +0545] "GET /die-auswirkungen-kunstlicher-intelligenz-auf-105-6/?path=%2Fhome%2Fames%2Fpublic_html%2F%3B+type+%25SystemDrive%25%5C%5C%5C%5Cboot.ini+%25SystemRoot%25%5C%5C%5C%5Cwin.ini+%26amp%3Brem HTTP/1.1" 200 20452 "-" "Mozilla/5.0 AppleWebKit/537.36 (KHTML, like Gecko; compatible; ClaudeBot/1.0; +claudebot@anthropic.com)"
74.7.227.160 - - [01/Jul/2026:16:25:10 +0545] "GET /test-post-title-16/?path=//sys/class/misc/vhost-net/subsystem/vhost-net/subsystem/device-mapper/subsystem/device-mapper/subsystem/cpu_dma_latency/subsystem/udmabuf/subsystem HTTP/1.1" 200 18105 "https://ames.ku.edu.np/test-post-title-16/?path=%2F%2Fsys%2Fclass%2Fmisc%2Fvhost-net%2Fsubsystem%2Fvhost-net%2Fsubsystem%2Fdevice-mapper%2Fsubsystem%2Fdevice-mapper%2Fsubsystem%2Fcpu_dma_latency%2Fsubsystem%2Fudmabuf%2Fsubsystem" "Mozilla/5.0 AppleWebKit/537.36 (KHTML, like Gecko; compatible; GPTBot/1.4; +https://openai.com/gptbot)"
136.243.228.198 - - [01/Jul/2026:16:25:11 +0545] "GET /boldebolin-original-200-ein-must-have-fur-bodybuilder?path=%2Fhome%2Fames%2Fpublic_html%2Fscnr_engine_namescnr_engine_sink_tracer_a4c8c4e560b7eae94cd5f097ac930459_23cced72d71a94ed957819d6b580c48f%28%29%5C%5C%5C%26quot%3B%26amp%3B%251%5C%26%23039%3B-%3B%5C%26quot%3B%5C%26%23039%3B%60--%29 HTTP/1.1" 301 3108 "-" "Mozilla/5.0 (compatible; DataForSeoBot/1.0; +https://dataforseo.com/dataforseo-bot)"
216.73.216.220 - - [01/Jul/2026:16:25:11 +0545] "GET /melhores-casinos-online-em-portugal-top-maio-2026-35/?path=%2Fhome%2Fames%2Fpublic_html%2Fwp-includes%2Fblock-bindings HTTP/1.1" 200 23047 "-" "Mozilla/5.0 AppleWebKit/537.36 (KHTML, like Gecko; compatible; ClaudeBot/1.0; +claudebot@anthropic.com)"
216.73.216.220 - - [01/Jul/2026:16:25:11 +0545] "GET /top-paysafecard-casinos-2026-im-online-casino-mit-15/?action=edit&file=class-wp-image-editor-gd.php&path=%2Fhome%2Fames%2Fwww%2Fwp-includes HTTP/1.1" 200 26992 "-" "Mozilla/5.0 AppleWebKit/537.36 (KHTML, like Gecko; compatible; ClaudeBot/1.0; +claudebot@anthropic.com)"
74.7.227.160 - - [01/Jul/2026:16:25:11 +0545] "GET /test-post-title-17/?path=%2F%2Fsys%2Fclass%2Fmisc%2Fvhost-net%2Fsubsystem%2Fvhost-net%2Fsubsystem%2Fdevice-mapper%2Fsubsystem%2Fcpu_dma_latency%2Fsubsystem%2Fmcelog%2Fsubsystem%2Floop-control%2Fsubsystem%2Fhw_random HTTP/1.1" 200 17984 "https://ames.ku.edu.np/test-post-title-17/?path=%2F%2Fsys%2Fclass%2Fmisc%2Fvhost-net%2Fsubsystem%2Fvhost-net%2Fsubsystem%2Fdevice-mapper%2Fsubsystem%2Fcpu_dma_latency%2Fsubsystem%2Fmcelog%2Fsubsystem%2Floop-control%2Fsubsystem" "Mozilla/5.0 AppleWebKit/537.36 (KHTML, like Gecko; compatible; GPTBot/1.4; +https://openai.com/gptbot)"
216.73.216.220 - - [01/Jul/2026:16:25:12 +0545] "GET /melhores-casinos-online-em-portugal-top-maio-2026-35/?action=edit&file=navigation.php&path=%2Fhome%2Fames%2Fpublic_html%2Fwp-includes%2Fblocks HTTP/1.1" 200 33651 "-" "Mozilla/5.0 AppleWebKit/537.36 (KHTML, like Gecko; compatible; ClaudeBot/1.0; +claudebot@anthropic.com)"
74.7.227.160 - - [01/Jul/2026:16:25:12 +0545] "GET /test-post-title-16/?path=%2F%2Fsys%2Fclass%2Fmisc%2Fvhost-net%2Fsubsystem%2Fvhost-net%2Fsubsystem%2Fdevice-mapper%2Fsubsystem%2Fdevice-mapper%2Fsubsystem%2Fcpu_dma_latency%2Fsubsystem%2Fvsock%2Fsubsystem%2Fhw_random HTTP/1.1" 200 17964 "https://ames.ku.edu.np/test-post-title-16/?path=%2F%2Fsys%2Fclass%2Fmisc%2Fvhost-net%2Fsubsystem%2Fvhost-net%2Fsubsystem%2Fdevice-mapper%2Fsubsystem%2Fdevice-mapper%2Fsubsystem%2Fcpu_dma_latency%2Fsubsystem%2Fvsock%2Fsubsystem" "Mozilla/5.0 AppleWebKit/537.36 (KHTML, like Gecko; compatible; GPTBot/1.4; +https://openai.com/gptbot)"
216.73.216.220 - - [01/Jul/2026:16:25:12 +0545] "GET /casino-med-eller-utan-svensk-licens-s-valjer-du-2/?action=edit&file=wp-blog-header.php&path=%2Fhome%2Fames%2Fpublic_html HTTP/1.1" 200 22463 "-" "Mozilla/5.0 AppleWebKit/537.36 (KHTML, like Gecko; compatible; ClaudeBot/1.0; +claudebot@anthropic.com)"
74.7.227.160 - - [01/Jul/2026:16:25:14 +0545] "GET /test-post-title-17/?path=%2F%2Fsys%2Fclass%2Fmisc%2Fvhost-net%2Fsubsystem%2Fvhost-net%2Fsubsystem%2Fdevice-mapper%2Fsubsystem%2Fcpu_dma_latency%2Fsubsystem%2Fmcelog%2Fsubsystem%2Floop-control%2Fsubsystem%2Fcpu_dma_latency HTTP/1.1" 200 17925 "https://ames.ku.edu.np/test-post-title-17/?path=%2F%2Fsys%2Fclass%2Fmisc%2Fvhost-net%2Fsubsystem%2Fvhost-net%2Fsubsystem%2Fdevice-mapper%2Fsubsystem%2Fcpu_dma_latency%2Fsubsystem%2Fmcelog%2Fsubsystem%2Floop-control%2Fsubsystem" "Mozilla/5.0 AppleWebKit/537.36 (KHTML, like Gecko; compatible; GPTBot/1.4; +https://openai.com/gptbot)"
216.73.216.220 - - [01/Jul/2026:16:25:14 +0545] "GET /betonred-aktywne-promocje-bonus-bez-depozytu-28/ HTTP/1.1" 200 24836 "-" "Mozilla/5.0 AppleWebKit/537.36 (KHTML, like Gecko; compatible; ClaudeBot/1.0; +claudebot@anthropic.com)"
216.73.216.220 - - [01/Jul/2026:16:25:14 +0545] "GET /casinos-sem-deposito-portugal-8-bonus-gratis-srij-2/?action=edit&file=common-rtl.min.css&path=%2Fhome%2Fames%2Fpublic_html%2Fwp-admin%2Fcss HTTP/1.1" 200 34282 "-" "Mozilla/5.0 AppleWebKit/537.36 (KHTML, like Gecko; compatible; ClaudeBot/1.0; +claudebot@anthropic.com)"
136.243.228.198 - - [01/Jul/2026:16:25:15 +0545] "GET /boldebolin-original-200-ein-must-have-fur-bodybuilder?path=%2Fhome%2Fames%2Fpublic_html%2F1%5C%26%23039%3B%3Bwindow.top._a4c8c4e560b7eae94cd5f097ac930459_scnr_engine_taint_tracer.log_execution_flow_sink%28%29%3B HTTP/1.1" 301 2321 "-" "Mozilla/5.0 (compatible; DataForSeoBot/1.0; +https://dataforseo.com/dataforseo-bot)"
74.7.227.160 - - [01/Jul/2026:16:25:15 +0545] "GET /test-post-title-16/?path=%2F%2Fsys%2Fclass%2Fmisc%2Fvhost-net%2Fsubsystem%2Fvhost-net%2Fsubsystem%2Fdevice-mapper%2Fsubsystem%2Fdevice-mapper%2Fsubsystem%2Fcpu_dma_latency%2Fsubsystem%2Fautofs%2Fsubsystem%2Fhw_random HTTP/1.1" 200 17961 "https://ames.ku.edu.np/test-post-title-16/?path=%2F%2Fsys%2Fclass%2Fmisc%2Fvhost-net%2Fsubsystem%2Fvhost-net%2Fsubsystem%2Fdevice-mapper%2Fsubsystem%2Fdevice-mapper%2Fsubsystem%2Fcpu_dma_latency%2Fsubsystem%2Fautofs%2Fsubsystem" "Mozilla/5.0 AppleWebKit/537.36 (KHTML, like Gecko; compatible; GPTBot/1.4; +https://openai.com/gptbot)"
216.73.216.220 - - [01/Jul/2026:16:25:15 +0545] "GET /beste-paysafe-casinos-im-test-vergleich-2026-15/?action=edit&file=index.php&path=%2Fhome%2Fames%2Fpublic_html HTTP/1.1" 200 22904 "-" "Mozilla/5.0 AppleWebKit/537.36 (KHTML, like Gecko; compatible; ClaudeBot/1.0; +claudebot@anthropic.com)"
216.73.216.220 - - [01/Jul/2026:16:25:15 +0545] "GET /melhores-casinos-online-em-portugal-top-maio-2026-35/?action=edit&file=version.php&path=%2Fhome%2Fames%2Fpublic_html%2Fwp-includes HTTP/1.1" 200 23162 "-" "Mozilla/5.0 AppleWebKit/537.36 (KHTML, like Gecko; compatible; ClaudeBot/1.0; +claudebot@anthropic.com)"
74.7.227.160 - - [01/Jul/2026:16:25:16 +0545] "GET /test-post-title-16/?path=%2F%2Fsys%2Fclass%2Fmisc%2Fvhost-net%2Fsubsystem%2Fvhost-net%2Fsubsystem%2Fdevice-mapper%2Fsubsystem%2Fdevice-mapper%2Fsubsystem%2Fcpu_dma_latency%2Fsubsystem%2Fiommu%2Fsubsystem%2Fhw_random HTTP/1.1" 200 17964 "https://ames.ku.edu.np/test-post-title-16/?path=%2F%2Fsys%2Fclass%2Fmisc%2Fvhost-net%2Fsubsystem%2Fvhost-net%2Fsubsystem%2Fdevice-mapper%2Fsubsystem%2Fdevice-mapper%2Fsubsystem%2Fcpu_dma_latency%2Fsubsystem%2Fiommu%2Fsubsystem" "Mozilla/5.0 AppleWebKit/537.36 (KHTML, like Gecko; compatible; GPTBot/1.4; +https://openai.com/gptbot)"
216.73.216.220 - - [01/Jul/2026:16:25:17 +0545] "GET /casino-oyunlarnda-strateji-ve-baar-18/?path=%2Fhome%2Fames%2Fpublic_html%2Fscnr_engine_namescnr_engine_sink_tracer_a4c8c4e560b7eae94cd5f097ac930459%5C0 HTTP/1.1" 200 20228 "-" "Mozilla/5.0 AppleWebKit/537.36 (KHTML, like Gecko; compatible; ClaudeBot/1.0; +claudebot@anthropic.com)"
216.73.216.220 - - [01/Jul/2026:16:25:17 +0545] "GET /casino-med-eller-utan-svensk-licens-s-valjer-du-2/?action=edit&file=wp-config.php&path=%2Fhome%2Fames%2Fpublic_html HTTP/1.1" 403 24293 "-" "Mozilla/5.0 AppleWebKit/537.36 (KHTML, like Gecko; compatible; ClaudeBot/1.0; +claudebot@anthropic.com)"
74.7.227.160 - - [01/Jul/2026:16:25:18 +0545] "GET /test-post-title-16/?path=%2F%2Fsys%2Fclass%2Fmisc%2Fvhost-net%2Fsubsystem%2Fvhost-net%2Fsubsystem%2Fdevice-mapper%2Fsubsystem%2Fdevice-mapper%2Fsubsystem%2Fcpu_dma_latency%2Fsubsystem%2Fvsock%2Fsubsystem%2Fvsock%2Fsubsystem HTTP/1.1" 200 18115 "https://ames.ku.edu.np/test-post-title-16/?path=%2F%2Fsys%2Fclass%2Fmisc%2Fvhost-net%2Fsubsystem%2Fvhost-net%2Fsubsystem%2Fdevice-mapper%2Fsubsystem%2Fdevice-mapper%2Fsubsystem%2Fcpu_dma_latency%2Fsubsystem%2Fvsock%2Fsubsystem%2Fvsock" "Mozilla/5.0 AppleWebKit/537.36 (KHTML, like Gecko; compatible; GPTBot/1.4; +https://openai.com/gptbot)"
216.73.216.220 - - [01/Jul/2026:16:25:18 +0545] "GET /der-aufstieg-der-live-handlerspiele-in-casinos-3/?path=%2Fhome%2Fames%2Fpublic_html%2F%3BResponse.Write%2828763%2A4196403%29 HTTP/1.1" 200 20388 "-" "Mozilla/5.0 AppleWebKit/537.36 (KHTML, like Gecko; compatible; ClaudeBot/1.0; +claudebot@anthropic.com)"
