216.73.216.220 - - [01/Jul/2026:16:29:06 +0545] "GET /fremkomsten-af-live-forhandlerspil-i-kasinoer-2/?path=%2Fhome%2Fames%2Fpublic_html%2F%5C%26%23039%3B%3BResponse.Write%2828763%2A4196403%29 HTTP/1.1" 200 20360 "-" "Mozilla/5.0 AppleWebKit/537.36 (KHTML, like Gecko; compatible; ClaudeBot/1.0; +claudebot@anthropic.com)"
216.73.216.220 - - [01/Jul/2026:16:29:06 +0545] "GET /casinos-sem-deposito-portugal-8-bonus-gratis-srij-2/?action=edit&file=wp-login.php&path=%2Fhome%2Fames%2Fpublic_html HTTP/1.1" 200 34769 "-" "Mozilla/5.0 AppleWebKit/537.36 (KHTML, like Gecko; compatible; ClaudeBot/1.0; +claudebot@anthropic.com)"
216.73.216.220 - - [01/Jul/2026:16:29:06 +0545] "GET /lart-de-gagner-autrement-votre-guide-pour-un-casino-en-ligne/?path=%2Fhome%2Fames%2Fpublic_html%2Fmi77i_sym404%2Fcpanelphpmyadmin-Joomla.txt404 HTTP/1.1" 200 20920 "-" "Mozilla/5.0 AppleWebKit/537.36 (KHTML, like Gecko; compatible; ClaudeBot/1.0; +claudebot@anthropic.com)"
136.243.228.198 - - [01/Jul/2026:16:29:07 +0545] "GET /judi-online-marak-di-indonesia-sejumlah-orang-kecanduan-uang-tabungan-habis-mobil-saya-jual-bbc-news-indonesia?action=edit&file=wp-signup.php&path=%2Fhome%2Fames%2Fpublic_html HTTP/1.1" 301 42975 "-" "Mozilla/5.0 (compatible; DataForSeoBot/1.0; +https://dataforseo.com/dataforseo-bot)"
74.7.227.160 - - [01/Jul/2026:16:29:07 +0545] "GET /test-post-title-16/?path=//sys/class/misc/vhost-net/subsystem/vhost-net/subsystem/device-mapper/subsystem/device-mapper/subsystem/cpu_dma_latency/subsystem/nvram/subsystem/mcelog HTTP/1.1" 200 17915 "https://ames.ku.edu.np/test-post-title-16/?path=%2F%2Fsys%2Fclass%2Fmisc%2Fvhost-net%2Fsubsystem%2Fvhost-net%2Fsubsystem%2Fdevice-mapper%2Fsubsystem%2Fdevice-mapper%2Fsubsystem%2Fcpu_dma_latency%2Fsubsystem%2Fnvram%2Fsubsystem%2Fmcelog" "Mozilla/5.0 AppleWebKit/537.36 (KHTML, like Gecko; compatible; GPTBot/1.4; +https://openai.com/gptbot)"
216.73.216.220 - - [01/Jul/2026:16:29:07 +0545] "GET /melhores-casinos-online-em-portugal-top-maio-2026-35/?path=%2Fhome%2Fames%2Fwordpress-backups HTTP/1.1" 200 22899 "-" "Mozilla/5.0 AppleWebKit/537.36 (KHTML, like Gecko; compatible; ClaudeBot/1.0; +claudebot@anthropic.com)"
216.73.216.220 - - [01/Jul/2026:16:29:07 +0545] "GET /beste-paysafe-casinos-im-test-vergleich-2026-15/?path=%2Fhome%2Fames%2Fpublic_html%2Fmi77i_sym404%2Fmysql-Wordpress.txt404 HTTP/1.1" 200 22733 "-" "Mozilla/5.0 AppleWebKit/537.36 (KHTML, like Gecko; compatible; ClaudeBot/1.0; +claudebot@anthropic.com)"
216.73.216.220 - - [01/Jul/2026:16:29:07 +0545] "GET /beste-paysafe-casinos-im-test-vergleich-2026-15/?path=%2Fhome%2Fames%2Fpublic_html%2Fmi77i_sym404%2Fdbus-Wordpress.txt404 HTTP/1.1" 200 22732 "-" "Mozilla/5.0 AppleWebKit/537.36 (KHTML, like Gecko; compatible; ClaudeBot/1.0; +claudebot@anthropic.com)"
216.73.216.220 - - [01/Jul/2026:16:29:08 +0545] "GET /lart-de-gagner-autrement-votre-guide-pour-un-casino-en-ligne/?action=edit&file=check_mysql&path=%2F%2Fscripts HTTP/1.1" 200 22711 "-" "Mozilla/5.0 AppleWebKit/537.36 (KHTML, like Gecko; compatible; ClaudeBot/1.0; +claudebot@anthropic.com)"
216.73.216.220 - - [01/Jul/2026:16:29:08 +0545] "GET /casino-med-eller-utan-svensk-licens-s-valjer-du-2/?path=%2Fhome%2Fames%2Fpublic_html%2Fscnr_engine_name%5D%5D%5D%5D%5D%5D%5D%5D%5D HTTP/1.1" 200 22436 "-" "Mozilla/5.0 AppleWebKit/537.36 (KHTML, like Gecko; compatible; ClaudeBot/1.0; +claudebot@anthropic.com)"
216.73.216.220 - - [01/Jul/2026:16:29:08 +0545] "GET /otszaz-huf-os-minimalis-befizetes-az-online/?path=%2Fhome%2Fames%2Fpublic_html%2Fscnr_engine_name%5C%26%23039%3B%5C%26quot%3B HTTP/1.1" 200 21764 "-" "Mozilla/5.0 AppleWebKit/537.36 (KHTML, like Gecko; compatible; ClaudeBot/1.0; +claudebot@anthropic.com)"
216.73.216.220 - - [01/Jul/2026:16:29:08 +0545] "GET /lart-de-gagner-autrement-votre-guide-pour-un-casino-en-ligne/?action=edit&file=copy_user_mail_as_user&path=%2F%2Fscripts HTTP/1.1" 200 21243 "-" "Mozilla/5.0 AppleWebKit/537.36 (KHTML, like Gecko; compatible; ClaudeBot/1.0; +claudebot@anthropic.com)"
74.7.227.160 - - [01/Jul/2026:16:29:08 +0545] "GET /test-post-title-16/?path=//sys/class/misc/vhost-net/subsystem/vhost-net/subsystem/device-mapper/subsystem/device-mapper/subsystem/cpu_dma_latency/subsystem/udmabuf/subsystem/vfio HTTP/1.1" 200 17916 "https://ames.ku.edu.np/test-post-title-16/?path=%2F%2Fsys%2Fclass%2Fmisc%2Fvhost-net%2Fsubsystem%2Fvhost-net%2Fsubsystem%2Fdevice-mapper%2Fsubsystem%2Fdevice-mapper%2Fsubsystem%2Fcpu_dma_latency%2Fsubsystem%2Fudmabuf%2Fsubsystem%2Fvfio" "Mozilla/5.0 AppleWebKit/537.36 (KHTML, like Gecko; compatible; GPTBot/1.4; +https://openai.com/gptbot)"
216.73.216.220 - - [01/Jul/2026:16:29:08 +0545] "GET /lart-de-gagner-autrement-votre-guide-pour-un-casino-en-ligne/?action=edit&file=MirrorSearch_pingtest&path=%2F%2Fscripts HTTP/1.1" 200 21529 "-" "Mozilla/5.0 AppleWebKit/537.36 (KHTML, like Gecko; compatible; ClaudeBot/1.0; +claudebot@anthropic.com)"
35.255.8.171 - - [01/Jul/2026:16:29:08 +0545] "GET /?path=/home/ames/public_html/1%5C%26quot;;window.top._0bd6c8cffae63a8bd90227ba7638825f_scnr_engine_taint_tracer.log_execution_flow_sink(); HTTP/1.1" 301 2321 "-" "Mozilla/5.0 AppleWebKit/537.36 (KHTML, like Gecko; compatible; SleepBot/1.0; +http://sleepbot.com/) Chrome/131.0.0.0 Safari/537.36"
216.73.216.220 - - [01/Jul/2026:16:29:08 +0545] "GET /top-paysafecard-casinos-2026-im-online-casino-mit-15/?action=edit&file=l10n.php&path=%2Fhome%2Fames%2Fwww%2Fwp-includes HTTP/1.1" 200 34595 "-" "Mozilla/5.0 AppleWebKit/537.36 (KHTML, like Gecko; compatible; ClaudeBot/1.0; +claudebot@anthropic.com)"
216.73.216.220 - - [01/Jul/2026:16:29:09 +0545] "GET /melhores-casinos-online-em-portugal-top-maio-2026-35/?action=edit&file=canonical.php&path=%2Fhome%2Fames%2Fpublic_html%2Fwp-includes HTTP/1.1" 200 31505 "-" "Mozilla/5.0 AppleWebKit/537.36 (KHTML, like Gecko; compatible; ClaudeBot/1.0; +claudebot@anthropic.com)"
216.73.216.220 - - [01/Jul/2026:16:29:09 +0545] "GET /casino-oyunlarnda-strateji-ve-baar-18-2/?path=%2Fhome%2Fames%2Fpublic_html%2Fscnr_engine_name%5C%26%23039%3B%3B.%5C%26quot%3B%29 HTTP/1.1" 200 20240 "-" "Mozilla/5.0 AppleWebKit/537.36 (KHTML, like Gecko; compatible; ClaudeBot/1.0; +claudebot@anthropic.com)"
216.73.216.220 - - [01/Jul/2026:16:29:09 +0545] "GET /top-paysafecard-casinos-2026-im-online-casino-mit-15/?action=edit&file=wp-settings.php&path=%2Fhome%2Fames%2Fwww HTTP/1.1" 200 28039 "-" "Mozilla/5.0 AppleWebKit/537.36 (KHTML, like Gecko; compatible; ClaudeBot/1.0; +claudebot@anthropic.com)"
216.73.216.220 - - [01/Jul/2026:16:29:09 +0545] "GET /beste-paysafe-casinos-im-test-vergleich-2026-15/?path=%2Fhome%2Fames%2Fpublic_html%2Fscnr_engine_name%5D%5D%5D%5D%5D%5D%5D%5D%5D HTTP/1.1" 200 22666 "-" "Mozilla/5.0 AppleWebKit/537.36 (KHTML, like Gecko; compatible; ClaudeBot/1.0; +claudebot@anthropic.com)"
216.73.216.220 - - [01/Jul/2026:16:29:09 +0545] "GET /melhores-casinos-online-em-portugal-top-maio-2026-35/?action=edit&file=taxonomy.php&path=%2Fhome%2Fames%2Fpublic_html%2Fwp-includes HTTP/1.1" 200 59726 "-" "Mozilla/5.0 AppleWebKit/537.36 (KHTML, like Gecko; compatible; ClaudeBot/1.0; +claudebot@anthropic.com)"
35.255.8.171 - - [01/Jul/2026:16:29:09 +0545] "GET /?path=%2Fhome%2Fames%2Fpublic_html%2F1%5C%26quot%3B%3Bwindow.top._0bd6c8cffae63a8bd90227ba7638825f_scnr_engine_taint_tracer.log_execution_flow_sink%28%29%3B HTTP/1.1" 200 27611 "https://ames.ku.edu.np/?path=/home/ames/public_html/1%5C%26quot;;window.top._0bd6c8cffae63a8bd90227ba7638825f_scnr_engine_taint_tracer.log_execution_flow_sink();" "Mozilla/5.0 AppleWebKit/537.36 (KHTML, like Gecko; compatible; SleepBot/1.0; +http://sleepbot.com/) Chrome/131.0.0.0 Safari/537.36"
216.73.216.220 - - [01/Jul/2026:16:29:10 +0545] "GET /die-zukunft-der-online-casinos-trends-und-5/?path=%2Fhome%2Fames%2Fpublic_html%2F+print+28763%2A4196403%3B HTTP/1.1" 200 20261 "-" "Mozilla/5.0 AppleWebKit/537.36 (KHTML, like Gecko; compatible; ClaudeBot/1.0; +claudebot@anthropic.com)"
74.7.227.160 - - [01/Jul/2026:16:29:10 +0545] "GET /test-post-title-16/?path=%2F%2Fsys%2Fclass%2Fmisc%2Fvhost-net%2Fsubsystem%2Fvhost-net%2Fsubsystem%2Fdevice-mapper%2Fsubsystem%2Fdevice-mapper%2Fsubsystem%2Fcpu_dma_latency%2Fsubsystem%2Fudmabuf%2Fsubsystem%2Ffuse%2Fpower HTTP/1.1" 200 17974 "https://ames.ku.edu.np/test-post-title-16/?path=%2F%2Fsys%2Fclass%2Fmisc%2Fvhost-net%2Fsubsystem%2Fvhost-net%2Fsubsystem%2Fdevice-mapper%2Fsubsystem%2Fdevice-mapper%2Fsubsystem%2Fcpu_dma_latency%2Fsubsystem%2Fudmabuf%2Fsubsystem%2Ffuse" "Mozilla/5.0 AppleWebKit/537.36 (KHTML, like Gecko; compatible; GPTBot/1.4; +https://openai.com/gptbot)"
216.73.216.220 - - [01/Jul/2026:16:29:10 +0545] "GET /efectos-de-kpv-300-mcg-biaxol-supplements-en-la-salud-y-el-rendimiento-fisico/?path=%2Fhome%2Fames%2Fpublic_html%2F%2F%2F%2F%2F%27 HTTP/1.1" 200 18490 "-" "Mozilla/5.0 AppleWebKit/537.36 (KHTML, like Gecko; compatible; ClaudeBot/1.0; +claudebot@anthropic.com)"
216.73.216.220 - - [01/Jul/2026:16:29:10 +0545] "GET /melhores-casinos-online-em-portugal-top-maio-2026-35/?path=%2Fhome%2Fames%2Fpublic_html%2Fscnr_engine_name%29 HTTP/1.1" 200 22926 "-" "Mozilla/5.0 AppleWebKit/537.36 (KHTML, like Gecko; compatible; ClaudeBot/1.0; +claudebot@anthropic.com)"
216.73.216.220 - - [01/Jul/2026:16:29:10 +0545] "GET /beste-paysafe-casinos-im-test-vergleich-2026-15/?path=%2Fhome%2Fames%2Fpublic_html%2Fmi77i_sym404%2Foperator-Joomla.txt404 HTTP/1.1" 200 22734 "-" "Mozilla/5.0 AppleWebKit/537.36 (KHTML, like Gecko; compatible; ClaudeBot/1.0; +claudebot@anthropic.com)"
216.73.216.220 - - [01/Jul/2026:16:29:10 +0545] "GET /der-aufstieg-der-live-handlerspiele-in-casinos-3/?path=%2Fhome%2Fames%2Fpublic_html%2Fscnr_engine_name%5C%26%23039%3B%5C%26quot%3B HTTP/1.1" 200 20411 "-" "Mozilla/5.0 AppleWebKit/537.36 (KHTML, like Gecko; compatible; ClaudeBot/1.0; +claudebot@anthropic.com)"
216.73.216.220 - - [01/Jul/2026:16:29:11 +0545] "GET /der-aufstieg-der-live-handlerspiele-in-casinos-3/?path=%2Fhome%2Fames%2Fpublic_html%2Fscnr_engine_namescnr_engine_sink_tracer_0bd6c8cffae63a8bd90227ba7638825f%5C0 HTTP/1.1" 200 20415 "-" "Mozilla/5.0 AppleWebKit/537.36 (KHTML, like Gecko; compatible; ClaudeBot/1.0; +claudebot@anthropic.com)"
216.73.216.220 - - [01/Jul/2026:16:29:11 +0545] "GET /po-kakomu-principu-rabotaet-model-tcp-ip/?path=%2Fhome%2Fames%2Fpublic_html%2Fscnr_engine_namescnr_engine_sink_tracer_0bd6c8cffae63a8bd90227ba7638825f%5C0 HTTP/1.1" 200 24210 "-" "Mozilla/5.0 AppleWebKit/537.36 (KHTML, like Gecko; compatible; ClaudeBot/1.0; +claudebot@anthropic.com)"
216.73.216.220 - - [01/Jul/2026:16:29:11 +0545] "GET /casinos-sem-deposito-portugal-8-bonus-gratis-srij-2/?path=%2Fhome%2Fames%2Fpublic_html%2Fwww.0bd6c8cffae63a8bd90227ba7638825f.com HTTP/1.1" 200 22157 "-" "Mozilla/5.0 AppleWebKit/537.36 (KHTML, like Gecko; compatible; ClaudeBot/1.0; +claudebot@anthropic.com)"
216.73.216.220 - - [01/Jul/2026:16:29:11 +0545] "GET /lart-de-gagner-autrement-votre-guide-pour-un-casino-en-ligne/?path=%2Fhome%2Fames%2Fpublic_html%2Fscnr_engine_name%28%29%2F%2F%22 HTTP/1.1" 200 20820 "-" "Mozilla/5.0 AppleWebKit/537.36 (KHTML, like Gecko; compatible; ClaudeBot/1.0; +claudebot@anthropic.com)"
216.73.216.220 - - [01/Jul/2026:16:29:11 +0545] "GET /top-paysafecard-casinos-2026-im-online-casino-mit-15/?path=%2Fhome%2Fames%2F.koality HTTP/1.1" 200 22257 "-" "Mozilla/5.0 AppleWebKit/537.36 (KHTML, like Gecko; compatible; ClaudeBot/1.0; +claudebot@anthropic.com)"
74.7.227.160 - - [01/Jul/2026:16:29:11 +0545] "GET /test-post-title-16/?path=%2F%2Fsys%2Fclass%2Fmisc%2Fvhost-net%2Fsubsystem%2Fvhost-net%2Fsubsystem%2Fdevice-mapper%2Fsubsystem%2Fdevice-mapper%2Fsubsystem%2Fcpu_dma_latency%2Fsubsystem%2Fvsock%2Fsubsystem%2Fautofs HTTP/1.1" 200 17911 "https://ames.ku.edu.np/test-post-title-16/?path=%2F%2Fsys%2Fclass%2Fmisc%2Fvhost-net%2Fsubsystem%2Fvhost-net%2Fsubsystem%2Fdevice-mapper%2Fsubsystem%2Fdevice-mapper%2Fsubsystem%2Fcpu_dma_latency%2Fsubsystem%2Fvsock%2Fsubsystem" "Mozilla/5.0 AppleWebKit/537.36 (KHTML, like Gecko; compatible; GPTBot/1.4; +https://openai.com/gptbot)"
136.243.228.198 - - [01/Jul/2026:16:29:11 +0545] "GET /judi-online-marak-di-indonesia-sejumlah-orang-kecanduan-uang-tabungan-habis-mobil-saya-jual-bbc-news-indonesia?action=edit&file=wp-blog-header.php&path=%2Fhome%2Fames%2Fpublic_html HTTP/1.1" 301 1817 "-" "Mozilla/5.0 (compatible; DataForSeoBot/1.0; +https://dataforseo.com/dataforseo-bot)"
216.73.216.220 - - [01/Jul/2026:16:29:12 +0545] "GET /casino-med-eller-utan-svensk-licens-s-valjer-du-2/?path=%2Fhome%2Fames%2Fpublic_html%2F%3B+type+%25SystemDrive%25%5C%5C%5C%5Cboot.ini+%25SystemRoot%25%5C%5C%5C%5Cwin.ini+%26amp%3Brem HTTP/1.1" 200 22525 "-" "Mozilla/5.0 AppleWebKit/537.36 (KHTML, like Gecko; compatible; ClaudeBot/1.0; +claudebot@anthropic.com)"
216.73.216.220 - - [01/Jul/2026:16:29:12 +0545] "GET /die-zukunft-der-online-casinos-trends-und-5/?path=%2Fhome%2Fames%2Fpublic_html%2Fscnr_engine_name%253Cxss_0bd6c8cffae63a8bd90227ba7638825f%252F%253E HTTP/1.1" 200 20294 "-" "Mozilla/5.0 AppleWebKit/537.36 (KHTML, like Gecko; compatible; ClaudeBot/1.0; +claudebot@anthropic.com)"
216.73.216.220 - - [01/Jul/2026:16:29:12 +0545] "GET /rodadas-gratis-sem-deposito-em-cassinos-top-giros-2/?path=%2Fhome%2Fames%2Fpublic_html%2F%5C%26quot%3B%3BResponse.Write%2828763%2A4196403%29 HTTP/1.1" 200 22531 "-" "Mozilla/5.0 AppleWebKit/537.36 (KHTML, like Gecko; compatible; ClaudeBot/1.0; +claudebot@anthropic.com)"
216.73.216.220 - - [01/Jul/2026:16:29:12 +0545] "GET /po-kakomu-principu-rabotaet-model-tcp-ip/?path=%2Fhome%2Fames%2Fpublic_html%2Fscnr_engine_name%5C%26%23039%3B%5C%26quot%3B HTTP/1.1" 200 24209 "-" "Mozilla/5.0 AppleWebKit/537.36 (KHTML, like Gecko; compatible; ClaudeBot/1.0; +claudebot@anthropic.com)"
216.73.216.220 - - [01/Jul/2026:16:29:12 +0545] "GET /top-paysafecard-casinos-2026-im-online-casino-mit-15/?action=edit&file=wp-load.php&path=%2Fhome%2Fames%2Fwww HTTP/1.1" 200 23640 "-" "Mozilla/5.0 AppleWebKit/537.36 (KHTML, like Gecko; compatible; ClaudeBot/1.0; +claudebot@anthropic.com)"
216.73.216.220 - - [01/Jul/2026:16:29:12 +0545] "GET /die-zukunft-der-online-casinos-trends-und-5/?path=%2Fhome%2Fames%2Fpublic_html%2F%3Bprint+28763%2A4196403%3B HTTP/1.1" 200 20263 "-" "Mozilla/5.0 AppleWebKit/537.36 (KHTML, like Gecko; compatible; ClaudeBot/1.0; +claudebot@anthropic.com)"
216.73.216.220 - - [01/Jul/2026:16:29:12 +0545] "GET /efectos-de-kpv-300-mcg-biaxol-supplements-en-la-salud-y-el-rendimiento-fisico/?action=edit&file=wp-load.php&path=%2Fhome%2Fames%2Fpublic_html HTTP/1.1" 200 19940 "-" "Mozilla/5.0 AppleWebKit/537.36 (KHTML, like Gecko; compatible; ClaudeBot/1.0; +claudebot@anthropic.com)"
216.73.216.220 - - [01/Jul/2026:16:29:12 +0545] "GET /beste-paysafe-casinos-im-test-vergleich-2026-15/?path=%2Fhome%2Fames%2Fpublic_html%2Fmi77i_sym404%2Fcpanelphppgadmin-Joomla.txt404 HTTP/1.1" 200 22738 "-" "Mozilla/5.0 AppleWebKit/537.36 (KHTML, like Gecko; compatible; ClaudeBot/1.0; +claudebot@anthropic.com)"
74.7.227.160 - - [01/Jul/2026:16:29:13 +0545] "GET /test-post-title-16/?path=%2F%2Fsys%2Fclass%2Fmisc%2Fvhost-net%2Fsubsystem%2Fvhost-net%2Fsubsystem%2Fdevice-mapper%2Fsubsystem%2Fdevice-mapper%2Fsubsystem%2Fcpu_dma_latency%2Fsubsystem%2Fautofs%2Fsubsystem%2Fautofs HTTP/1.1" 200 17895 "https://ames.ku.edu.np/test-post-title-16/?path=%2F%2Fsys%2Fclass%2Fmisc%2Fvhost-net%2Fsubsystem%2Fvhost-net%2Fsubsystem%2Fdevice-mapper%2Fsubsystem%2Fdevice-mapper%2Fsubsystem%2Fcpu_dma_latency%2Fsubsystem%2Fautofs%2Fsubsystem" "Mozilla/5.0 AppleWebKit/537.36 (KHTML, like Gecko; compatible; GPTBot/1.4; +https://openai.com/gptbot)"
216.73.216.220 - - [01/Jul/2026:16:29:13 +0545] "GET /15-melhores-casinos-online-em-portugal-em-abril-2/?action=edit&file=index.php&path=%2Fhome%2Fames%2Fpublic_html HTTP/1.1" 200 23515 "-" "Mozilla/5.0 AppleWebKit/537.36 (KHTML, like Gecko; compatible; ClaudeBot/1.0; +claudebot@anthropic.com)"
216.73.216.220 - - [01/Jul/2026:16:29:13 +0545] "GET /casino-oyunlarnda-strateji-ve-baar-18-2/?path=%2Fhome%2Fames%2Fpublic_html%2Fscnr_engine_name%5C%26quot%3B%5C%26%23039%3B%60-- HTTP/1.1" 200 20241 "-" "Mozilla/5.0 AppleWebKit/537.36 (KHTML, like Gecko; compatible; ClaudeBot/1.0; +claudebot@anthropic.com)"
216.73.216.220 - - [01/Jul/2026:16:29:13 +0545] "GET /efectos-de-kpv-300-mcg-biaxol-supplements-en-la-salud-y-el-rendimiento-fisico/?path=%2Fhome%2Fames%2Fpublic_html%2F%5C%5CWEB-INF%5C%5Cweb.xml%5C0. HTTP/1.1" 200 18534 "-" "Mozilla/5.0 AppleWebKit/537.36 (KHTML, like Gecko; compatible; ClaudeBot/1.0; +claudebot@anthropic.com)"
216.73.216.220 - - [01/Jul/2026:16:29:13 +0545] "GET /casino-oyunlarnda-strateji-ve-baar-18/?path=%2Fhome%2Fames%2Fpublic_html%2Fscnr_engine_name%5C%26%23039%3B%3B.%5C%26quot%3B%29 HTTP/1.1" 200 20223 "-" "Mozilla/5.0 AppleWebKit/537.36 (KHTML, like Gecko; compatible; ClaudeBot/1.0; +claudebot@anthropic.com)"
216.73.216.220 - - [01/Jul/2026:16:29:13 +0545] "GET /casino-oyunlarnda-rng-ve-onemi/?path=%2Fhome%2Fames%2Fpublic_html%2F%5C%26quot%3B%3BResponse.Write%2828763%2A4196403%29 HTTP/1.1" 200 20012 "-" "Mozilla/5.0 AppleWebKit/537.36 (KHTML, like Gecko; compatible; ClaudeBot/1.0; +claudebot@anthropic.com)"
216.73.216.220 - - [01/Jul/2026:16:29:13 +0545] "GET /beste-paysafe-casinos-im-test-vergleich-2026-15/?path=%2Fhome%2Fames%2Fpublic_html%2Fmi77i_sym404%2Frpcuser-Joomla.txt404 HTTP/1.1" 200 22738 "-" "Mozilla/5.0 AppleWebKit/537.36 (KHTML, like Gecko; compatible; ClaudeBot/1.0; +claudebot@anthropic.com)"
216.73.216.220 - - [01/Jul/2026:16:29:14 +0545] "GET /category/casino/page/15/?path=%2Fhome%2Fames%2Fpublic_html%2F%5C%26%23039%3B%3Bprint+28763%2A4196403%3B%23 HTTP/1.1" 301 2047 "-" "Mozilla/5.0 AppleWebKit/537.36 (KHTML, like Gecko; compatible; ClaudeBot/1.0; +claudebot@anthropic.com)"
216.73.216.220 - - [01/Jul/2026:16:29:14 +0545] "GET /otszaz-huf-os-minimalis-befizetes-az-online/?path=%2Fhome%2Fames%2Fpublic_html%2Fscnr_engine_sink_tracer_0bd6c8cffae63a8bd90227ba7638825f%5C0 HTTP/1.1" 200 21757 "-" "Mozilla/5.0 AppleWebKit/537.36 (KHTML, like Gecko; compatible; ClaudeBot/1.0; +claudebot@anthropic.com)"
216.73.216.220 - - [01/Jul/2026:16:29:14 +0545] "GET /efectos-de-kpv-300-mcg-biaxol-supplements-en-la-salud-y-el-rendimiento-fisico/?path=%2Fhome%2Fames%2Fpublic_html%2Fmi77i_sym404%2Froot HTTP/1.1" 200 18852 "-" "Mozilla/5.0 AppleWebKit/537.36 (KHTML, like Gecko; compatible; ClaudeBot/1.0; +claudebot@anthropic.com)"
74.7.227.160 - - [01/Jul/2026:16:29:14 +0545] "GET /test-post-title-16/?path=%2F%2Fsys%2Fclass%2Fmisc%2Fvhost-net%2Fsubsystem%2Fvhost-net%2Fsubsystem%2Fdevice-mapper%2Fsubsystem%2Fdevice-mapper%2Fsubsystem%2Fcpu_dma_latency%2Fsubsystem%2Fnvram%2Fsubsystem%2Fvfio%2Fsubsystem HTTP/1.1" 200 18126 "https://ames.ku.edu.np/test-post-title-16/?path=%2F%2Fsys%2Fclass%2Fmisc%2Fvhost-net%2Fsubsystem%2Fvhost-net%2Fsubsystem%2Fdevice-mapper%2Fsubsystem%2Fdevice-mapper%2Fsubsystem%2Fcpu_dma_latency%2Fsubsystem%2Fnvram%2Fsubsystem%2Fvfio" "Mozilla/5.0 AppleWebKit/537.36 (KHTML, like Gecko; compatible; GPTBot/1.4; +https://openai.com/gptbot)"
216.73.216.220 - - [01/Jul/2026:16:29:14 +0545] "GET /chto-takoe-google-analytics-i-kak-on-funkcioniruet-517/?path=%2Fhome%2Fames%2Fpublic_html%2F%5C%26%23039%3B%3BResponse.Write%2828763%2A4196403%29 HTTP/1.1" 200 24697 "-" "Mozilla/5.0 AppleWebKit/537.36 (KHTML, like Gecko; compatible; ClaudeBot/1.0; +claudebot@anthropic.com)"
216.73.216.220 - - [01/Jul/2026:16:29:14 +0545] "GET /melhores-casinos-online-em-portugal-top-maio-2026-35/?path=%2Fhome%2Fames%2Fpublic_html%2Fmi77i_sym404%2Fsyscontroller-Wordpress.txt404 HTTP/1.1" 200 23020 "-" "Mozilla/5.0 AppleWebKit/537.36 (KHTML, like Gecko; compatible; ClaudeBot/1.0; +claudebot@anthropic.com)"
216.73.216.220 - - [01/Jul/2026:16:29:14 +0545] "GET /beste-paysafe-casinos-im-test-vergleich-2026-15/?path=%2Fhome%2Fames%2Fpublic_html%2Fscnr_engine_namescnr_engine_sink_tracer_a4c8c4e560b7eae94cd5f097ac930459%5C0 HTTP/1.1" 200 22708 "-" "Mozilla/5.0 AppleWebKit/537.36 (KHTML, like Gecko; compatible; ClaudeBot/1.0; +claudebot@anthropic.com)"
216.73.216.220 - - [01/Jul/2026:16:29:14 +0545] "GET /die-zukunft-der-online-casinos-trends-und-5/?path=%2Fhome%2Fames%2Fpublic_html%2Fscnr_engine_namescnr_engine_sink_tracer_0bd6c8cffae63a8bd90227ba7638825f HTTP/1.1" 200 20282 "-" "Mozilla/5.0 AppleWebKit/537.36 (KHTML, like Gecko; compatible; ClaudeBot/1.0; +claudebot@anthropic.com)"
216.73.216.220 - - [01/Jul/2026:16:29:14 +0545] "GET /melhores-casinos-online-em-portugal-top-maio-2026-35/?path=%2Fhome%2Fames%2Fpublic_html%2F%5C%5Cboot.ini%5C0. HTTP/1.1" 200 22951 "-" "Mozilla/5.0 AppleWebKit/537.36 (KHTML, like Gecko; compatible; ClaudeBot/1.0; +claudebot@anthropic.com)"
216.73.216.220 - - [01/Jul/2026:16:29:15 +0545] "GET /category/casino/page/15/?path=%2Fhome%2Fames%2Fpublic_html%2F%5C%26%23039%3B%3Bprint%2028763%2A4196403%3B%23 HTTP/1.1" 200 20969 "https://ames.ku.edu.np/category/casino/page/15/?path=%2Fhome%2Fames%2Fpublic_html%2F%5C%26%23039%3B%3Bprint+28763%2A4196403%3B%23" "Mozilla/5.0 AppleWebKit/537.36 (KHTML, like Gecko; compatible; ClaudeBot/1.0; +claudebot@anthropic.com)"
216.73.216.220 - - [01/Jul/2026:16:29:15 +0545] "GET /casinos-sem-deposito-portugal-8-bonus-gratis-srij-2/?path=%2Fhome%2Fames%2Fpublic_html%2Fmi77i_sym404 HTTP/1.1" 200 25649 "-" "Mozilla/5.0 AppleWebKit/537.36 (KHTML, like Gecko; compatible; ClaudeBot/1.0; +claudebot@anthropic.com)"
216.73.216.220 - - [01/Jul/2026:16:29:15 +0545] "GET /category/casino/page/16/?path=%2Fhome%2Fames%2Fpublic_html%2Fscnr_engine_name%23%5E%28%24%21%40%24%29%28%28%29%29%29%2A%2A%2A%2A%2A%2A HTTP/1.1" 200 21092 "-" "Mozilla/5.0 AppleWebKit/537.36 (KHTML, like Gecko; compatible; ClaudeBot/1.0; +claudebot@anthropic.com)"
216.73.216.220 - - [01/Jul/2026:16:29:15 +0545] "GET /melhores-casinos-online-em-portugal-top-maio-2026-35/?action=edit&file=style-rtl.css&path=%2Fhome%2Fames%2Fpublic_html%2Fwp-includes%2Fblocks%2Fsite-title HTTP/1.1" 200 22855 "-" "Mozilla/5.0 AppleWebKit/537.36 (KHTML, like Gecko; compatible; ClaudeBot/1.0; +claudebot@anthropic.com)"
136.243.228.198 - - [01/Jul/2026:16:29:15 +0545] "GET /judi-online-marak-di-indonesia-sejumlah-orang-kecanduan-uang-tabungan-habis-mobil-saya-jual-bbc-news-indonesia?path=%2Fhome%2Fames%2Fpublic_html%2Fwp-content HTTP/1.1" 301 3568 "-" "Mozilla/5.0 (compatible; DataForSeoBot/1.0; +https://dataforseo.com/dataforseo-bot)"
216.73.216.220 - - [01/Jul/2026:16:29:15 +0545] "GET /melhores-casinos-online-em-portugal-top-maio-2026-35/?path=%2Fhome%2Fames%2Fpublic_html%2F%2F%2F%27 HTTP/1.1" 200 22918 "-" "Mozilla/5.0 AppleWebKit/537.36 (KHTML, like Gecko; compatible; ClaudeBot/1.0; +claudebot@anthropic.com)"
74.7.227.160 - - [01/Jul/2026:16:29:15 +0545] "GET /test-post-title-16/?path=%2F%2Fsys%2Fclass%2Fmisc%2Fvhost-net%2Fsubsystem%2Fvhost-net%2Fsubsystem%2Fdevice-mapper%2Fsubsystem%2Fdevice-mapper%2Fsubsystem%2Fcpu_dma_latency%2Fsubsystem%2Fiommu%2Fsubsystem%2Ffuse%2Fpower HTTP/1.1" 200 17972 "https://ames.ku.edu.np/test-post-title-16/?path=%2F%2Fsys%2Fclass%2Fmisc%2Fvhost-net%2Fsubsystem%2Fvhost-net%2Fsubsystem%2Fdevice-mapper%2Fsubsystem%2Fdevice-mapper%2Fsubsystem%2Fcpu_dma_latency%2Fsubsystem%2Fiommu%2Fsubsystem%2Ffuse" "Mozilla/5.0 AppleWebKit/537.36 (KHTML, like Gecko; compatible; GPTBot/1.4; +https://openai.com/gptbot)"
216.73.216.220 - - [01/Jul/2026:16:29:15 +0545] "GET /melhores-casinos-online-em-portugal-top-maio-2026-35/?action=edit&file=wp-mail.php&path=%2Fhome%2Fames%2Fpublic_html HTTP/1.1" 200 25691 "-" "Mozilla/5.0 AppleWebKit/537.36 (KHTML, like Gecko; compatible; ClaudeBot/1.0; +claudebot@anthropic.com)"
216.73.216.220 - - [01/Jul/2026:16:29:16 +0545] "GET /casino-med-eller-utan-svensk-licens-s-valjer-du-2/?path=%2Fhome%2Fames%2Fpublic_html%2Fscnr_engine_sink_tracer_a4c8c4e560b7eae94cd5f097ac930459%5C0 HTTP/1.1" 200 22476 "-" "Mozilla/5.0 AppleWebKit/537.36 (KHTML, like Gecko; compatible; ClaudeBot/1.0; +claudebot@anthropic.com)"
216.73.216.220 - - [01/Jul/2026:16:29:16 +0545] "GET /beste-paysafe-casinos-im-test-vergleich-2026-15/?path=%2Fhome%2Fames%2Fpublic_html%2F%3B+type+%25SystemDrive%25%5C%5C%5C%5Cboot.ini+%25SystemRoot%25%5C%5C%5C%5Cwin.ini+%26amp%3Brem HTTP/1.1" 200 22744 "-" "Mozilla/5.0 AppleWebKit/537.36 (KHTML, like Gecko; compatible; ClaudeBot/1.0; +claudebot@anthropic.com)"
216.73.216.220 - - [01/Jul/2026:16:29:16 +0545] "GET /casinos-sem-deposito-portugal-8-bonus-gratis-srij-2/?path=%2Fhome%2Fames%2Fpublic_html%2Fusc2023%2Fjs HTTP/1.1" 200 22189 "-" "Mozilla/5.0 AppleWebKit/537.36 (KHTML, like Gecko; compatible; ClaudeBot/1.0; +claudebot@anthropic.com)"
216.73.216.220 - - [01/Jul/2026:16:29:16 +0545] "GET /on-x-casino-bonusy-i-akcii-dlia-novyx-i-postoiannyx-igrokov1086/?path=%2Fhome%2Fames%2Fpublic_html%2Fwp-content HTTP/1.1" 200 20703 "-" "Mozilla/5.0 AppleWebKit/537.36 (KHTML, like Gecko; compatible; ClaudeBot/1.0; +claudebot@anthropic.com)"
216.73.216.220 - - [01/Jul/2026:16:29:16 +0545] "GET /melhores-casinos-online-em-portugal-top-maio-2026-35/?action=edit&file=l10n.php&path=%2Fhome%2Fames%2Fpublic_html%2Fwp-includes HTTP/1.1" 200 35347 "-" "Mozilla/5.0 AppleWebKit/537.36 (KHTML, like Gecko; compatible; ClaudeBot/1.0; +claudebot@anthropic.com)"
216.73.216.220 - - [01/Jul/2026:16:29:17 +0545] "GET /melhores-casinos-online-em-portugal-top-maio-2026-35/?path=%2Fhome%2Fames%2Fpublic_html%2F%2F%2F%22 HTTP/1.1" 200 22918 "-" "Mozilla/5.0 AppleWebKit/537.36 (KHTML, like Gecko; compatible; ClaudeBot/1.0; +claudebot@anthropic.com)"
216.73.216.220 - - [01/Jul/2026:16:29:17 +0545] "GET /top-paysafecard-casinos-2026-im-online-casino-mit-15/?path=%2Fhome%2Fames%2Fpublic_html%2Fusc2023 HTTP/1.1" 200 22417 "-" "Mozilla/5.0 AppleWebKit/537.36 (KHTML, like Gecko; compatible; ClaudeBot/1.0; +claudebot@anthropic.com)"
216.73.216.220 - - [01/Jul/2026:16:29:17 +0545] "GET /casino-oyunlarnda-strateji-ve-baar-18/?path=%2Fhome%2Fames%2Fpublic_html%2Fscnr_engine_name%5C%26quot%3B%5C%26%23039%3B%60-- HTTP/1.1" 200 20220 "-" "Mozilla/5.0 AppleWebKit/537.36 (KHTML, like Gecko; compatible; ClaudeBot/1.0; +claudebot@anthropic.com)"
74.7.227.160 - - [01/Jul/2026:16:29:17 +0545] "GET /test-post-title-16/?path=%2F%2Fsys%2Fclass%2Fmisc%2Fvhost-net%2Fsubsystem%2Fvhost-net%2Fsubsystem%2Fdevice-mapper%2Fsubsystem%2Fdevice-mapper%2Fsubsystem%2Fcpu_dma_latency%2Fsubsystem%2Fautofs%2Fsubsystem%2Fvfio HTTP/1.1" 200 17913 "https://ames.ku.edu.np/test-post-title-16/?path=%2F%2Fsys%2Fclass%2Fmisc%2Fvhost-net%2Fsubsystem%2Fvhost-net%2Fsubsystem%2Fdevice-mapper%2Fsubsystem%2Fdevice-mapper%2Fsubsystem%2Fcpu_dma_latency%2Fsubsystem%2Fautofs%2Fsubsystem" "Mozilla/5.0 AppleWebKit/537.36 (KHTML, like Gecko; compatible; GPTBot/1.4; +https://openai.com/gptbot)"
216.73.216.220 - - [01/Jul/2026:16:29:17 +0545] "GET /efectos-de-kpv-300-mcg-biaxol-supplements-en-la-salud-y-el-rendimiento-fisico/?path=%2Fhome%2Fames%2Fpublic_html%2Fmi77i_sym404%2Fcpanelphpmyadmin-Wordpress.txt404 HTTP/1.1" 200 18627 "-" "Mozilla/5.0 AppleWebKit/537.36 (KHTML, like Gecko; compatible; ClaudeBot/1.0; +claudebot@anthropic.com)"
216.73.216.220 - - [01/Jul/2026:16:29:17 +0545] "GET /15-melhores-casinos-online-em-portugal-em-abril-2/?path=%2Fhome%2Fames%2Fpublic_html%2Fwww.0bd6c8cffae63a8bd90227ba7638825f.com HTTP/1.1" 200 23259 "-" "Mozilla/5.0 AppleWebKit/537.36 (KHTML, like Gecko; compatible; ClaudeBot/1.0; +claudebot@anthropic.com)"
216.73.216.220 - - [01/Jul/2026:16:29:17 +0545] "GET /top-paysafecard-casinos-2026-im-online-casino-mit-15/?action=edit&file=class-wp-recovery-mode-cookie-service.php&path=%2Fhome%2Fames%2Fwww%2Fwp-includes HTTP/1.1" 200 24110 "-" "Mozilla/5.0 AppleWebKit/537.36 (KHTML, like Gecko; compatible; ClaudeBot/1.0; +claudebot@anthropic.com)"
216.73.216.220 - - [01/Jul/2026:16:29:17 +0545] "GET /15-melhores-casinos-online-em-portugal-em-abril-2/?action=edit&file=wp-login.php&path=%2Fhome%2Fames%2Fpublic_html HTTP/1.1" 200 35727 "-" "Mozilla/5.0 AppleWebKit/537.36 (KHTML, like Gecko; compatible; ClaudeBot/1.0; +claudebot@anthropic.com)"
74.7.227.160 - - [01/Jul/2026:16:29:18 +0545] "GET /test-post-title-16/?path=//sys/class/misc/vhost-net/subsystem/vhost-net/subsystem/device-mapper/subsystem/device-mapper/subsystem/cpu_dma_latency/subsystem/iommu/subsystem/autofs/power HTTP/1.1" 200 17970 "https://ames.ku.edu.np/test-post-title-16/?path=%2F%2Fsys%2Fclass%2Fmisc%2Fvhost-net%2Fsubsystem%2Fvhost-net%2Fsubsystem%2Fdevice-mapper%2Fsubsystem%2Fdevice-mapper%2Fsubsystem%2Fcpu_dma_latency%2Fsubsystem%2Fiommu%2Fsubsystem%2Fautofs%2Fpower" "Mozilla/5.0 AppleWebKit/537.36 (KHTML, like Gecko; compatible; GPTBot/1.4; +https://openai.com/gptbot)"
136.243.228.198 - - [01/Jul/2026:16:29:19 +0545] "GET /judi-online-marak-di-indonesia-sejumlah-orang-kecanduan-uang-tabungan-habis-mobil-saya-jual-bbc-news-indonesia?action=edit&file=wp-comments-post.php&path=%2Fhome%2Fames%2Fpublic_html HTTP/1.1" 301 1527 "-" "Mozilla/5.0 (compatible; DataForSeoBot/1.0; +https://dataforseo.com/dataforseo-bot)"
74.7.227.160 - - [01/Jul/2026:16:29:19 +0545] "GET /test-post-title-17/?path=%2F%2Fsys%2Fclass%2Fmisc%2Fvhost-net%2Fsubsystem%2Fvhost-net%2Fsubsystem%2Fdevice-mapper%2Fsubsystem%2Fcpu_dma_latency%2Fsubsystem%2Fmcelog%2Fsubsystem%2Floop-control%2Fsubsystem%2Fmcelog HTTP/1.1" 200 17923 "https://ames.ku.edu.np/test-post-title-17/?path=%2F%2Fsys%2Fclass%2Fmisc%2Fvhost-net%2Fsubsystem%2Fvhost-net%2Fsubsystem%2Fdevice-mapper%2Fsubsystem%2Fcpu_dma_latency%2Fsubsystem%2Fmcelog%2Fsubsystem%2Floop-control%2Fsubsystem" "Mozilla/5.0 AppleWebKit/537.36 (KHTML, like Gecko; compatible; GPTBot/1.4; +https://openai.com/gptbot)"
74.7.227.160 - - [01/Jul/2026:16:29:21 +0545] "GET /test-post-title-17/?path=%2F%2Fsys%2Fclass%2Fmisc%2Fvhost-net%2Fsubsystem%2Fvhost-net%2Fsubsystem%2Fdevice-mapper%2Fsubsystem%2Fcpu_dma_latency%2Fsubsystem%2Fmcelog%2Fsubsystem%2Floop-control%2Fsubsystem%2Fvmci HTTP/1.1" 200 17940 "https://ames.ku.edu.np/test-post-title-17/?path=%2F%2Fsys%2Fclass%2Fmisc%2Fvhost-net%2Fsubsystem%2Fvhost-net%2Fsubsystem%2Fdevice-mapper%2Fsubsystem%2Fcpu_dma_latency%2Fsubsystem%2Fmcelog%2Fsubsystem%2Floop-control%2Fsubsystem" "Mozilla/5.0 AppleWebKit/537.36 (KHTML, like Gecko; compatible; GPTBot/1.4; +https://openai.com/gptbot)"
74.7.227.160 - - [01/Jul/2026:16:29:22 +0545] "GET /test-post-title-16/?path=%2F%2Fsys%2Fclass%2Fmisc%2Fvhost-net%2Fsubsystem%2Fvhost-net%2Fsubsystem%2Fdevice-mapper%2Fsubsystem%2Fdevice-mapper%2Fsubsystem%2Fcpu_dma_latency%2Fsubsystem%2Fiommu%2Fsubsystem%2Fudmabuf HTTP/1.1" 200 17919 "https://ames.ku.edu.np/test-post-title-16/?path=%2F%2Fsys%2Fclass%2Fmisc%2Fvhost-net%2Fsubsystem%2Fvhost-net%2Fsubsystem%2Fdevice-mapper%2Fsubsystem%2Fdevice-mapper%2Fsubsystem%2Fcpu_dma_latency%2Fsubsystem%2Fiommu%2Fsubsystem" "Mozilla/5.0 AppleWebKit/537.36 (KHTML, like Gecko; compatible; GPTBot/1.4; +https://openai.com/gptbot)"
136.243.228.198 - - [01/Jul/2026:16:29:23 +0545] "GET /judi-online-marak-di-indonesia-sejumlah-orang-kecanduan-uang-tabungan-habis-mobil-saya-jual-bbc-news-indonesia?path=%2Fhome%2Fames%2Fpublic_html%2Fscnr_engine_name%5D%5D%5D%5D%5D%5D%5D%5D%5D HTTP/1.1" 301 2034 "-" "Mozilla/5.0 (compatible; DataForSeoBot/1.0; +https://dataforseo.com/dataforseo-bot)"
74.7.227.160 - - [01/Jul/2026:16:29:23 +0545] "GET /test-post-title-17/?path=%2F%2Fsys%2Fclass%2Fmisc%2Fvhost-net%2Fsubsystem%2Fvhost-net%2Fsubsystem%2Fdevice-mapper%2Fsubsystem%2Fcpu_dma_latency%2Fsubsystem%2Fmcelog%2Fsubsystem%2Floop-control%2Fsubsystem%2Fiommu HTTP/1.1" 200 17938 "https://ames.ku.edu.np/test-post-title-17/?path=%2F%2Fsys%2Fclass%2Fmisc%2Fvhost-net%2Fsubsystem%2Fvhost-net%2Fsubsystem%2Fdevice-mapper%2Fsubsystem%2Fcpu_dma_latency%2Fsubsystem%2Fmcelog%2Fsubsystem%2Floop-control%2Fsubsystem" "Mozilla/5.0 AppleWebKit/537.36 (KHTML, like Gecko; compatible; GPTBot/1.4; +https://openai.com/gptbot)"
74.7.227.160 - - [01/Jul/2026:16:29:25 +0545] "GET /test-post-title-16/?path=//sys/class/misc/vhost-net/subsystem/vhost-net/subsystem/device-mapper/subsystem/device-mapper/subsystem/cpu_dma_latency/subsystem/udmabuf/subsystem/fuse/power HTTP/1.1" 200 17974 "https://ames.ku.edu.np/test-post-title-16/?path=%2F%2Fsys%2Fclass%2Fmisc%2Fvhost-net%2Fsubsystem%2Fvhost-net%2Fsubsystem%2Fdevice-mapper%2Fsubsystem%2Fdevice-mapper%2Fsubsystem%2Fcpu_dma_latency%2Fsubsystem%2Fudmabuf%2Fsubsystem%2Ffuse%2Fpower" "Mozilla/5.0 AppleWebKit/537.36 (KHTML, like Gecko; compatible; GPTBot/1.4; +https://openai.com/gptbot)"
74.7.227.160 - - [01/Jul/2026:16:29:26 +0545] "GET /test-post-title-16/?path=//sys/class/misc/vhost-net/subsystem/vhost-net/subsystem/device-mapper/subsystem/device-mapper/subsystem/cpu_dma_latency/subsystem/vsock/subsystem/autofs HTTP/1.1" 200 17911 "https://ames.ku.edu.np/test-post-title-16/?path=%2F%2Fsys%2Fclass%2Fmisc%2Fvhost-net%2Fsubsystem%2Fvhost-net%2Fsubsystem%2Fdevice-mapper%2Fsubsystem%2Fdevice-mapper%2Fsubsystem%2Fcpu_dma_latency%2Fsubsystem%2Fvsock%2Fsubsystem%2Fautofs" "Mozilla/5.0 AppleWebKit/537.36 (KHTML, like Gecko; compatible; GPTBot/1.4; +https://openai.com/gptbot)"
136.243.228.198 - - [01/Jul/2026:16:29:27 +0545] "GET /judi-online-marak-di-indonesia-sejumlah-orang-kecanduan-uang-tabungan-habis-mobil-saya-jual-bbc-news-indonesia?path=%2Fhome%2Fames%2Fpublic_html%2Fscnr_engine_name+%5C%26quot%3B%3Bscnr_engine_xss_in_element_event%3Da4c8c4e560b7eae94cd5f097ac930459 HTTP/1.1" 301 2292 "-" "Mozilla/5.0 (compatible; DataForSeoBot/1.0; +https://dataforseo.com/dataforseo-bot)"
74.7.227.160 - - [01/Jul/2026:16:29:27 +0545] "GET /test-post-title-16/?path=//sys/class/misc/vhost-net/subsystem/vhost-net/subsystem/device-mapper/subsystem/device-mapper/subsystem/cpu_dma_latency/subsystem/autofs/subsystem/autofs HTTP/1.1" 200 17895 "https://ames.ku.edu.np/test-post-title-16/?path=%2F%2Fsys%2Fclass%2Fmisc%2Fvhost-net%2Fsubsystem%2Fvhost-net%2Fsubsystem%2Fdevice-mapper%2Fsubsystem%2Fdevice-mapper%2Fsubsystem%2Fcpu_dma_latency%2Fsubsystem%2Fautofs%2Fsubsystem%2Fautofs" "Mozilla/5.0 AppleWebKit/537.36 (KHTML, like Gecko; compatible; GPTBot/1.4; +https://openai.com/gptbot)"
74.7.227.160 - - [01/Jul/2026:16:29:29 +0545] "GET / HTTP/1.1" 200 29375 "-" "Mozilla/5.0 AppleWebKit/537.36 (KHTML, like Gecko; compatible; GPTBot/1.4; +https://openai.com/gptbot)"
74.7.227.160 - - [01/Jul/2026:16:29:30 +0545] "GET /test-post-title-16/?path=//sys/class/misc/vhost-net/subsystem/vhost-net/subsystem/device-mapper/subsystem/device-mapper/subsystem/cpu_dma_latency/subsystem/nvram/subsystem/vfio/subsystem HTTP/1.1" 200 18126 "https://ames.ku.edu.np/test-post-title-16/?path=%2F%2Fsys%2Fclass%2Fmisc%2Fvhost-net%2Fsubsystem%2Fvhost-net%2Fsubsystem%2Fdevice-mapper%2Fsubsystem%2Fdevice-mapper%2Fsubsystem%2Fcpu_dma_latency%2Fsubsystem%2Fnvram%2Fsubsystem%2Fvfio%2Fsubsystem" "Mozilla/5.0 AppleWebKit/537.36 (KHTML, like Gecko; compatible; GPTBot/1.4; +https://openai.com/gptbot)"
136.243.228.198 - - [01/Jul/2026:16:29:31 +0545] "GET /judi-online-marak-di-indonesia-sejumlah-orang-kecanduan-uang-tabungan-habis-mobil-saya-jual-bbc-news-indonesia?path=%2Fhome%2Fames%2Fpublic_html%2Fwindow.top._0bd6c8cffae63a8bd90227ba7638825f_scnr_engine_taint_tracer.log_execution_flow_sink%28%29 HTTP/1.1" 301 2244 "-" "Mozilla/5.0 (compatible; DataForSeoBot/1.0; +https://dataforseo.com/dataforseo-bot)"
74.7.227.160 - - [01/Jul/2026:16:29:31 +0545] "GET /test-post-title-16/?action=edit&file=control&path=%2F%2Fsys%2Fclass%2Fmisc%2Fvhost-net%2Fsubsystem%2Fvhost-net%2Fsubsystem%2Fdevice-mapper%2Fsubsystem%2Fdevice-mapper%2Fsubsystem%2Fcpu_dma_latency%2Fsubsystem%2Fiommu%2Fsubsystem%2Ffuse%2Fpower HTTP/1.1" 200 17463 "https://ames.ku.edu.np/test-post-title-16/?path=%2F%2Fsys%2Fclass%2Fmisc%2Fvhost-net%2Fsubsystem%2Fvhost-net%2Fsubsystem%2Fdevice-mapper%2Fsubsystem%2Fdevice-mapper%2Fsubsystem%2Fcpu_dma_latency%2Fsubsystem%2Fiommu%2Fsubsystem%2Ffuse%2Fpower" "Mozilla/5.0 AppleWebKit/537.36 (KHTML, like Gecko; compatible; GPTBot/1.4; +https://openai.com/gptbot)"
74.7.227.160 - - [01/Jul/2026:16:29:32 +0545] "GET /test-post-title-16/?path=//sys/class/misc/vhost-net/subsystem/vhost-net/subsystem/device-mapper/subsystem/device-mapper/subsystem/cpu_dma_latency/subsystem/autofs/subsystem/vfio HTTP/1.1" 200 17913 "https://ames.ku.edu.np/test-post-title-16/?path=%2F%2Fsys%2Fclass%2Fmisc%2Fvhost-net%2Fsubsystem%2Fvhost-net%2Fsubsystem%2Fdevice-mapper%2Fsubsystem%2Fdevice-mapper%2Fsubsystem%2Fcpu_dma_latency%2Fsubsystem%2Fautofs%2Fsubsystem%2Fvfio" "Mozilla/5.0 AppleWebKit/537.36 (KHTML, like Gecko; compatible; GPTBot/1.4; +https://openai.com/gptbot)"
74.7.227.160 - - [01/Jul/2026:16:29:34 +0545] "GET /test-post-title-16/?path=//sys/class/misc/vhost-net/subsystem/vhost-net/subsystem/device-mapper/subsystem/device-mapper/subsystem/cpu_dma_latency/subsystem/iommu/subsystem/fuse/power HTTP/1.1" 200 17972 "https://ames.ku.edu.np/test-post-title-16/?path=%2F%2Fsys%2Fclass%2Fmisc%2Fvhost-net%2Fsubsystem%2Fvhost-net%2Fsubsystem%2Fdevice-mapper%2Fsubsystem%2Fdevice-mapper%2Fsubsystem%2Fcpu_dma_latency%2Fsubsystem%2Fiommu%2Fsubsystem%2Ffuse%2Fpower" "Mozilla/5.0 AppleWebKit/537.36 (KHTML, like Gecko; compatible; GPTBot/1.4; +https://openai.com/gptbot)"
74.7.227.160 - - [01/Jul/2026:16:29:35 +0545] "GET /test-post-title-17/?path=//sys/class/misc/vhost-net/subsystem/vhost-net/subsystem/device-mapper/subsystem/cpu_dma_latency/subsystem/mcelog/subsystem/loop-control/subsystem/mcelog HTTP/1.1" 200 17923 "https://ames.ku.edu.np/test-post-title-17/?path=%2F%2Fsys%2Fclass%2Fmisc%2Fvhost-net%2Fsubsystem%2Fvhost-net%2Fsubsystem%2Fdevice-mapper%2Fsubsystem%2Fcpu_dma_latency%2Fsubsystem%2Fmcelog%2Fsubsystem%2Floop-control%2Fsubsystem%2Fmcelog" "Mozilla/5.0 AppleWebKit/537.36 (KHTML, like Gecko; compatible; GPTBot/1.4; +https://openai.com/gptbot)"
136.243.228.198 - - [01/Jul/2026:16:29:35 +0545] "GET /judi-online-marak-di-indonesia-sejumlah-orang-kecanduan-uang-tabungan-habis-mobil-saya-jual-bbc-news-indonesia?action=edit&file=wp-trackback.php&path=%2Fhome%2Fames%2Fpublic_html HTTP/1.1" 301 1441 "-" "Mozilla/5.0 (compatible; DataForSeoBot/1.0; +https://dataforseo.com/dataforseo-bot)"
216.73.216.220 - - [01/Jul/2026:16:29:35 +0545] "GET /casino-oyunlarnda-strateji-ve-baar-18/ HTTP/1.1" 200 22002 "-" "Mozilla/5.0 AppleWebKit/537.36 (KHTML, like Gecko; compatible; ClaudeBot/1.0; +claudebot@anthropic.com)"
216.73.216.220 - - [01/Jul/2026:16:29:36 +0545] "GET /chto-takoe-google-analytics-i-kak-on-rabotaet-1133/ HTTP/1.1" 200 26462 "-" "Mozilla/5.0 AppleWebKit/537.36 (KHTML, like Gecko; compatible; ClaudeBot/1.0; +claudebot@anthropic.com)"
74.7.227.160 - - [01/Jul/2026:16:29:36 +0545] "GET /test-post-title-17/?path=//sys/class/misc/vhost-net/subsystem/vhost-net/subsystem/device-mapper/subsystem/cpu_dma_latency/subsystem/mcelog/subsystem/loop-control/subsystem/vmci HTTP/1.1" 200 17940 "https://ames.ku.edu.np/test-post-title-17/?path=%2F%2Fsys%2Fclass%2Fmisc%2Fvhost-net%2Fsubsystem%2Fvhost-net%2Fsubsystem%2Fdevice-mapper%2Fsubsystem%2Fcpu_dma_latency%2Fsubsystem%2Fmcelog%2Fsubsystem%2Floop-control%2Fsubsystem%2Fvmci" "Mozilla/5.0 AppleWebKit/537.36 (KHTML, like Gecko; compatible; GPTBot/1.4; +https://openai.com/gptbot)"
216.73.216.220 - - [01/Jul/2026:16:29:37 +0545] "GET /les-innovations-technologiques-dans-les-casinos-6/ HTTP/1.1" 200 22108 "-" "Mozilla/5.0 AppleWebKit/537.36 (KHTML, like Gecko; compatible; ClaudeBot/1.0; +claudebot@anthropic.com)"
216.73.216.220 - - [01/Jul/2026:16:29:37 +0545] "GET /casino-online-virtual-gaming-characteristics-and-126/ HTTP/1.1" 200 25615 "-" "Mozilla/5.0 AppleWebKit/537.36 (KHTML, like Gecko; compatible; ClaudeBot/1.0; +claudebot@anthropic.com)"
216.73.216.220 - - [01/Jul/2026:16:29:37 +0545] "GET /f1-circuit-tours-uk-packages-field-memo-your-169/ HTTP/1.1" 200 24090 "-" "Mozilla/5.0 AppleWebKit/537.36 (KHTML, like Gecko; compatible; ClaudeBot/1.0; +claudebot@anthropic.com)"
74.7.227.160 - - [01/Jul/2026:16:29:38 +0545] "GET /test-post-title-16/?path=//sys/class/misc/vhost-net/subsystem/vhost-net/subsystem/device-mapper/subsystem/device-mapper/subsystem/cpu_dma_latency/subsystem/iommu/subsystem/udmabuf HTTP/1.1" 200 17919 "https://ames.ku.edu.np/test-post-title-16/?path=%2F%2Fsys%2Fclass%2Fmisc%2Fvhost-net%2Fsubsystem%2Fvhost-net%2Fsubsystem%2Fdevice-mapper%2Fsubsystem%2Fdevice-mapper%2Fsubsystem%2Fcpu_dma_latency%2Fsubsystem%2Fiommu%2Fsubsystem%2Fudmabuf" "Mozilla/5.0 AppleWebKit/537.36 (KHTML, like Gecko; compatible; GPTBot/1.4; +https://openai.com/gptbot)"
216.73.216.220 - - [01/Jul/2026:16:29:38 +0545] "GET /online-casino-complete-guide-to-digital-gambling-1059/ HTTP/1.1" 200 24980 "-" "Mozilla/5.0 AppleWebKit/537.36 (KHTML, like Gecko; compatible; ClaudeBot/1.0; +claudebot@anthropic.com)"
216.73.216.220 - - [01/Jul/2026:16:29:38 +0545] "GET /shokki-fiat-powerful-coin-solutions-for-your-needs/ HTTP/1.1" 200 25600 "-" "Mozilla/5.0 AppleWebKit/537.36 (KHTML, like Gecko; compatible; ClaudeBot/1.0; +claudebot@anthropic.com)"
216.73.216.220 - - [01/Jul/2026:16:29:39 +0545] "GET /chto-takoe-raid-i-zachem-massiv-ispolzuetsja/ HTTP/1.1" 200 25627 "-" "Mozilla/5.0 AppleWebKit/537.36 (KHTML, like Gecko; compatible; ClaudeBot/1.0; +claudebot@anthropic.com)"
74.7.227.160 - - [01/Jul/2026:16:29:39 +0545] "GET /test-post-title-17/?path=//sys/class/misc/vhost-net/subsystem/vhost-net/subsystem/device-mapper/subsystem/cpu_dma_latency/subsystem/mcelog/subsystem/loop-control/subsystem/iommu HTTP/1.1" 200 17938 "https://ames.ku.edu.np/test-post-title-17/?path=%2F%2Fsys%2Fclass%2Fmisc%2Fvhost-net%2Fsubsystem%2Fvhost-net%2Fsubsystem%2Fdevice-mapper%2Fsubsystem%2Fcpu_dma_latency%2Fsubsystem%2Fmcelog%2Fsubsystem%2Floop-control%2Fsubsystem%2Fiommu" "Mozilla/5.0 AppleWebKit/537.36 (KHTML, like Gecko; compatible; GPTBot/1.4; +https://openai.com/gptbot)"
136.243.228.198 - - [01/Jul/2026:16:29:39 +0545] "GET /judi-online-marak-di-indonesia-sejumlah-orang-kecanduan-uang-tabungan-habis-mobil-saya-jual-bbc-news-indonesia?path=%2Fhome%2Fames%2Fpublic_html%2Fscnr_engine_name%2528%2529%2522%2526%25251%2527-%253B%253Cxss_a4c8c4e560b7eae94cd5f097ac930459%252F%253E HTTP/1.1" 301 2211 "-" "Mozilla/5.0 (compatible; DataForSeoBot/1.0; +https://dataforseo.com/dataforseo-bot)"
216.73.216.220 - - [01/Jul/2026:16:29:39 +0545] "GET /les-casinos-de-luxe-une-experience-inoubliable-5/ HTTP/1.1" 200 22046 "-" "Mozilla/5.0 AppleWebKit/537.36 (KHTML, like Gecko; compatible; ClaudeBot/1.0; +claudebot@anthropic.com)"
216.73.216.220 - - [01/Jul/2026:16:29:39 +0545] "GET /casino-oyunlarnda-baar-cin-stratejiler-4/ HTTP/1.1" 200 22038 "-" "Mozilla/5.0 AppleWebKit/537.36 (KHTML, like Gecko; compatible; ClaudeBot/1.0; +claudebot@anthropic.com)"
216.73.216.220 - - [01/Jul/2026:16:29:39 +0545] "GET /the-anatomy-of-a-modern-machine/ HTTP/1.1" 200 651953 "-" "Mozilla/5.0 AppleWebKit/537.36 (KHTML, like Gecko; compatible; ClaudeBot/1.0; +claudebot@anthropic.com)"
216.73.216.220 - - [01/Jul/2026:16:29:40 +0545] "GET /f1-circuit-tours-uk-field-memo-your-complete-guide-22/ HTTP/1.1" 200 23926 "-" "Mozilla/5.0 AppleWebKit/537.36 (KHTML, like Gecko; compatible; ClaudeBot/1.0; +claudebot@anthropic.com)"
216.73.216.220 - - [01/Jul/2026:16:29:40 +0545] "GET /die-auswirkungen-kunstlicher-intelligenz-auf-105-3/ HTTP/1.1" 200 22195 "-" "Mozilla/5.0 AppleWebKit/537.36 (KHTML, like Gecko; compatible; ClaudeBot/1.0; +claudebot@anthropic.com)"
216.73.216.220 - - [01/Jul/2026:16:29:40 +0545] "GET /die-auswirkungen-kunstlicher-intelligenz-auf-105-2/ HTTP/1.1" 200 22195 "-" "Mozilla/5.0 AppleWebKit/537.36 (KHTML, like Gecko; compatible; ClaudeBot/1.0; +claudebot@anthropic.com)"
216.73.216.220 - - [01/Jul/2026:16:29:40 +0545] "GET /die-auswirkungen-kunstlicher-intelligenz-auf-105/ HTTP/1.1" 200 22241 "-" "Mozilla/5.0 AppleWebKit/537.36 (KHTML, like Gecko; compatible; ClaudeBot/1.0; +claudebot@anthropic.com)"
216.73.216.220 - - [01/Jul/2026:16:29:41 +0545] "GET /understanding-high-stakes-slot-gaming/ HTTP/1.1" 200 266340 "-" "Mozilla/5.0 AppleWebKit/537.36 (KHTML, like Gecko; compatible; ClaudeBot/1.0; +claudebot@anthropic.com)"
74.7.227.160 - - [01/Jul/2026:16:29:41 +0545] "GET /test-post-title-17/?path=%2F%2Fsys%2Fclass%2Fmisc%2Fvhost-net%2Fsubsystem%2Fvhost-net%2Fsubsystem%2Fdevice-mapper%2Fsubsystem%2Fcpu_dma_latency%2Fsubsystem%2Fmcelog%2Fsubsystem%2Floop-control%2Fsubsystem%2Fvmci%2Fsubsystem HTTP/1.1" 200 18135 "https://ames.ku.edu.np/test-post-title-17/?path=%2F%2Fsys%2Fclass%2Fmisc%2Fvhost-net%2Fsubsystem%2Fvhost-net%2Fsubsystem%2Fdevice-mapper%2Fsubsystem%2Fcpu_dma_latency%2Fsubsystem%2Fmcelog%2Fsubsystem%2Floop-control%2Fsubsystem%2Fvmci" "Mozilla/5.0 AppleWebKit/537.36 (KHTML, like Gecko; compatible; GPTBot/1.4; +https://openai.com/gptbot)"
216.73.216.220 - - [01/Jul/2026:16:29:41 +0545] "GET /category/casino/page/17/ HTTP/1.1" 200 23193 "-" "Mozilla/5.0 AppleWebKit/537.36 (KHTML, like Gecko; compatible; ClaudeBot/1.0; +claudebot@anthropic.com)"
74.7.227.160 - - [01/Jul/2026:16:29:42 +0545] "GET /test-post-title-16/?path=%2F%2Fsys%2Fclass%2Fmisc%2Fvhost-net%2Fsubsystem%2Fvhost-net%2Fsubsystem%2Fdevice-mapper%2Fsubsystem%2Fdevice-mapper%2Fsubsystem%2Fcpu_dma_latency%2Fsubsystem%2Fautofs%2Fsubsystem%2Fautofs%2Fpower HTTP/1.1" 200 17953 "https://ames.ku.edu.np/test-post-title-16/?path=%2F%2Fsys%2Fclass%2Fmisc%2Fvhost-net%2Fsubsystem%2Fvhost-net%2Fsubsystem%2Fdevice-mapper%2Fsubsystem%2Fdevice-mapper%2Fsubsystem%2Fcpu_dma_latency%2Fsubsystem%2Fautofs%2Fsubsystem%2Fautofs" "Mozilla/5.0 AppleWebKit/537.36 (KHTML, like Gecko; compatible; GPTBot/1.4; +https://openai.com/gptbot)"
136.243.228.198 - - [01/Jul/2026:16:29:43 +0545] "GET /judi-online-marak-di-indonesia-sejumlah-orang-kecanduan-uang-tabungan-habis-mobil-saya-jual-bbc-news-indonesia?path=%2Fhome%2Fames%2Fpublic_html%2Fscnr_engine_name+script%3A%3Bscnr_engine_xss_in_element_event%3Da4c8c4e560b7eae94cd5f097ac930459 HTTP/1.1" 301 2229 "-" "Mozilla/5.0 (compatible; DataForSeoBot/1.0; +https://dataforseo.com/dataforseo-bot)"
74.7.227.160 - - [01/Jul/2026:16:29:43 +0545] "GET /test-post-title-16/?path=%2F%2Fsys%2Fclass%2Fmisc%2Fvhost-net%2Fsubsystem%2Fvhost-net%2Fsubsystem%2Fdevice-mapper%2Fsubsystem%2Fdevice-mapper%2Fsubsystem%2Fcpu_dma_latency%2Fsubsystem%2Fiommu%2Fsubsystem%2Fmcelog HTTP/1.1" 200 17915 "https://ames.ku.edu.np/test-post-title-16/?path=%2F%2Fsys%2Fclass%2Fmisc%2Fvhost-net%2Fsubsystem%2Fvhost-net%2Fsubsystem%2Fdevice-mapper%2Fsubsystem%2Fdevice-mapper%2Fsubsystem%2Fcpu_dma_latency%2Fsubsystem%2Fiommu%2Fsubsystem" "Mozilla/5.0 AppleWebKit/537.36 (KHTML, like Gecko; compatible; GPTBot/1.4; +https://openai.com/gptbot)"
74.7.227.160 - - [01/Jul/2026:16:29:44 +0545] "GET /test-post-title-16/?path=%2F%2Fsys%2Fclass%2Fmisc%2Fvhost-net%2Fsubsystem%2Fvhost-net%2Fsubsystem%2Fdevice-mapper%2Fsubsystem%2Fdevice-mapper%2Fsubsystem%2Fcpu_dma_latency%2Fsubsystem%2Fvsock%2Fsubsystem%2Fmcelog HTTP/1.1" 200 17915 "https://ames.ku.edu.np/test-post-title-16/?path=%2F%2Fsys%2Fclass%2Fmisc%2Fvhost-net%2Fsubsystem%2Fvhost-net%2Fsubsystem%2Fdevice-mapper%2Fsubsystem%2Fdevice-mapper%2Fsubsystem%2Fcpu_dma_latency%2Fsubsystem%2Fvsock%2Fsubsystem" "Mozilla/5.0 AppleWebKit/537.36 (KHTML, like Gecko; compatible; GPTBot/1.4; +https://openai.com/gptbot)"
74.7.227.160 - - [01/Jul/2026:16:29:46 +0545] "GET /test-post-title-16/?path=%2F%2Fsys%2Fclass%2Fmisc%2Fvhost-net%2Fsubsystem%2Fvhost-net%2Fsubsystem%2Fdevice-mapper%2Fsubsystem%2Fdevice-mapper%2Fsubsystem%2Fcpu_dma_latency%2Fsubsystem%2Fiommu%2Fsubsystem%2Fvmci HTTP/1.1" 200 17916 "https://ames.ku.edu.np/test-post-title-16/?path=%2F%2Fsys%2Fclass%2Fmisc%2Fvhost-net%2Fsubsystem%2Fvhost-net%2Fsubsystem%2Fdevice-mapper%2Fsubsystem%2Fdevice-mapper%2Fsubsystem%2Fcpu_dma_latency%2Fsubsystem%2Fiommu%2Fsubsystem" "Mozilla/5.0 AppleWebKit/537.36 (KHTML, like Gecko; compatible; GPTBot/1.4; +https://openai.com/gptbot)"
74.7.227.160 - - [01/Jul/2026:16:29:47 +0545] "GET /test-post-title-16/?path=%2F%2Fsys%2Fclass%2Fmisc%2Fvhost-net%2Fsubsystem%2Fvhost-net%2Fsubsystem%2Fdevice-mapper%2Fsubsystem%2Fdevice-mapper%2Fsubsystem%2Fcpu_dma_latency%2Fsubsystem%2Fnvram%2Fsubsystem%2Fiommu HTTP/1.1" 200 17912 "https://ames.ku.edu.np/test-post-title-16/?path=%2F%2Fsys%2Fclass%2Fmisc%2Fvhost-net%2Fsubsystem%2Fvhost-net%2Fsubsystem%2Fdevice-mapper%2Fsubsystem%2Fdevice-mapper%2Fsubsystem%2Fcpu_dma_latency%2Fsubsystem%2Fnvram%2Fsubsystem" "Mozilla/5.0 AppleWebKit/537.36 (KHTML, like Gecko; compatible; GPTBot/1.4; +https://openai.com/gptbot)"
136.243.228.198 - - [01/Jul/2026:16:29:47 +0545] "GET /judi-online-marak-di-indonesia-sejumlah-orang-kecanduan-uang-tabungan-habis-mobil-saya-jual-bbc-news-indonesia?path=%2Fhome%2Fames%2Fpublic_html%2Fwp-includes HTTP/1.1" 301 47029 "-" "Mozilla/5.0 (compatible; DataForSeoBot/1.0; +https://dataforseo.com/dataforseo-bot)"
74.7.227.160 - - [01/Jul/2026:16:29:48 +0545] "GET /test-post-title-16/?path=%2F%2Fsys%2Fclass%2Fmisc%2Fvhost-net%2Fsubsystem%2Fvhost-net%2Fsubsystem%2Fdevice-mapper%2Fsubsystem%2Fdevice-mapper%2Fsubsystem%2Fcpu_dma_latency%2Fsubsystem%2Fautofs%2Fsubsystem%2Fnvram HTTP/1.1" 200 17912 "https://ames.ku.edu.np/test-post-title-16/?path=%2F%2Fsys%2Fclass%2Fmisc%2Fvhost-net%2Fsubsystem%2Fvhost-net%2Fsubsystem%2Fdevice-mapper%2Fsubsystem%2Fdevice-mapper%2Fsubsystem%2Fcpu_dma_latency%2Fsubsystem%2Fautofs%2Fsubsystem" "Mozilla/5.0 AppleWebKit/537.36 (KHTML, like Gecko; compatible; GPTBot/1.4; +https://openai.com/gptbot)"
74.7.227.160 - - [01/Jul/2026:16:29:49 +0545] "GET /test-post-title-16/?path=%2F%2Fsys%2Fclass%2Fmisc%2Fvhost-net%2Fsubsystem%2Fvhost-net%2Fsubsystem%2Fdevice-mapper%2Fsubsystem%2Fdevice-mapper%2Fsubsystem%2Fcpu_dma_latency%2Fsubsystem%2Fnvram%2Fsubsystem%2Fudmabuf HTTP/1.1" 200 17919 "https://ames.ku.edu.np/test-post-title-16/?path=%2F%2Fsys%2Fclass%2Fmisc%2Fvhost-net%2Fsubsystem%2Fvhost-net%2Fsubsystem%2Fdevice-mapper%2Fsubsystem%2Fdevice-mapper%2Fsubsystem%2Fcpu_dma_latency%2Fsubsystem%2Fnvram%2Fsubsystem" "Mozilla/5.0 AppleWebKit/537.36 (KHTML, like Gecko; compatible; GPTBot/1.4; +https://openai.com/gptbot)"
216.73.216.220 - - [01/Jul/2026:16:29:50 +0545] "GET /the-evolution-of-casino-gaming-from-traditional-to/ HTTP/1.1" 200 21973 "-" "Mozilla/5.0 AppleWebKit/537.36 (KHTML, like Gecko; compatible; ClaudeBot/1.0; +claudebot@anthropic.com)"
