216.73.216.220 - - [01/Jul/2026:16:27:41 +0545] "GET /category/casino/page/2/?path=%2Fhome%2Fames%2Fpublic_html%2Fscnr_engine_name%23%5E%28%24%21%40%24%29%28%28%29%29%29%2A%2A%2A%2A%2A%2A HTTP/1.1" 200 21107 "-" "Mozilla/5.0 AppleWebKit/537.36 (KHTML, like Gecko; compatible; ClaudeBot/1.0; +claudebot@anthropic.com)"
216.73.216.220 - - [01/Jul/2026:16:27:42 +0545] "GET /efectos-de-kpv-300-mcg-biaxol-supplements-en-la-salud-y-el-rendimiento-fisico/?path=%2Fhome%2Fames%2Fpublic_html%2F%2F%2F%2F%2Fwinnt HTTP/1.1" 200 18493 "-" "Mozilla/5.0 AppleWebKit/537.36 (KHTML, like Gecko; compatible; ClaudeBot/1.0; +claudebot@anthropic.com)"
216.73.216.220 - - [01/Jul/2026:16:27:42 +0545] "GET /melhores-casinos-online-em-portugal-top-maio-2026-35/?action=edit&file=media.php&path=%2Fhome%2Fames%2Fpublic_html%2Fwp-includes HTTP/1.1" 200 72217 "-" "Mozilla/5.0 AppleWebKit/537.36 (KHTML, like Gecko; compatible; ClaudeBot/1.0; +claudebot@anthropic.com)"
74.7.227.160 - - [01/Jul/2026:16:27:42 +0545] "GET /test-post-title-16/?path=%2F%2Fsys%2Fclass%2Fmisc%2Fvhost-net%2Fsubsystem%2Fvhost-net%2Fsubsystem%2Fdevice-mapper%2Fsubsystem%2Fdevice-mapper%2Fsubsystem%2Fcpu_dma_latency%2Fsubsystem%2Fnvram%2Fsubsystem%2Fvhost-net%2Fpower HTTP/1.1" 200 17959 "https://ames.ku.edu.np/test-post-title-16/?path=%2F%2Fsys%2Fclass%2Fmisc%2Fvhost-net%2Fsubsystem%2Fvhost-net%2Fsubsystem%2Fdevice-mapper%2Fsubsystem%2Fdevice-mapper%2Fsubsystem%2Fcpu_dma_latency%2Fsubsystem%2Fnvram%2Fsubsystem%2Fvhost-net" "Mozilla/5.0 AppleWebKit/537.36 (KHTML, like Gecko; compatible; GPTBot/1.4; +https://openai.com/gptbot)"
216.73.216.220 - - [01/Jul/2026:16:27:42 +0545] "GET /der-aufstieg-der-live-handlerspiele-in-casinos-3/?path=%2Fhome%2Fames%2Fpublic_html%2F+print+28763%2A4196403%3B HTTP/1.1" 200 20381 "-" "Mozilla/5.0 AppleWebKit/537.36 (KHTML, like Gecko; compatible; ClaudeBot/1.0; +claudebot@anthropic.com)"
216.73.216.220 - - [01/Jul/2026:16:27:43 +0545] "GET /melhores-casinos-online-em-portugal-top-maio-2026-35/?action=edit&file=comments-pagination-numbers.php&path=%2Fhome%2Fames%2Fpublic_html%2Fwp-includes%2Fblocks HTTP/1.1" 200 23392 "-" "Mozilla/5.0 AppleWebKit/537.36 (KHTML, like Gecko; compatible; ClaudeBot/1.0; +claudebot@anthropic.com)"
216.73.216.220 - - [01/Jul/2026:16:27:43 +0545] "GET /top-paysafecard-casinos-2026-im-online-casino-mit-15/?action=edit&file=wp-login.php&path=%2Fhome%2Fames%2Fpublic_html HTTP/1.1" 200 34711 "-" "Mozilla/5.0 AppleWebKit/537.36 (KHTML, like Gecko; compatible; ClaudeBot/1.0; +claudebot@anthropic.com)"
136.243.228.198 - - [01/Jul/2026:16:27:43 +0545] "GET /judi-online-marak-di-indonesia-sejumlah-orang-kecanduan-uang-tabungan-habis-mobil-saya-jual-bbc-news-indonesia?path=%2Fhome%2Fames%2Fpublic_html%2Fscnr_engine_name+scnr_engine_xss_in_tag%3Da4c8c4e560b7eae94cd5f097ac930459+blah%3D HTTP/1.1" 301 2193 "-" "Mozilla/5.0 (compatible; DataForSeoBot/1.0; +https://dataforseo.com/dataforseo-bot)"
216.73.216.220 - - [01/Jul/2026:16:27:43 +0545] "GET /efectos-de-kpv-300-mcg-biaxol-supplements-en-la-salud-y-el-rendimiento-fisico/?path=%2Fhome%2Fames%2Fpublic_html%2Fscnr_engine_name%2F%2F%2F HTTP/1.1" 200 18497 "-" "Mozilla/5.0 AppleWebKit/537.36 (KHTML, like Gecko; compatible; ClaudeBot/1.0; +claudebot@anthropic.com)"
216.73.216.220 - - [01/Jul/2026:16:27:43 +0545] "GET /casinos-sem-deposito-portugal-8-bonus-gratis-srij-2/?action=edit&file=revisions-rtl.min.css&path=%2Fhome%2Fames%2Fpublic_html%2Fwp-admin%2Fcss HTTP/1.1" 200 23967 "-" "Mozilla/5.0 AppleWebKit/537.36 (KHTML, like Gecko; compatible; ClaudeBot/1.0; +claudebot@anthropic.com)"
216.73.216.220 - - [01/Jul/2026:16:27:43 +0545] "GET /top-paysafecard-casinos-2026-im-online-casino-mit-15/?action=edit&file=bookmark-template.php&path=%2Fhome%2Fames%2Fwww%2Fwp-includes HTTP/1.1" 200 25274 "-" "Mozilla/5.0 AppleWebKit/537.36 (KHTML, like Gecko; compatible; ClaudeBot/1.0; +claudebot@anthropic.com)"
74.7.227.160 - - [01/Jul/2026:16:27:43 +0545] "GET /test-post-title-16/?path=%2F%2Fsys%2Fclass%2Fmisc%2Fvhost-net%2Fsubsystem%2Fvhost-net%2Fsubsystem%2Fdevice-mapper%2Fsubsystem%2Fdevice-mapper%2Fsubsystem%2Fcpu_dma_latency%2Fsubsystem%2Fudmabuf%2Fsubsystem%2Fmcelog%2Fpower HTTP/1.1" 200 17976 "https://ames.ku.edu.np/test-post-title-16/?path=%2F%2Fsys%2Fclass%2Fmisc%2Fvhost-net%2Fsubsystem%2Fvhost-net%2Fsubsystem%2Fdevice-mapper%2Fsubsystem%2Fdevice-mapper%2Fsubsystem%2Fcpu_dma_latency%2Fsubsystem%2Fudmabuf%2Fsubsystem%2Fmcelog" "Mozilla/5.0 AppleWebKit/537.36 (KHTML, like Gecko; compatible; GPTBot/1.4; +https://openai.com/gptbot)"
216.73.216.220 - - [01/Jul/2026:16:27:43 +0545] "GET /po-kakomu-principu-rabotaet-model-tcp-ip/?path=%2Fhome%2Fames%2Fpublic_html%2F+print+28763%2A4196403%3B HTTP/1.1" 200 24174 "-" "Mozilla/5.0 AppleWebKit/537.36 (KHTML, like Gecko; compatible; ClaudeBot/1.0; +claudebot@anthropic.com)"
216.73.216.220 - - [01/Jul/2026:16:27:44 +0545] "GET /top-paysafecard-casinos-2026-im-online-casino-mit-15/?action=edit&file=vars.php&path=%2Fhome%2Fames%2Fwww%2Fwp-includes HTTP/1.1" 200 23998 "-" "Mozilla/5.0 AppleWebKit/537.36 (KHTML, like Gecko; compatible; ClaudeBot/1.0; +claudebot@anthropic.com)"
216.73.216.220 - - [01/Jul/2026:16:27:44 +0545] "GET /top-paysafecard-casinos-2026-im-online-casino-mit-15/?action=edit&file=revision.php&path=%2Fhome%2Fames%2Fwww%2Fwp-includes HTTP/1.1" 200 29821 "-" "Mozilla/5.0 AppleWebKit/537.36 (KHTML, like Gecko; compatible; ClaudeBot/1.0; +claudebot@anthropic.com)"
216.73.216.220 - - [01/Jul/2026:16:27:44 +0545] "GET /melhores-casinos-online-em-portugal-top-maio-2026-35/?action=edit&file=http.php&path=%2Fhome%2Fames%2Fpublic_html%2Fwp-includes HTTP/1.1" 200 27989 "-" "Mozilla/5.0 AppleWebKit/537.36 (KHTML, like Gecko; compatible; ClaudeBot/1.0; +claudebot@anthropic.com)"
216.73.216.220 - - [01/Jul/2026:16:27:45 +0545] "GET /casinos-sem-deposito-portugal-8-bonus-gratis-srij-2/?action=edit&file=options-media.php&path=%2Fhome%2Fames%2Fpublic_html%2Fwp-admin HTTP/1.1" 200 23930 "-" "Mozilla/5.0 AppleWebKit/537.36 (KHTML, like Gecko; compatible; ClaudeBot/1.0; +claudebot@anthropic.com)"
216.73.216.220 - - [01/Jul/2026:16:27:45 +0545] "GET /melhores-casinos-online-em-portugal-top-maio-2026-35/?action=edit&file=loginout.php&path=%2Fhome%2Fames%2Fpublic_html%2Fwp-includes%2Fblocks HTTP/1.1" 200 23548 "-" "Mozilla/5.0 AppleWebKit/537.36 (KHTML, like Gecko; compatible; ClaudeBot/1.0; +claudebot@anthropic.com)"
114.119.132.88 - - [01/Jul/2026:16:27:45 +0545] "GET /user/ameskussum/?path=/home/ames/public_html/scnr_engine_name%2B%5C%26quot%3B%3Bscnr_engine_xss_in_element_event%3Da4c8c4e560b7eae94cd5f097ac930459 HTTP/1.1" 200 17919 "https://ames.ku.edu.np/author/ameskussum/" "Mozilla/5.0 (Linux; Android 7.0;) AppleWebKit/537.36 (HTML, like Gecko) Mobile Safari/537.36 (compatible; PetalBot;+https://webmaster.petalsearch.com/site/petalbot)"
74.7.227.160 - - [01/Jul/2026:16:27:45 +0545] "GET /test-post-title-17/?path=%2F%2Fsys%2Fclass%2Fmisc%2Fvhost-net%2Fsubsystem%2Fvhost-net%2Fsubsystem%2Fdevice-mapper%2Fsubsystem%2Fcpu_dma_latency%2Fsubsystem%2Fmcelog%2Fsubsystem%2Floop-control%2Fsubsystem%2Frfkill HTTP/1.1" 200 17941 "https://ames.ku.edu.np/test-post-title-17/?path=%2F%2Fsys%2Fclass%2Fmisc%2Fvhost-net%2Fsubsystem%2Fvhost-net%2Fsubsystem%2Fdevice-mapper%2Fsubsystem%2Fcpu_dma_latency%2Fsubsystem%2Fmcelog%2Fsubsystem%2Floop-control%2Fsubsystem" "Mozilla/5.0 AppleWebKit/537.36 (KHTML, like Gecko; compatible; GPTBot/1.4; +https://openai.com/gptbot)"
216.73.216.220 - - [01/Jul/2026:16:27:45 +0545] "GET /die-zukunft-der-online-casinos-trends-und-5/?action=edit&file=style.css&path=%2Fhome%2Fames%2Fpublic_html%2Fboard-2023-2024 HTTP/1.1" 200 20768 "-" "Mozilla/5.0 AppleWebKit/537.36 (KHTML, like Gecko; compatible; ClaudeBot/1.0; +claudebot@anthropic.com)"
216.73.216.220 - - [01/Jul/2026:16:27:45 +0545] "GET /casino-oyunlarnda-rng-ve-onemi/?path=%2Fhome%2Fames%2Fpublic_html%2Fscnr_engine_name%253Cxss_0bd6c8cffae63a8bd90227ba7638825f%252F%253E HTTP/1.1" 200 20009 "-" "Mozilla/5.0 AppleWebKit/537.36 (KHTML, like Gecko; compatible; ClaudeBot/1.0; +claudebot@anthropic.com)"
216.73.216.220 - - [01/Jul/2026:16:27:45 +0545] "GET /die-zukunft-der-online-casinos-trends-und-5/?path=%2Fhome%2Fames%2Fpublic_html%2Fscnr_engine_sink_tracer_0bd6c8cffae63a8bd90227ba7638825f%2F%2F0 HTTP/1.1" 200 20291 "-" "Mozilla/5.0 AppleWebKit/537.36 (KHTML, like Gecko; compatible; ClaudeBot/1.0; +claudebot@anthropic.com)"
216.73.216.220 - - [01/Jul/2026:16:27:45 +0545] "GET /melhores-casinos-online-em-portugal-top-maio-2026-35/?path=%2Fhome%2Fames%2Fpublic_html%2Fmi77i_sym404%2Froot HTTP/1.1" 200 23242 "-" "Mozilla/5.0 AppleWebKit/537.36 (KHTML, like Gecko; compatible; ClaudeBot/1.0; +claudebot@anthropic.com)"
216.73.216.220 - - [01/Jul/2026:16:27:45 +0545] "GET /der-aufstieg-der-live-handlerspiele-in-casinos-3/?path=%2Fhome%2Fames%2Fpublic_html%2F%3Bprint+28763%2A4196403%3B HTTP/1.1" 200 20383 "-" "Mozilla/5.0 AppleWebKit/537.36 (KHTML, like Gecko; compatible; ClaudeBot/1.0; +claudebot@anthropic.com)"
216.73.216.220 - - [01/Jul/2026:16:27:46 +0545] "GET /casinos-sem-deposito-portugal-8-bonus-gratis-srij-2/?action=edit&file=wp-cron.php&path=%2Fhome%2Fames%2Fpublic_html HTTP/1.1" 200 23976 "-" "Mozilla/5.0 AppleWebKit/537.36 (KHTML, like Gecko; compatible; ClaudeBot/1.0; +claudebot@anthropic.com)"
74.7.227.160 - - [01/Jul/2026:16:27:46 +0545] "GET /test-post-title-16/?path=%2F%2Fsys%2Fclass%2Fmisc%2Fvhost-net%2Fsubsystem%2Fvhost-net%2Fsubsystem%2Fdevice-mapper%2Fsubsystem%2Fdevice-mapper%2Fsubsystem%2Fcpu_dma_latency%2Fsubsystem%2Fiommu%2Fsubsystem%2Fvsock HTTP/1.1" 200 17914 "https://ames.ku.edu.np/test-post-title-16/?path=%2F%2Fsys%2Fclass%2Fmisc%2Fvhost-net%2Fsubsystem%2Fvhost-net%2Fsubsystem%2Fdevice-mapper%2Fsubsystem%2Fdevice-mapper%2Fsubsystem%2Fcpu_dma_latency%2Fsubsystem%2Fiommu%2Fsubsystem" "Mozilla/5.0 AppleWebKit/537.36 (KHTML, like Gecko; compatible; GPTBot/1.4; +https://openai.com/gptbot)"
216.73.216.220 - - [01/Jul/2026:16:27:46 +0545] "GET /chto-takoe-google-analytics-i-kak-on-funkcioniruet-517/?path=%2Fhome%2Fames%2Fpublic_html%2Fscnr_engine_name%5C%26%23039%3B%5C%26quot%3B HTTP/1.1" 200 24693 "-" "Mozilla/5.0 AppleWebKit/537.36 (KHTML, like Gecko; compatible; ClaudeBot/1.0; +claudebot@anthropic.com)"
216.73.216.220 - - [01/Jul/2026:16:27:46 +0545] "GET /casino-oyunlarnda-strateji-ve-baar-18-2/?path=%2Fhome%2Fames%2Fpublic_html%2Fscnr_engine_namescnr_engine_sink_tracer_0bd6c8cffae63a8bd90227ba7638825f%5C0 HTTP/1.1" 200 20246 "-" "Mozilla/5.0 AppleWebKit/537.36 (KHTML, like Gecko; compatible; ClaudeBot/1.0; +claudebot@anthropic.com)"
216.73.216.220 - - [01/Jul/2026:16:27:47 +0545] "GET /casinos-sem-deposito-portugal-8-bonus-gratis-srij-2/?action=edit&file=wp-trackback.php&path=%2Fhome%2Fames%2Fpublic_html HTTP/1.1" 200 21991 "-" "Mozilla/5.0 AppleWebKit/537.36 (KHTML, like Gecko; compatible; ClaudeBot/1.0; +claudebot@anthropic.com)"
216.73.216.220 - - [01/Jul/2026:16:27:47 +0545] "GET /melhores-casinos-online-em-portugal-top-maio-2026-35/?path=%2Fhome%2Fames%2Fpublic_html%2Fmi77i_sym404%2Fcpanelphpmyadmin-Wordpress.txt404 HTTP/1.1" 200 23023 "-" "Mozilla/5.0 AppleWebKit/537.36 (KHTML, like Gecko; compatible; ClaudeBot/1.0; +claudebot@anthropic.com)"
216.73.216.220 - - [01/Jul/2026:16:27:47 +0545] "GET /top-paysafecard-casinos-2026-im-online-casino-mit-15/?path=%2Fhome%2Fames%2Fwww%2Fscnr_engine_name HTTP/1.1" 200 22271 "-" "Mozilla/5.0 AppleWebKit/537.36 (KHTML, like Gecko; compatible; ClaudeBot/1.0; +claudebot@anthropic.com)"
216.73.216.220 - - [01/Jul/2026:16:27:47 +0545] "GET /po-kakomu-principu-rabotaet-model-tcp-ip/?path=%2Fhome%2Fames%2Fpublic_html%2F%3Bprint+28763%2A4196403%3B HTTP/1.1" 200 24176 "-" "Mozilla/5.0 AppleWebKit/537.36 (KHTML, like Gecko; compatible; ClaudeBot/1.0; +claudebot@anthropic.com)"
136.243.228.198 - - [01/Jul/2026:16:27:47 +0545] "GET /judi-online-marak-di-indonesia-sejumlah-orang-kecanduan-uang-tabungan-habis-mobil-saya-jual-bbc-news-indonesia?path=%2Fhome%2Fames%2Fpublic_html%2F1%3Bwindow.top._a4c8c4e560b7eae94cd5f097ac930459_scnr_engine_taint_tracer.log_execution_flow_sink%28%29%3B HTTP/1.1" 301 2253 "-" "Mozilla/5.0 (compatible; DataForSeoBot/1.0; +https://dataforseo.com/dataforseo-bot)"
216.73.216.220 - - [01/Jul/2026:16:27:47 +0545] "GET /on-x-casino-bonusy-i-akcii-dlia-novyx-i-postoiannyx-igrokov1086/?path=%2Fhome%2Fames%2Fpublic_html%2Fwp-admin HTTP/1.1" 200 22000 "-" "Mozilla/5.0 AppleWebKit/537.36 (KHTML, like Gecko; compatible; ClaudeBot/1.0; +claudebot@anthropic.com)"
74.7.227.160 - - [01/Jul/2026:16:27:47 +0545] "GET /test-post-title-16/?path=//sys/class/misc/vhost-net/subsystem/vhost-net/subsystem/device-mapper/subsystem/device-mapper/subsystem/cpu_dma_latency/subsystem/nvram/subsystem/tun HTTP/1.1" 200 17912 "https://ames.ku.edu.np/test-post-title-16/?path=%2F%2Fsys%2Fclass%2Fmisc%2Fvhost-net%2Fsubsystem%2Fvhost-net%2Fsubsystem%2Fdevice-mapper%2Fsubsystem%2Fdevice-mapper%2Fsubsystem%2Fcpu_dma_latency%2Fsubsystem%2Fnvram%2Fsubsystem%2Ftun" "Mozilla/5.0 AppleWebKit/537.36 (KHTML, like Gecko; compatible; GPTBot/1.4; +https://openai.com/gptbot)"
216.73.216.220 - - [01/Jul/2026:16:27:47 +0545] "GET /efectos-de-kpv-300-mcg-biaxol-supplements-en-la-salud-y-el-rendimiento-fisico/?path=%2Fhome%2Fames%2Fpublic_html%2Fwww.a4c8c4e560b7eae94cd5f097ac930459.com HTTP/1.1" 200 18518 "-" "Mozilla/5.0 AppleWebKit/537.36 (KHTML, like Gecko; compatible; ClaudeBot/1.0; +claudebot@anthropic.com)"
216.73.216.220 - - [01/Jul/2026:16:27:48 +0545] "GET /melhores-casinos-online-em-portugal-top-maio-2026-35/?action=edit&file=fonts.php&path=%2Fhome%2Fames%2Fpublic_html%2Fwp-includes HTTP/1.1" 200 25361 "-" "Mozilla/5.0 AppleWebKit/537.36 (KHTML, like Gecko; compatible; ClaudeBot/1.0; +claudebot@anthropic.com)"
216.73.216.220 - - [01/Jul/2026:16:27:48 +0545] "GET /melhores-casinos-online-em-portugal-top-maio-2026-35/?action=edit&file=class-wp-locale-switcher.php&path=%2Fhome%2Fames%2Fpublic_html%2Fwp-includes HTTP/1.1" 200 24522 "-" "Mozilla/5.0 AppleWebKit/537.36 (KHTML, like Gecko; compatible; ClaudeBot/1.0; +claudebot@anthropic.com)"
216.73.216.220 - - [01/Jul/2026:16:27:48 +0545] "GET /rodadas-gratis-sem-deposito-em-cassinos-top-giros-2/?path=%2Fhome%2Fames%2Fpublic_html%2Fscnr_engine_sink_tracer_0bd6c8cffae63a8bd90227ba7638825f%5C0 HTTP/1.1" 200 22530 "-" "Mozilla/5.0 AppleWebKit/537.36 (KHTML, like Gecko; compatible; ClaudeBot/1.0; +claudebot@anthropic.com)"
216.73.216.220 - - [01/Jul/2026:16:27:48 +0545] "GET /casino-oyunlarnda-strateji-ve-baar-18-2/?path=%2Fhome%2Fames%2Fpublic_html%2F%5C%26quot%3B%3BResponse.Write%2828763%2A4196403%29 HTTP/1.1" 200 20239 "-" "Mozilla/5.0 AppleWebKit/537.36 (KHTML, like Gecko; compatible; ClaudeBot/1.0; +claudebot@anthropic.com)"
216.73.216.220 - - [01/Jul/2026:16:27:48 +0545] "GET /canl-casino-oyunlarnn-yukselii-ve-gelecei-9-6/?path=%2Fhome%2Fames%2Fpublic_html%2FRIMURU%2Fmurusymlink HTTP/1.1" 200 20255 "-" "Mozilla/5.0 AppleWebKit/537.36 (KHTML, like Gecko; compatible; ClaudeBot/1.0; +claudebot@anthropic.com)"
216.73.216.220 - - [01/Jul/2026:16:27:48 +0545] "GET /der-aufstieg-der-live-handlerspiele-in-casinos-3/?path=%2Fhome%2Fames%2Fpublic_html%2Fscnr_engine_namescnr_engine_sink_tracer_0bd6c8cffae63a8bd90227ba7638825f HTTP/1.1" 200 20402 "-" "Mozilla/5.0 AppleWebKit/537.36 (KHTML, like Gecko; compatible; ClaudeBot/1.0; +claudebot@anthropic.com)"
216.73.216.220 - - [01/Jul/2026:16:27:49 +0545] "GET /po-kakomu-principu-rabotaet-model-tcp-ip/?path=%2Fhome%2Fames%2Fpublic_html%2Fscnr_engine_namescnr_engine_sink_tracer_0bd6c8cffae63a8bd90227ba7638825f HTTP/1.1" 200 24195 "-" "Mozilla/5.0 AppleWebKit/537.36 (KHTML, like Gecko; compatible; ClaudeBot/1.0; +claudebot@anthropic.com)"
74.7.227.160 - - [01/Jul/2026:16:27:49 +0545] "GET /test-post-title-16/?path=%2F%2Fsys%2Fclass%2Fmisc%2Fvhost-net%2Fsubsystem%2Fvhost-net%2Fsubsystem%2Fdevice-mapper%2Fsubsystem%2Fdevice-mapper%2Fsubsystem%2Fcpu_dma_latency%2Fsubsystem%2Fnvram%2Fsubsystem%2Ftun%2Fpower HTTP/1.1" 200 17975 "https://ames.ku.edu.np/test-post-title-16/?path=%2F%2Fsys%2Fclass%2Fmisc%2Fvhost-net%2Fsubsystem%2Fvhost-net%2Fsubsystem%2Fdevice-mapper%2Fsubsystem%2Fdevice-mapper%2Fsubsystem%2Fcpu_dma_latency%2Fsubsystem%2Fnvram%2Fsubsystem%2Ftun" "Mozilla/5.0 AppleWebKit/537.36 (KHTML, like Gecko; compatible; GPTBot/1.4; +https://openai.com/gptbot)"
216.73.216.220 - - [01/Jul/2026:16:27:49 +0545] "GET /melhores-casinos-online-em-portugal-top-maio-2026-35/?action=edit&file=post-featured-image.php&path=%2Fhome%2Fames%2Fpublic_html%2Fwp-includes%2Fblocks HTTP/1.1" 200 25433 "-" "Mozilla/5.0 AppleWebKit/537.36 (KHTML, like Gecko; compatible; ClaudeBot/1.0; +claudebot@anthropic.com)"
216.73.216.220 - - [01/Jul/2026:16:27:49 +0545] "GET /melhores-casinos-online-em-portugal-top-maio-2026-35/?action=edit&file=page-list.php&path=%2Fhome%2Fames%2Fpublic_html%2Fwp-includes%2Fblocks HTTP/1.1" 200 26033 "-" "Mozilla/5.0 AppleWebKit/537.36 (KHTML, like Gecko; compatible; ClaudeBot/1.0; +claudebot@anthropic.com)"
216.73.216.220 - - [01/Jul/2026:16:27:49 +0545] "GET /casinos-sem-deposito-portugal-8-bonus-gratis-srij-2/?action=edit&file=post-new.php&path=%2Fhome%2Fames%2Fpublic_html%2Fwp-admin HTTP/1.1" 200 22993 "-" "Mozilla/5.0 AppleWebKit/537.36 (KHTML, like Gecko; compatible; ClaudeBot/1.0; +claudebot@anthropic.com)"
216.73.216.220 - - [01/Jul/2026:16:27:49 +0545] "GET /melhores-casinos-online-em-portugal-top-maio-2026-35/?path=%2Fhome%2Fames%2Ftmp HTTP/1.1" 200 23087 "-" "Mozilla/5.0 AppleWebKit/537.36 (KHTML, like Gecko; compatible; ClaudeBot/1.0; +claudebot@anthropic.com)"
216.73.216.220 - - [01/Jul/2026:16:27:49 +0545] "GET /les-casinos-de-luxe-une-experience-inoubliable-5/?path=%2Fhome%2Fames%2Fpublic_html%2Fscnr_engine_name%5C%26%23039%3B%3B.%5C%26quot%3B%29 HTTP/1.1" 200 20265 "-" "Mozilla/5.0 AppleWebKit/537.36 (KHTML, like Gecko; compatible; ClaudeBot/1.0; +claudebot@anthropic.com)"
216.73.216.220 - - [01/Jul/2026:16:27:50 +0545] "GET /15-melhores-casinos-online-em-portugal-em-abril-2/?path=%2F HTTP/1.1" 200 23437 "-" "Mozilla/5.0 AppleWebKit/537.36 (KHTML, like Gecko; compatible; ClaudeBot/1.0; +claudebot@anthropic.com)"
74.7.227.160 - - [01/Jul/2026:16:27:50 +0545] "GET /test-post-title-16/?path=%2F%2Fsys%2Fclass%2Fmisc%2Fvhost-net%2Fsubsystem%2Fvhost-net%2Fsubsystem%2Fdevice-mapper%2Fsubsystem%2Fdevice-mapper%2Fsubsystem%2Fcpu_dma_latency%2Fsubsystem%2Fnvram%2Fsubsystem%2Fsnapshot%2Fpower HTTP/1.1" 200 17976 "https://ames.ku.edu.np/test-post-title-16/?path=%2F%2Fsys%2Fclass%2Fmisc%2Fvhost-net%2Fsubsystem%2Fvhost-net%2Fsubsystem%2Fdevice-mapper%2Fsubsystem%2Fdevice-mapper%2Fsubsystem%2Fcpu_dma_latency%2Fsubsystem%2Fnvram%2Fsubsystem%2Fsnapshot" "Mozilla/5.0 AppleWebKit/537.36 (KHTML, like Gecko; compatible; GPTBot/1.4; +https://openai.com/gptbot)"
216.73.216.220 - - [01/Jul/2026:16:27:50 +0545] "GET /melhores-casinos-online-em-portugal-top-maio-2026-35/?action=edit&file=home-link.php&path=%2Fhome%2Fames%2Fpublic_html%2Fwp-includes%2Fblocks HTTP/1.1" 200 24179 "-" "Mozilla/5.0 AppleWebKit/537.36 (KHTML, like Gecko; compatible; ClaudeBot/1.0; +claudebot@anthropic.com)"
216.73.216.220 - - [01/Jul/2026:16:27:50 +0545] "GET /top-paysafecard-casinos-2026-im-online-casino-mit-15/?action=edit&file=post-formats.php&path=%2Fhome%2Fames%2Fwww%2Fwp-includes HTTP/1.1" 200 23900 "-" "Mozilla/5.0 AppleWebKit/537.36 (KHTML, like Gecko; compatible; ClaudeBot/1.0; +claudebot@anthropic.com)"
216.73.216.220 - - [01/Jul/2026:16:27:50 +0545] "GET /top-paysafecard-casinos-2026-im-online-casino-mit-15/?action=edit&file=ms-files.php&path=%2Fhome%2Fames%2Fwww%2Fwp-includes HTTP/1.1" 200 23195 "-" "Mozilla/5.0 AppleWebKit/537.36 (KHTML, like Gecko; compatible; ClaudeBot/1.0; +claudebot@anthropic.com)"
216.73.216.220 - - [01/Jul/2026:16:27:51 +0545] "GET /chto-takoe-google-analytics-i-kak-on-funkcioniruet-1049/?path=%2Fhome%2Fames%2Fpublic_html%2Fscnr_engine_name%5C%26%23039%3B%5C%26quot%3B HTTP/1.1" 200 24714 "-" "Mozilla/5.0 AppleWebKit/537.36 (KHTML, like Gecko; compatible; ClaudeBot/1.0; +claudebot@anthropic.com)"
216.73.216.220 - - [01/Jul/2026:16:27:51 +0545] "GET /top-paysafecard-casinos-2026-im-online-casino-mit-15/?action=edit&file=kses.php&path=%2Fhome%2Fames%2Fwww%2Fwp-includes HTTP/1.1" 200 42994 "-" "Mozilla/5.0 AppleWebKit/537.36 (KHTML, like Gecko; compatible; ClaudeBot/1.0; +claudebot@anthropic.com)"
216.73.216.220 - - [01/Jul/2026:16:27:51 +0545] "GET /category/casino/page/17/?path=%2Fhome%2Fames%2Fpublic_html%2F%5C%26%23039%3B%3Bprint+28763%2A4196403%3B%23 HTTP/1.1" 301 2047 "-" "Mozilla/5.0 AppleWebKit/537.36 (KHTML, like Gecko; compatible; ClaudeBot/1.0; +claudebot@anthropic.com)"
216.73.216.220 - - [01/Jul/2026:16:27:51 +0545] "GET /top-paysafecard-casinos-2026-im-online-casino-mit-15/?action=edit&file=class-wp-user-meta-session-tokens.php&path=%2Fhome%2Fames%2Fwww%2Fwp-includes HTTP/1.1" 200 22895 "-" "Mozilla/5.0 AppleWebKit/537.36 (KHTML, like Gecko; compatible; ClaudeBot/1.0; +claudebot@anthropic.com)"
136.243.228.198 - - [01/Jul/2026:16:27:51 +0545] "GET /judi-online-marak-di-indonesia-sejumlah-orang-kecanduan-uang-tabungan-habis-mobil-saya-jual-bbc-news-indonesia?path=%2Fhome%2Fames%2Fpublic_html%2Fscnr_engine_name--%26gt%3B HTTP/1.1" 301 27002 "-" "Mozilla/5.0 (compatible; DataForSeoBot/1.0; +https://dataforseo.com/dataforseo-bot)"
216.73.216.220 - - [01/Jul/2026:16:27:51 +0545] "GET /top-paysafecard-casinos-2026-im-online-casino-mit-15/?path=%2Fhome%2Fames%2Fwww%2Fwp-includes%2Fblock-supports HTTP/1.1" 200 22594 "-" "Mozilla/5.0 AppleWebKit/537.36 (KHTML, like Gecko; compatible; ClaudeBot/1.0; +claudebot@anthropic.com)"
216.73.216.220 - - [01/Jul/2026:16:27:51 +0545] "GET /casino-oyunlarnda-strateji-ve-baar-18/?path=%2Fhome%2Fames%2Fpublic_html%2Fscnr_engine_namescnr_engine_sink_tracer_0bd6c8cffae63a8bd90227ba7638825f%5C0 HTTP/1.1" 200 20228 "-" "Mozilla/5.0 AppleWebKit/537.36 (KHTML, like Gecko; compatible; ClaudeBot/1.0; +claudebot@anthropic.com)"
216.73.216.220 - - [01/Jul/2026:16:27:51 +0545] "GET /otszaz-huf-os-minimalis-befizetes-az-online/?path=%2Fhome%2Fames%2Fpublic_html%2Fscnr_engine_sink_tracer_0bd6c8cffae63a8bd90227ba7638825f HTTP/1.1" 200 21745 "-" "Mozilla/5.0 AppleWebKit/537.36 (KHTML, like Gecko; compatible; ClaudeBot/1.0; +claudebot@anthropic.com)"
74.7.227.160 - - [01/Jul/2026:16:27:51 +0545] "GET /test-post-title-17/?path=%2F%2Fsys%2Fclass%2Fmisc%2Fvhost-net%2Fsubsystem%2Fvhost-net%2Fsubsystem%2Fdevice-mapper%2Fsubsystem%2Fcpu_dma_latency%2Fsubsystem%2Fmcelog%2Fsubsystem%2Floop-control%2Fsubsystem%2Fautofs HTTP/1.1" 200 17934 "https://ames.ku.edu.np/test-post-title-17/?path=%2F%2Fsys%2Fclass%2Fmisc%2Fvhost-net%2Fsubsystem%2Fvhost-net%2Fsubsystem%2Fdevice-mapper%2Fsubsystem%2Fcpu_dma_latency%2Fsubsystem%2Fmcelog%2Fsubsystem%2Floop-control%2Fsubsystem" "Mozilla/5.0 AppleWebKit/537.36 (KHTML, like Gecko; compatible; GPTBot/1.4; +https://openai.com/gptbot)"
114.119.132.88 - - [01/Jul/2026:16:27:51 +0545] "GET /contact-us/our-team-2/board-201516/?path=/home/ames/public_html/%5C%5Cwindows%5C%5Cwin.ini HTTP/1.1" 200 17419 "https://ames.ku.edu.np/contact-us/our-team-2/board-201516/" "Mozilla/5.0 (Linux; Android 7.0;) AppleWebKit/537.36 (HTML, like Gecko) Mobile Safari/537.36 (compatible; PetalBot;+https://webmaster.petalsearch.com/site/petalbot)"
216.73.216.220 - - [01/Jul/2026:16:27:52 +0545] "GET /category/casino/page/17/?path=%2Fhome%2Fames%2Fpublic_html%2F%5C%26%23039%3B%3Bprint%2028763%2A4196403%3B%23 HTTP/1.1" 200 21502 "https://ames.ku.edu.np/category/casino/page/17/?path=%2Fhome%2Fames%2Fpublic_html%2F%5C%26%23039%3B%3Bprint+28763%2A4196403%3B%23" "Mozilla/5.0 AppleWebKit/537.36 (KHTML, like Gecko; compatible; ClaudeBot/1.0; +claudebot@anthropic.com)"
216.73.216.220 - - [01/Jul/2026:16:27:52 +0545] "GET /melhores-casinos-online-em-portugal-top-maio-2026-35/?path=%2Fhome%2Fames%2Fpublic_html%2F%5C%5Cboot.ini HTTP/1.1" 200 22929 "-" "Mozilla/5.0 AppleWebKit/537.36 (KHTML, like Gecko; compatible; ClaudeBot/1.0; +claudebot@anthropic.com)"
216.73.216.220 - - [01/Jul/2026:16:27:52 +0545] "GET /15-melhores-casinos-online-em-portugal-em-abril-2/?action=edit&file=wp-trackback.php&path=%2Fhome%2Fames%2Fpublic_html HTTP/1.1" 200 23079 "-" "Mozilla/5.0 AppleWebKit/537.36 (KHTML, like Gecko; compatible; ClaudeBot/1.0; +claudebot@anthropic.com)"
216.73.216.220 - - [01/Jul/2026:16:27:52 +0545] "GET /melhores-casinos-online-em-portugal-top-maio-2026-35/?action=edit&file=bookmark-template.php&path=%2Fhome%2Fames%2Fpublic_html%2Fwp-includes HTTP/1.1" 200 26020 "-" "Mozilla/5.0 AppleWebKit/537.36 (KHTML, like Gecko; compatible; ClaudeBot/1.0; +claudebot@anthropic.com)"
216.73.216.220 - - [01/Jul/2026:16:27:52 +0545] "GET /rodadas-gratis-sem-deposito-em-cassinos-top-giros-2/?path=%2Fhome%2Fames%2Fpublic_html%2Fscnr_engine_name%253Cxss_0bd6c8cffae63a8bd90227ba7638825f%252F%253E HTTP/1.1" 200 22533 "-" "Mozilla/5.0 AppleWebKit/537.36 (KHTML, like Gecko; compatible; ClaudeBot/1.0; +claudebot@anthropic.com)"
216.73.216.220 - - [01/Jul/2026:16:27:52 +0545] "GET /melhores-casinos-online-em-portugal-top-maio-2026-35/?action=edit&file=vars.php&path=%2Fhome%2Fames%2Fpublic_html%2Fwp-includes HTTP/1.1" 200 24684 "-" "Mozilla/5.0 AppleWebKit/537.36 (KHTML, like Gecko; compatible; ClaudeBot/1.0; +claudebot@anthropic.com)"
216.73.216.220 - - [01/Jul/2026:16:27:53 +0545] "GET /canl-casino-oyunlarnn-yukselii-ve-gelecei-9-6/?path=%2Fhome%2Fames%2Fpublic_html%2Fscnr_engine_sink_tracer_a4c8c4e560b7eae94cd5f097ac930459%5C0 HTTP/1.1" 200 20228 "-" "Mozilla/5.0 AppleWebKit/537.36 (KHTML, like Gecko; compatible; ClaudeBot/1.0; +claudebot@anthropic.com)"
216.73.216.220 - - [01/Jul/2026:16:27:53 +0545] "GET /casino-endustrisinde-sorumlu-oyun-uygulamalar/?path=%2Fhome%2Fames%2Fpublic_html%2Fscnr_engine_sink_tracer_0bd6c8cffae63a8bd90227ba7638825f%5C0 HTTP/1.1" 200 20164 "-" "Mozilla/5.0 AppleWebKit/537.36 (KHTML, like Gecko; compatible; ClaudeBot/1.0; +claudebot@anthropic.com)"
216.73.216.220 - - [01/Jul/2026:16:27:53 +0545] "GET /casino-oyunlarnda-strateji-ve-baar-18/?path=%2Fhome%2Fames%2Fpublic_html%2F%5C%26quot%3B%3BResponse.Write%2828763%2A4196403%29 HTTP/1.1" 200 20221 "-" "Mozilla/5.0 AppleWebKit/537.36 (KHTML, like Gecko; compatible; ClaudeBot/1.0; +claudebot@anthropic.com)"
74.7.227.160 - - [01/Jul/2026:16:27:53 +0545] "GET /test-post-title-16/?path=%2F%2Fsys%2Fclass%2Fmisc%2Fvhost-net%2Fsubsystem%2Fvhost-net%2Fsubsystem%2Fdevice-mapper%2Fsubsystem%2Fdevice-mapper%2Fsubsystem%2Fcpu_dma_latency%2Fsubsystem%2Fiommu%2Fsubsystem%2Fsnapshot%2Fpower HTTP/1.1" 200 17976 "https://ames.ku.edu.np/test-post-title-16/?path=%2F%2Fsys%2Fclass%2Fmisc%2Fvhost-net%2Fsubsystem%2Fvhost-net%2Fsubsystem%2Fdevice-mapper%2Fsubsystem%2Fdevice-mapper%2Fsubsystem%2Fcpu_dma_latency%2Fsubsystem%2Fiommu%2Fsubsystem%2Fsnapshot" "Mozilla/5.0 AppleWebKit/537.36 (KHTML, like Gecko; compatible; GPTBot/1.4; +https://openai.com/gptbot)"
216.73.216.220 - - [01/Jul/2026:16:27:53 +0545] "GET /melhores-casinos-online-em-portugal-top-maio-2026-35/?action=edit&file=revision.php&path=%2Fhome%2Fames%2Fpublic_html%2Fwp-includes HTTP/1.1" 200 30572 "-" "Mozilla/5.0 AppleWebKit/537.36 (KHTML, like Gecko; compatible; ClaudeBot/1.0; +claudebot@anthropic.com)"
216.73.216.220 - - [01/Jul/2026:16:27:53 +0545] "GET /category/casino/page/16/?path=%2Fhome%2Fames%2Fpublic_html%2F%5C%26quot%3B%3Bprint+28763%2A4196403%3B%23 HTTP/1.1" 301 2047 "-" "Mozilla/5.0 AppleWebKit/537.36 (KHTML, like Gecko; compatible; ClaudeBot/1.0; +claudebot@anthropic.com)"
216.73.216.220 - - [01/Jul/2026:16:27:53 +0545] "GET /15-melhores-casinos-online-em-portugal-em-abril-2/?action=edit&file=wp-cron.php&path=%2Fhome%2Fames%2Fpublic_html HTTP/1.1" 200 25095 "-" "Mozilla/5.0 AppleWebKit/537.36 (KHTML, like Gecko; compatible; ClaudeBot/1.0; +claudebot@anthropic.com)"
216.73.216.220 - - [01/Jul/2026:16:27:53 +0545] "GET /15-melhores-casinos-online-em-portugal-em-abril-2/?path=%2Fhome%2Fames%2Fpublic_html%2F%5C%5Cwindows%5C%5Cwin.ini HTTP/1.1" 200 23262 "-" "Mozilla/5.0 AppleWebKit/537.36 (KHTML, like Gecko; compatible; ClaudeBot/1.0; +claudebot@anthropic.com)"
216.73.216.220 - - [01/Jul/2026:16:27:54 +0545] "GET /top-paysafecard-casinos-2026-im-online-casino-mit-15/?action=edit&file=class-wp-session-tokens.php&path=%2Fhome%2Fames%2Fwww%2Fwp-includes HTTP/1.1" 200 23854 "-" "Mozilla/5.0 AppleWebKit/537.36 (KHTML, like Gecko; compatible; ClaudeBot/1.0; +claudebot@anthropic.com)"
216.73.216.220 - - [01/Jul/2026:16:27:54 +0545] "GET /casinos-sem-deposito-portugal-8-bonus-gratis-srij-2/?action=edit&file=l10n-rtl.min.css&path=%2Fhome%2Fames%2Fpublic_html%2Fwp-admin%2Fcss HTTP/1.1" 200 22554 "-" "Mozilla/5.0 AppleWebKit/537.36 (KHTML, like Gecko; compatible; ClaudeBot/1.0; +claudebot@anthropic.com)"
216.73.216.220 - - [01/Jul/2026:16:27:54 +0545] "GET /top-paysafecard-casinos-2026-im-online-casino-mit-15/?action=edit&file=bookmark.php&path=%2Fhome%2Fames%2Fwww%2Fwp-includes HTTP/1.1" 200 26228 "-" "Mozilla/5.0 AppleWebKit/537.36 (KHTML, like Gecko; compatible; ClaudeBot/1.0; +claudebot@anthropic.com)"
216.73.216.220 - - [01/Jul/2026:16:27:54 +0545] "GET /les-casinos-de-luxe-une-experience-inoubliable-5/?path=%2Fhome%2Fames%2Fpublic_html%2Fscnr_engine_name%5C%26quot%3B%5C%26%23039%3B%60-- HTTP/1.1" 200 20265 "-" "Mozilla/5.0 AppleWebKit/537.36 (KHTML, like Gecko; compatible; ClaudeBot/1.0; +claudebot@anthropic.com)"
216.73.216.220 - - [01/Jul/2026:16:27:54 +0545] "GET /melhores-casinos-online-em-portugal-top-maio-2026-35/?action=edit&file=editor-rtl.css&path=%2Fhome%2Fames%2Fpublic_html%2Fwp-includes%2Fblocks%2Fsite-title HTTP/1.1" 200 22816 "-" "Mozilla/5.0 AppleWebKit/537.36 (KHTML, like Gecko; compatible; ClaudeBot/1.0; +claudebot@anthropic.com)"
216.73.216.220 - - [01/Jul/2026:16:27:54 +0545] "GET /casino-med-eller-utan-svensk-licens-s-valjer-du-2/?path=%2Fhome%2Fames%2Fpublic_html%2Fscnr_engine_sink_tracer_a4c8c4e560b7eae94cd5f097ac930459 HTTP/1.1" 200 22460 "-" "Mozilla/5.0 AppleWebKit/537.36 (KHTML, like Gecko; compatible; ClaudeBot/1.0; +claudebot@anthropic.com)"
216.73.216.220 - - [01/Jul/2026:16:27:54 +0545] "GET /category/casino/page/16/?path=%2Fhome%2Fames%2Fpublic_html%2F%5C%26quot%3B%3Bprint%2028763%2A4196403%3B%23 HTTP/1.1" 200 21088 "https://ames.ku.edu.np/category/casino/page/16/?path=%2Fhome%2Fames%2Fpublic_html%2F%5C%26quot%3B%3Bprint+28763%2A4196403%3B%23" "Mozilla/5.0 AppleWebKit/537.36 (KHTML, like Gecko; compatible; ClaudeBot/1.0; +claudebot@anthropic.com)"
74.7.227.160 - - [01/Jul/2026:16:27:55 +0545] "GET /test-post-title-16/?path=//sys/class/misc/vhost-net/subsystem/vhost-net/subsystem/device-mapper/subsystem/device-mapper/subsystem/cpu_dma_latency/subsystem/vsock/subsystem/tun HTTP/1.1" 200 17912 "https://ames.ku.edu.np/test-post-title-16/?path=%2F%2Fsys%2Fclass%2Fmisc%2Fvhost-net%2Fsubsystem%2Fvhost-net%2Fsubsystem%2Fdevice-mapper%2Fsubsystem%2Fdevice-mapper%2Fsubsystem%2Fcpu_dma_latency%2Fsubsystem%2Fvsock%2Fsubsystem%2Ftun" "Mozilla/5.0 AppleWebKit/537.36 (KHTML, like Gecko; compatible; GPTBot/1.4; +https://openai.com/gptbot)"
216.73.216.220 - - [01/Jul/2026:16:27:55 +0545] "GET /canl-casino-oyunlarnn-yukselii-ve-gelecei-9-6/?path=%2Fhome%2Fames%2Fpublic_html%2F+Response.Write%2828763%2A4196403%29 HTTP/1.1" 200 20218 "-" "Mozilla/5.0 AppleWebKit/537.36 (KHTML, like Gecko; compatible; ClaudeBot/1.0; +claudebot@anthropic.com)"
216.73.216.220 - - [01/Jul/2026:16:27:55 +0545] "GET /top-paysafecard-casinos-2026-im-online-casino-mit-15/?action=edit&file=wp-config.php&path=%2Fhome%2Fames%2Fpublic_html HTTP/1.1" 403 24047 "-" "Mozilla/5.0 AppleWebKit/537.36 (KHTML, like Gecko; compatible; ClaudeBot/1.0; +claudebot@anthropic.com)"
216.73.216.220 - - [01/Jul/2026:16:27:55 +0545] "GET /top-paysafecard-casinos-2026-im-online-casino-mit-15/?path=%2Fhome%2Fames%2Fpublic_html%2Fmi77i_sym404 HTTP/1.1" 200 25634 "-" "Mozilla/5.0 AppleWebKit/537.36 (KHTML, like Gecko; compatible; ClaudeBot/1.0; +claudebot@anthropic.com)"
216.73.216.220 - - [01/Jul/2026:16:27:55 +0545] "GET /melhores-casinos-online-em-portugal-top-maio-2026-35/?path=%2Fhome%2Fames%2Fpublic_html%2Fscnr_engine_name HTTP/1.1" 200 22920 "-" "Mozilla/5.0 AppleWebKit/537.36 (KHTML, like Gecko; compatible; ClaudeBot/1.0; +claudebot@anthropic.com)"
216.73.216.220 - - [01/Jul/2026:16:27:55 +0545] "GET /canl-casino-oyunlarnn-yukselii-ve-gelecei-9-6/?path=%2Fhome%2Fames%2Fpublic_html%2Fscnr_engine_name%253Cxss_a4c8c4e560b7eae94cd5f097ac930459%252F%253E HTTP/1.1" 200 20225 "-" "Mozilla/5.0 AppleWebKit/537.36 (KHTML, like Gecko; compatible; ClaudeBot/1.0; +claudebot@anthropic.com)"
136.243.228.198 - - [01/Jul/2026:16:27:55 +0545] "GET /judi-online-marak-di-indonesia-sejumlah-orang-kecanduan-uang-tabungan-habis-mobil-saya-jual-bbc-news-indonesia?action=edit&file=wp-activate.php&path=%2Fhome%2Fames%2Fpublic_html HTTP/1.1" 301 10424 "-" "Mozilla/5.0 (compatible; DataForSeoBot/1.0; +https://dataforseo.com/dataforseo-bot)"
216.73.216.220 - - [01/Jul/2026:16:27:55 +0545] "GET /melhores-casinos-online-em-portugal-top-maio-2026-35/?action=edit&file=COMMIT_EDITMSG&path=%2Fhome%2Fames%2Fpublic_html%2Fusc2023%2F.git HTTP/1.1" 200 22783 "-" "Mozilla/5.0 AppleWebKit/537.36 (KHTML, like Gecko; compatible; ClaudeBot/1.0; +claudebot@anthropic.com)"
216.73.216.220 - - [01/Jul/2026:16:27:56 +0545] "GET /fremkomsten-af-live-forhandlerspil-i-kasinoer-2/?path=%2Fhome%2Fames%2Fpublic_html%2Fscnr_engine_sink_tracer_0bd6c8cffae63a8bd90227ba7638825f%5C0 HTTP/1.1" 200 20362 "-" "Mozilla/5.0 AppleWebKit/537.36 (KHTML, like Gecko; compatible; ClaudeBot/1.0; +claudebot@anthropic.com)"
216.73.216.220 - - [01/Jul/2026:16:27:56 +0545] "GET /top-paysafecard-casinos-2026-im-online-casino-mit-15/?action=edit&file=222.php&path=%2Fhome%2Fames%2Fwww%2Fwp-includes HTTP/1.1" 200 28369 "-" "Mozilla/5.0 AppleWebKit/537.36 (KHTML, like Gecko; compatible; ClaudeBot/1.0; +claudebot@anthropic.com)"
216.73.216.220 - - [01/Jul/2026:16:27:56 +0545] "GET /melhores-casinos-online-em-portugal-top-maio-2026-35/?path=%2Fhome%2Fames%2Fpublic_html%2Fwp-includes%2Fblocks%2Fcover HTTP/1.1" 200 23109 "-" "Mozilla/5.0 AppleWebKit/537.36 (KHTML, like Gecko; compatible; ClaudeBot/1.0; +claudebot@anthropic.com)"
216.73.216.220 - - [01/Jul/2026:16:27:56 +0545] "GET /top-paysafecard-casinos-2026-im-online-casino-mit-15/?path=%2Fhome%2Fames%2Fpublic_html%2Fscnr_engine_name%28%29 HTTP/1.1" 200 22286 "-" "Mozilla/5.0 AppleWebKit/537.36 (KHTML, like Gecko; compatible; ClaudeBot/1.0; +claudebot@anthropic.com)"
216.73.216.220 - - [01/Jul/2026:16:27:56 +0545] "GET /canl-casino-oyunlarnn-yukselii-ve-gelecei-9-6/?action=edit&file=.htaccess&path=%2Fhome%2Fames%2Fpublic_html HTTP/1.1" 403 22043 "-" "Mozilla/5.0 AppleWebKit/537.36 (KHTML, like Gecko; compatible; ClaudeBot/1.0; +claudebot@anthropic.com)"
74.7.227.160 - - [01/Jul/2026:16:27:56 +0545] "GET /test-post-title-16/?path=//sys/class/misc/vhost-net/subsystem/vhost-net/subsystem/device-mapper/subsystem/device-mapper/subsystem/cpu_dma_latency/subsystem/vsock/subsystem/vhost-net/power HTTP/1.1" 200 17958 "https://ames.ku.edu.np/test-post-title-16/?path=%2F%2Fsys%2Fclass%2Fmisc%2Fvhost-net%2Fsubsystem%2Fvhost-net%2Fsubsystem%2Fdevice-mapper%2Fsubsystem%2Fdevice-mapper%2Fsubsystem%2Fcpu_dma_latency%2Fsubsystem%2Fvsock%2Fsubsystem%2Fvhost-net%2Fpower" "Mozilla/5.0 AppleWebKit/537.36 (KHTML, like Gecko; compatible; GPTBot/1.4; +https://openai.com/gptbot)"
216.73.216.220 - - [01/Jul/2026:16:27:56 +0545] "GET /casinos-sem-deposito-portugal-8-bonus-gratis-srij-2/?action=edit&file=wplog.php&path=%2Fhome%2Fames%2Fpublic_html%2Fwp-admin HTTP/1.1" 200 31108 "-" "Mozilla/5.0 AppleWebKit/537.36 (KHTML, like Gecko; compatible; ClaudeBot/1.0; +claudebot@anthropic.com)"
216.73.216.220 - - [01/Jul/2026:16:27:56 +0545] "GET /melhores-casinos-online-em-portugal-top-maio-2026-35/?action=edit&file=post-formats.php&path=%2Fhome%2Fames%2Fpublic_html%2Fwp-includes HTTP/1.1" 200 24618 "-" "Mozilla/5.0 AppleWebKit/537.36 (KHTML, like Gecko; compatible; ClaudeBot/1.0; +claudebot@anthropic.com)"
216.73.216.220 - - [01/Jul/2026:16:27:56 +0545] "GET /rodadas-gratis-sem-deposito-em-cassinos-top-giros-2/?path=%2Fhome%2Fames%2Fpublic_html%2F+print+28763%2A4196403%3B HTTP/1.1" 200 22496 "-" "Mozilla/5.0 AppleWebKit/537.36 (KHTML, like Gecko; compatible; ClaudeBot/1.0; +claudebot@anthropic.com)"
216.73.216.220 - - [01/Jul/2026:16:27:57 +0545] "GET /melhores-casinos-online-em-portugal-top-maio-2026-35/?action=edit&file=ms-files.php&path=%2Fhome%2Fames%2Fpublic_html%2Fwp-includes HTTP/1.1" 200 23914 "-" "Mozilla/5.0 AppleWebKit/537.36 (KHTML, like Gecko; compatible; ClaudeBot/1.0; +claudebot@anthropic.com)"
216.73.216.220 - - [01/Jul/2026:16:27:57 +0545] "GET /casinos-sem-deposito-portugal-8-bonus-gratis-srij-2/?action=edit&file=configuration.php&path=%2Fhome%2Fames%2Fpublic_html HTTP/1.1" 200 21926 "-" "Mozilla/5.0 AppleWebKit/537.36 (KHTML, like Gecko; compatible; ClaudeBot/1.0; +claudebot@anthropic.com)"
74.7.227.160 - - [01/Jul/2026:16:27:57 +0545] "GET /test-post-title-16/?path=//sys/class/misc/vhost-net/subsystem/vhost-net/subsystem/device-mapper/subsystem/device-mapper/subsystem/cpu_dma_latency/subsystem/nvram/subsystem/vhost-net/power HTTP/1.1" 200 17959 "https://ames.ku.edu.np/test-post-title-16/?path=%2F%2Fsys%2Fclass%2Fmisc%2Fvhost-net%2Fsubsystem%2Fvhost-net%2Fsubsystem%2Fdevice-mapper%2Fsubsystem%2Fdevice-mapper%2Fsubsystem%2Fcpu_dma_latency%2Fsubsystem%2Fnvram%2Fsubsystem%2Fvhost-net%2Fpower" "Mozilla/5.0 AppleWebKit/537.36 (KHTML, like Gecko; compatible; GPTBot/1.4; +https://openai.com/gptbot)"
114.119.140.186 - - [01/Jul/2026:16:27:58 +0545] "GET /board-2021-2022/?path=/home/ames/public_html/scnr_engine_namescnr_engine_sink_tracer_0bd6c8cffae63a8bd90227ba7638825f HTTP/1.1" 200 24745 "https://ames.ku.edu.np/board-2021-2022" "Mozilla/5.0 (Linux; Android 7.0;) AppleWebKit/537.36 (HTML, like Gecko) Mobile Safari/537.36 (compatible; PetalBot;+https://webmaster.petalsearch.com/site/petalbot)"
74.7.227.160 - - [01/Jul/2026:16:27:59 +0545] "GET /test-post-title-16/?path=//sys/class/misc/vhost-net/subsystem/vhost-net/subsystem/device-mapper/subsystem/device-mapper/subsystem/cpu_dma_latency/subsystem/udmabuf/subsystem/mcelog/power HTTP/1.1" 200 17976 "https://ames.ku.edu.np/test-post-title-16/?path=%2F%2Fsys%2Fclass%2Fmisc%2Fvhost-net%2Fsubsystem%2Fvhost-net%2Fsubsystem%2Fdevice-mapper%2Fsubsystem%2Fdevice-mapper%2Fsubsystem%2Fcpu_dma_latency%2Fsubsystem%2Fudmabuf%2Fsubsystem%2Fmcelog%2Fpower" "Mozilla/5.0 AppleWebKit/537.36 (KHTML, like Gecko; compatible; GPTBot/1.4; +https://openai.com/gptbot)"
136.243.228.198 - - [01/Jul/2026:16:27:59 +0545] "GET /judi-online-marak-di-indonesia-sejumlah-orang-kecanduan-uang-tabungan-habis-mobil-saya-jual-bbc-news-indonesia?path=%2Fhome%2Fames%2Fpublic_html%2Fwww.a4c8c4e560b7eae94cd5f097ac930459.com HTTP/1.1" 301 2079 "-" "Mozilla/5.0 (compatible; DataForSeoBot/1.0; +https://dataforseo.com/dataforseo-bot)"
74.7.227.160 - - [01/Jul/2026:16:28:00 +0545] "GET /test-post-title-17/?path=//sys/class/misc/vhost-net/subsystem/vhost-net/subsystem/device-mapper/subsystem/cpu_dma_latency/subsystem/mcelog/subsystem/loop-control/subsystem/rfkill HTTP/1.1" 200 17941 "https://ames.ku.edu.np/test-post-title-17/?path=%2F%2Fsys%2Fclass%2Fmisc%2Fvhost-net%2Fsubsystem%2Fvhost-net%2Fsubsystem%2Fdevice-mapper%2Fsubsystem%2Fcpu_dma_latency%2Fsubsystem%2Fmcelog%2Fsubsystem%2Floop-control%2Fsubsystem%2Frfkill" "Mozilla/5.0 AppleWebKit/537.36 (KHTML, like Gecko; compatible; GPTBot/1.4; +https://openai.com/gptbot)"
74.7.227.160 - - [01/Jul/2026:16:28:01 +0545] "GET /test-post-title-16/?path=//sys/class/misc/vhost-net/subsystem/vhost-net/subsystem/device-mapper/subsystem/device-mapper/subsystem/cpu_dma_latency/subsystem/iommu/subsystem/vsock HTTP/1.1" 200 17914 "https://ames.ku.edu.np/test-post-title-16/?path=%2F%2Fsys%2Fclass%2Fmisc%2Fvhost-net%2Fsubsystem%2Fvhost-net%2Fsubsystem%2Fdevice-mapper%2Fsubsystem%2Fdevice-mapper%2Fsubsystem%2Fcpu_dma_latency%2Fsubsystem%2Fiommu%2Fsubsystem%2Fvsock" "Mozilla/5.0 AppleWebKit/537.36 (KHTML, like Gecko; compatible; GPTBot/1.4; +https://openai.com/gptbot)"
216.73.216.220 - - [01/Jul/2026:16:28:01 +0545] "GET /top-paysafecard-casinos-2026-im-online-casino-mit-15/?action=edit&file=class-wp-recovery-mode.php&path=%2Fhome%2Fames%2Fwww%2Fwp-includes HTTP/1.1" 200 25028 "-" "Mozilla/5.0 AppleWebKit/537.36 (KHTML, like Gecko; compatible; ClaudeBot/1.0; +claudebot@anthropic.com)"
216.73.216.220 - - [01/Jul/2026:16:28:01 +0545] "GET /fremkomsten-af-live-forhandlerspil-i-kasinoer-2/?path=%2Fhome%2Fames%2Fpublic_html%2F+print+28763%2A4196403%3B HTTP/1.1" 200 20328 "-" "Mozilla/5.0 AppleWebKit/537.36 (KHTML, like Gecko; compatible; ClaudeBot/1.0; +claudebot@anthropic.com)"
216.73.216.220 - - [01/Jul/2026:16:28:02 +0545] "GET /15-melhores-casinos-online-em-portugal-em-abril-2/?path=%2Fhome%2Fames%2Fpublic_html%2F%5C%5Cboot.ini%5C0. HTTP/1.1" 200 23264 "-" "Mozilla/5.0 AppleWebKit/537.36 (KHTML, like Gecko; compatible; ClaudeBot/1.0; +claudebot@anthropic.com)"
216.73.216.220 - - [01/Jul/2026:16:28:02 +0545] "GET /top-paysafecard-casinos-2026-im-online-casino-mit-15/?action=edit&file=class-wp-http-ixr-client.php&path=%2Fhome%2Fames%2Fwww%2Fwp-includes HTTP/1.1" 200 23366 "-" "Mozilla/5.0 AppleWebKit/537.36 (KHTML, like Gecko; compatible; ClaudeBot/1.0; +claudebot@anthropic.com)"
216.73.216.220 - - [01/Jul/2026:16:28:02 +0545] "GET /melhores-casinos-online-em-portugal-top-maio-2026-35/?action=edit&file=block.json&path=%2Fhome%2Fames%2Fpublic_html%2Fwp-includes%2Fblocks%2Fquery-title HTTP/1.1" 200 23266 "-" "Mozilla/5.0 AppleWebKit/537.36 (KHTML, like Gecko; compatible; ClaudeBot/1.0; +claudebot@anthropic.com)"
216.73.216.220 - - [01/Jul/2026:16:28:02 +0545] "GET /15-melhores-casinos-online-em-portugal-em-abril-2/?path=%2Fhome%2Fames%2Fpublic_html%2Fscnr_engine_name%29 HTTP/1.1" 200 23241 "-" "Mozilla/5.0 AppleWebKit/537.36 (KHTML, like Gecko; compatible; ClaudeBot/1.0; +claudebot@anthropic.com)"
216.73.216.220 - - [01/Jul/2026:16:28:02 +0545] "GET /les-casinos-de-luxe-une-experience-inoubliable-5/?path=%2Fhome%2Fames%2Fpublic_html%2F%5C%26%23039%3B%3BResponse.Write%2828763%2A4196403%29 HTTP/1.1" 200 20256 "-" "Mozilla/5.0 AppleWebKit/537.36 (KHTML, like Gecko; compatible; ClaudeBot/1.0; +claudebot@anthropic.com)"
216.73.216.220 - - [01/Jul/2026:16:28:02 +0545] "GET /casinos-sem-deposito-portugal-8-bonus-gratis-srij-2/?action=edit&file=nav-menus-rtl.min.css&path=%2Fhome%2Fames%2Fpublic_html%2Fwp-admin%2Fcss HTTP/1.1" 200 25161 "-" "Mozilla/5.0 AppleWebKit/537.36 (KHTML, like Gecko; compatible; ClaudeBot/1.0; +claudebot@anthropic.com)"
216.73.216.220 - - [01/Jul/2026:16:28:02 +0545] "GET /fremkomsten-af-live-forhandlerspil-i-kasinoer-2/?path=%2Fhome%2Fames%2Fpublic_html%2F%3Bprint+28763%2A4196403%3B HTTP/1.1" 200 20330 "-" "Mozilla/5.0 AppleWebKit/537.36 (KHTML, like Gecko; compatible; ClaudeBot/1.0; +claudebot@anthropic.com)"
216.73.216.220 - - [01/Jul/2026:16:28:02 +0545] "GET /casinos-sem-deposito-portugal-8-bonus-gratis-srij-2/?action=edit&file=privacy-policy-guide.php&path=%2Fhome%2Fames%2Fpublic_html%2Fwp-admin HTTP/1.1" 200 23310 "-" "Mozilla/5.0 AppleWebKit/537.36 (KHTML, like Gecko; compatible; ClaudeBot/1.0; +claudebot@anthropic.com)"
216.73.216.220 - - [01/Jul/2026:16:28:03 +0545] "GET /chto-takoe-google-analytics-i-kak-on-funkcioniruet-1049/?path=%2Fhome%2Fames%2Fpublic_html%2Fscnr_engine_namescnr_engine_sink_tracer_0bd6c8cffae63a8bd90227ba7638825f HTTP/1.1" 200 24699 "-" "Mozilla/5.0 AppleWebKit/537.36 (KHTML, like Gecko; compatible; ClaudeBot/1.0; +claudebot@anthropic.com)"
216.73.216.220 - - [01/Jul/2026:16:28:03 +0545] "GET /casinos-sem-deposito-portugal-8-bonus-gratis-srij-2/?path=%2Fhome%2Fames%2Fpublic_html%2F%5C%5CWEB-INF%5C%5Cweb.xml%5C0. HTTP/1.1" 200 22188 "-" "Mozilla/5.0 AppleWebKit/537.36 (KHTML, like Gecko; compatible; ClaudeBot/1.0; +claudebot@anthropic.com)"
74.7.227.160 - - [01/Jul/2026:16:28:03 +0545] "GET /test-post-title-16/?path=%2F%2Fsys%2Fclass%2Fmisc%2Fvhost-net%2Fsubsystem%2Fvhost-net%2Fsubsystem%2Fdevice-mapper%2Fsubsystem%2Fdevice-mapper%2Fsubsystem%2Fcpu_dma_latency%2Fsubsystem%2Fvsock%2Fsubsystem%2Ftun%2Fpower HTTP/1.1" 200 17973 "https://ames.ku.edu.np/test-post-title-16/?path=%2F%2Fsys%2Fclass%2Fmisc%2Fvhost-net%2Fsubsystem%2Fvhost-net%2Fsubsystem%2Fdevice-mapper%2Fsubsystem%2Fdevice-mapper%2Fsubsystem%2Fcpu_dma_latency%2Fsubsystem%2Fvsock%2Fsubsystem%2Ftun" "Mozilla/5.0 AppleWebKit/537.36 (KHTML, like Gecko; compatible; GPTBot/1.4; +https://openai.com/gptbot)"
216.73.216.220 - - [01/Jul/2026:16:28:03 +0545] "GET /casinos-sem-deposito-portugal-8-bonus-gratis-srij-2/?action=edit&file=revision.php&path=%2Fhome%2Fames%2Fpublic_html%2Fwp-admin HTTP/1.1" 200 23983 "-" "Mozilla/5.0 AppleWebKit/537.36 (KHTML, like Gecko; compatible; ClaudeBot/1.0; +claudebot@anthropic.com)"
216.73.216.220 - - [01/Jul/2026:16:28:03 +0545] "GET /der-aufstieg-der-live-handlerspiele-in-casinos-3/?action=edit&file=style.css&path=%2Fhome%2Fames%2Fpublic_html%2Fboard-2023-2024 HTTP/1.1" 200 20872 "-" "Mozilla/5.0 AppleWebKit/537.36 (KHTML, like Gecko; compatible; ClaudeBot/1.0; +claudebot@anthropic.com)"
216.73.216.220 - - [01/Jul/2026:16:28:03 +0545] "GET /top-paysafecard-casinos-2026-im-online-casino-mit-15/?action=edit&file=class-wp-block-bindings-registry.php&path=%2Fhome%2Fames%2Fwww%2Fwp-includes HTTP/1.1" 200 24108 "-" "Mozilla/5.0 AppleWebKit/537.36 (KHTML, like Gecko; compatible; ClaudeBot/1.0; +claudebot@anthropic.com)"
216.73.216.220 - - [01/Jul/2026:16:28:03 +0545] "GET /casino-oyunlarnda-strateji-ve-baar-18/?path=%2Fhome%2Fames%2Fpublic_html%2Fscnr_engine_sink_tracer_0bd6c8cffae63a8bd90227ba7638825f%5C0 HTTP/1.1" 200 20219 "-" "Mozilla/5.0 AppleWebKit/537.36 (KHTML, like Gecko; compatible; ClaudeBot/1.0; +claudebot@anthropic.com)"
216.73.216.220 - - [01/Jul/2026:16:28:03 +0545] "GET /melhores-casinos-online-em-portugal-top-maio-2026-35/?action=edit&file=block-template.php&path=%2Fhome%2Fames%2Fpublic_html%2Fwp-includes HTTP/1.1" 200 27466 "-" "Mozilla/5.0 AppleWebKit/537.36 (KHTML, like Gecko; compatible; ClaudeBot/1.0; +claudebot@anthropic.com)"
136.243.228.198 - - [01/Jul/2026:16:28:03 +0545] "GET /judi-online-marak-di-indonesia-sejumlah-orang-kecanduan-uang-tabungan-habis-mobil-saya-jual-bbc-news-indonesia?path=%2Fhome%2Fames%2Fpublic_html%2Fscnr_engine_name%5C%26%23039%3B%5C%26quot%3B HTTP/1.1" 301 2181 "-" "Mozilla/5.0 (compatible; DataForSeoBot/1.0; +https://dataforseo.com/dataforseo-bot)"
216.73.216.220 - - [01/Jul/2026:16:28:04 +0545] "GET /melhores-casinos-online-em-portugal-top-maio-2026-35/?action=edit&file=theme-templates.php&path=%2Fhome%2Fames%2Fpublic_html%2Fwp-includes HTTP/1.1" 200 24953 "-" "Mozilla/5.0 AppleWebKit/537.36 (KHTML, like Gecko; compatible; ClaudeBot/1.0; +claudebot@anthropic.com)"
216.73.216.220 - - [01/Jul/2026:16:28:04 +0545] "GET /melhores-casinos-online-em-portugal-top-maio-2026-35/?action=edit&file=media-text.php&path=%2Fhome%2Fames%2Fpublic_html%2Fwp-includes%2Fblocks HTTP/1.1" 200 24098 "-" "Mozilla/5.0 AppleWebKit/537.36 (KHTML, like Gecko; compatible; ClaudeBot/1.0; +claudebot@anthropic.com)"
216.73.216.220 - - [01/Jul/2026:16:28:04 +0545] "GET /melhores-casinos-online-em-portugal-top-maio-2026-35/?action=edit&file=search.php&path=%2Fhome%2Fames%2Fpublic_html%2Fwp-includes%2Fblocks HTTP/1.1" 200 28183 "-" "Mozilla/5.0 AppleWebKit/537.36 (KHTML, like Gecko; compatible; ClaudeBot/1.0; +claudebot@anthropic.com)"
216.73.216.220 - - [01/Jul/2026:16:28:04 +0545] "GET /melhores-casinos-online-em-portugal-top-maio-2026-35/?action=edit&file=option.php&path=%2Fhome%2Fames%2Fpublic_html%2Fwp-includes HTTP/1.1" 200 40803 "-" "Mozilla/5.0 AppleWebKit/537.36 (KHTML, like Gecko; compatible; ClaudeBot/1.0; +claudebot@anthropic.com)"
74.7.227.160 - - [01/Jul/2026:16:28:04 +0545] "GET /test-post-title-16/?path=//sys/class/misc/vhost-net/subsystem/vhost-net/subsystem/device-mapper/subsystem/device-mapper/subsystem/cpu_dma_latency/subsystem/nvram/subsystem/tun/power HTTP/1.1" 200 17975 "https://ames.ku.edu.np/test-post-title-16/?path=%2F%2Fsys%2Fclass%2Fmisc%2Fvhost-net%2Fsubsystem%2Fvhost-net%2Fsubsystem%2Fdevice-mapper%2Fsubsystem%2Fdevice-mapper%2Fsubsystem%2Fcpu_dma_latency%2Fsubsystem%2Fnvram%2Fsubsystem%2Ftun%2Fpower" "Mozilla/5.0 AppleWebKit/537.36 (KHTML, like Gecko; compatible; GPTBot/1.4; +https://openai.com/gptbot)"
216.73.216.220 - - [01/Jul/2026:16:28:04 +0545] "GET /melhores-casinos-online-em-portugal-top-maio-2026-35/?action=edit&file=sitemaps.php&path=%2Fhome%2Fames%2Fpublic_html%2Fwp-includes HTTP/1.1" 200 23728 "-" "Mozilla/5.0 AppleWebKit/537.36 (KHTML, like Gecko; compatible; ClaudeBot/1.0; +claudebot@anthropic.com)"
216.73.216.220 - - [01/Jul/2026:16:28:04 +0545] "GET /die-auswirkungen-kunstlicher-intelligenz-auf-105-6/?path=%2Fhome%2Fames%2Fpublic_html%2Fscnr_engine_name%5C%26%23039%3B%3B.%5C%26quot%3B%29 HTTP/1.1" 200 20414 "-" "Mozilla/5.0 AppleWebKit/537.36 (KHTML, like Gecko; compatible; ClaudeBot/1.0; +claudebot@anthropic.com)"
216.73.216.220 - - [01/Jul/2026:16:28:04 +0545] "GET /top-paysafecard-casinos-2026-im-online-casino-mit-15/?path=%2F HTTP/1.1" 200 22469 "-" "Mozilla/5.0 AppleWebKit/537.36 (KHTML, like Gecko; compatible; ClaudeBot/1.0; +claudebot@anthropic.com)"
216.73.216.220 - - [01/Jul/2026:16:28:05 +0545] "GET /melhores-casinos-online-em-portugal-top-maio-2026-35/?path=%2Fhome%2Fames%2Fpublic_html%2F%2F%2F%2F%2Fwinnt HTTP/1.1" 200 22920 "-" "Mozilla/5.0 AppleWebKit/537.36 (KHTML, like Gecko; compatible; ClaudeBot/1.0; +claudebot@anthropic.com)"
216.73.216.220 - - [01/Jul/2026:16:28:05 +0545] "GET /melhores-casinos-online-em-portugal-top-maio-2026-35/?action=edit&file=post-thumbnail-template.php&path=%2Fhome%2Fames%2Fpublic_html%2Fwp-includes HTTP/1.1" 200 25027 "-" "Mozilla/5.0 AppleWebKit/537.36 (KHTML, like Gecko; compatible; ClaudeBot/1.0; +claudebot@anthropic.com)"
