74.7.227.160 - - [01/Jul/2026:16:16:21 +0545] "GET /test-post-title-16/?path=%2F%2Fsys%2Fclass%2Fmisc%2Fvhost-net%2Fsubsystem%2Fvhost-net%2Fsubsystem%2Fdevice-mapper%2Fsubsystem%2Fdevice-mapper%2Fsubsystem%2Fcpu_dma_latency%2Fsubsystem%2Fvhost-vsock%2Fsubsystem%2Ffuse%2Fpower HTTP/1.1" 200 17974 "https://ames.ku.edu.np/test-post-title-16/?path=%2F%2Fsys%2Fclass%2Fmisc%2Fvhost-net%2Fsubsystem%2Fvhost-net%2Fsubsystem%2Fdevice-mapper%2Fsubsystem%2Fdevice-mapper%2Fsubsystem%2Fcpu_dma_latency%2Fsubsystem%2Fvhost-vsock%2Fsubsystem%2Ffuse" "Mozilla/5.0 AppleWebKit/537.36 (KHTML, like Gecko; compatible; GPTBot/1.4; +https://openai.com/gptbot)"
216.73.216.220 - - [01/Jul/2026:16:16:21 +0545] "GET /casinos-sem-deposito-portugal-8-bonus-gratis-srij-2/?action=edit&file=admin-post.php&path=%2Fhome%2Fames%2Fpublic_html%2Fwp-admin HTTP/1.1" 200 22661 "-" "Mozilla/5.0 AppleWebKit/537.36 (KHTML, like Gecko; compatible; ClaudeBot/1.0; +claudebot@anthropic.com)"
216.73.216.220 - - [01/Jul/2026:16:16:22 +0545] "GET /die-auswirkungen-kunstlicher-intelligenz-auf-105-4/?path=%2Fhome%2Fames%2Fpublic_html%2Fscnr_engine_namescnr_engine_sink_tracer_a4c8c4e560b7eae94cd5f097ac930459%5C0 HTTP/1.1" 200 20395 "-" "Mozilla/5.0 AppleWebKit/537.36 (KHTML, like Gecko; compatible; ClaudeBot/1.0; +claudebot@anthropic.com)"
136.243.228.198 - - [01/Jul/2026:16:16:22 +0545] "GET /kredit-onlajn-na-kartu-bez-otkaza-v-ukraine?action=edit&file=wp-blog-header.php&path=%2Fhome%2Fames%2Fpublic_html HTTP/1.1" 301 1817 "-" "Mozilla/5.0 (compatible; DataForSeoBot/1.0; +https://dataforseo.com/dataforseo-bot)"
74.7.227.160 - - [01/Jul/2026:16:16:22 +0545] "GET /test-post-title-16/?path=%2F%2Fsys%2Fclass%2Fmisc%2Fvhost-net%2Fsubsystem%2Fvhost-net%2Fsubsystem%2Fdevice-mapper%2Fsubsystem%2Fdevice-mapper%2Fsubsystem%2Fcpu_dma_latency%2Fsubsystem%2Fvhost-vsock%2Fsubsystem%2Fmcelog%2Fpower HTTP/1.1" 200 17976 "https://ames.ku.edu.np/test-post-title-16/?path=%2F%2Fsys%2Fclass%2Fmisc%2Fvhost-net%2Fsubsystem%2Fvhost-net%2Fsubsystem%2Fdevice-mapper%2Fsubsystem%2Fdevice-mapper%2Fsubsystem%2Fcpu_dma_latency%2Fsubsystem%2Fvhost-vsock%2Fsubsystem%2Fmcelog" "Mozilla/5.0 AppleWebKit/537.36 (KHTML, like Gecko; compatible; GPTBot/1.4; +https://openai.com/gptbot)"
216.73.216.220 - - [01/Jul/2026:16:16:23 +0545] "GET /fremkomsten-af-live-forhandlerspil-i-kasinoer-2/?path=%2Fhome%2Fames%2Fpublic_html%2Fwww.0bd6c8cffae63a8bd90227ba7638825f.com HTTP/1.1" 200 20333 "-" "Mozilla/5.0 AppleWebKit/537.36 (KHTML, like Gecko; compatible; ClaudeBot/1.0; +claudebot@anthropic.com)"
216.73.216.220 - - [01/Jul/2026:16:16:23 +0545] "GET /melhores-casinos-online-em-portugal-top-maio-2026-35/?action=edit&file=class-wp-customize-panel.php&path=%2Fhome%2Fames%2Fpublic_html%2Fwp-includes HTTP/1.1" 200 25763 "-" "Mozilla/5.0 AppleWebKit/537.36 (KHTML, like Gecko; compatible; ClaudeBot/1.0; +claudebot@anthropic.com)"
74.7.227.160 - - [01/Jul/2026:16:16:24 +0545] "GET /test-post-title-16/?path=%2F%2Fsys%2Fclass%2Fmisc%2Fvhost-net%2Fsubsystem%2Fvhost-net%2Fsubsystem%2Fdevice-mapper%2Fsubsystem%2Fdevice-mapper%2Fsubsystem%2Fcpu_dma_latency%2Fsubsystem%2Fvhost-vsock%2Fsubsystem%2Fvfio%2Fpower HTTP/1.1" 200 17972 "https://ames.ku.edu.np/test-post-title-16/?path=%2F%2Fsys%2Fclass%2Fmisc%2Fvhost-net%2Fsubsystem%2Fvhost-net%2Fsubsystem%2Fdevice-mapper%2Fsubsystem%2Fdevice-mapper%2Fsubsystem%2Fcpu_dma_latency%2Fsubsystem%2Fvhost-vsock%2Fsubsystem%2Fvfio" "Mozilla/5.0 AppleWebKit/537.36 (KHTML, like Gecko; compatible; GPTBot/1.4; +https://openai.com/gptbot)"
216.73.216.220 - - [01/Jul/2026:16:16:24 +0545] "GET /casino-med-eller-utan-svensk-licens-s-valjer-du-2/?path=%2Fhome%2Fames%2Fpublic_html%2F%2F%2F%2F%2Fboot.ini%2F%2F0. HTTP/1.1" 403 24294 "-" "Mozilla/5.0 AppleWebKit/537.36 (KHTML, like Gecko; compatible; ClaudeBot/1.0; +claudebot@anthropic.com)"
216.73.216.220 - - [01/Jul/2026:16:16:25 +0545] "GET /casino-oyunlarnda-strateji-ve-baar-18/?action=edit&file=wp-signup.php&path=%2Fhome%2Fames%2Fpublic_html HTTP/1.1" 200 27897 "-" "Mozilla/5.0 AppleWebKit/537.36 (KHTML, like Gecko; compatible; ClaudeBot/1.0; +claudebot@anthropic.com)"
74.7.227.160 - - [01/Jul/2026:16:16:25 +0545] "GET /test-post-title-16/?path=%2F%2Fsys%2Fclass%2Fmisc%2Fvhost-net%2Fsubsystem%2Fvhost-net%2Fsubsystem%2Fdevice-mapper%2Fsubsystem%2Fdevice-mapper%2Fsubsystem%2Fcpu_dma_latency%2Fsubsystem%2Fvmci%2Fsubsystem%2Fvhost-vsock%2Fpower HTTP/1.1" 200 17974 "https://ames.ku.edu.np/test-post-title-16/?path=%2F%2Fsys%2Fclass%2Fmisc%2Fvhost-net%2Fsubsystem%2Fvhost-net%2Fsubsystem%2Fdevice-mapper%2Fsubsystem%2Fdevice-mapper%2Fsubsystem%2Fcpu_dma_latency%2Fsubsystem%2Fvmci%2Fsubsystem%2Fvhost-vsock" "Mozilla/5.0 AppleWebKit/537.36 (KHTML, like Gecko; compatible; GPTBot/1.4; +https://openai.com/gptbot)"
216.73.216.220 - - [01/Jul/2026:16:16:26 +0545] "GET /die-zukunft-der-online-casinos-trends-und-5/?path=%2Fhome%2Fames%2Fpublic_html%2Fmi77i_sym404 HTTP/1.1" 200 23695 "-" "Mozilla/5.0 AppleWebKit/537.36 (KHTML, like Gecko; compatible; ClaudeBot/1.0; +claudebot@anthropic.com)"
74.7.227.160 - - [01/Jul/2026:16:16:26 +0545] "GET /test-post-title-17/?path=%2F%2Fsys%2Fclass%2Fmisc%2Fvhost-net%2Fsubsystem%2Fvhost-net%2Fsubsystem%2Fdevice-mapper%2Fsubsystem%2Fcpu_dma_latency%2Fsubsystem%2Fmcelog%2Fsubsystem%2Fvga_arbiter%2Fsubsystem%2Fhw_random%2Fsubsystem HTTP/1.1" 200 18134 "https://ames.ku.edu.np/test-post-title-17/?path=%2F%2Fsys%2Fclass%2Fmisc%2Fvhost-net%2Fsubsystem%2Fvhost-net%2Fsubsystem%2Fdevice-mapper%2Fsubsystem%2Fcpu_dma_latency%2Fsubsystem%2Fmcelog%2Fsubsystem%2Fvga_arbiter%2Fsubsystem%2Fhw_random" "Mozilla/5.0 AppleWebKit/537.36 (KHTML, like Gecko; compatible; GPTBot/1.4; +https://openai.com/gptbot)"
136.243.228.198 - - [01/Jul/2026:16:16:26 +0545] "GET /kredit-onlajn-na-kartu-bez-otkaza-v-ukraine?path=%2Fhome%2Fames%2Fpublic_html%2Fwww.a4c8c4e560b7eae94cd5f097ac930459.com HTTP/1.1" 301 2079 "-" "Mozilla/5.0 (compatible; DataForSeoBot/1.0; +https://dataforseo.com/dataforseo-bot)"
216.73.216.220 - - [01/Jul/2026:16:16:27 +0545] "GET /casino-oyunlarnda-strateji-ve-baar-18-2/?path=%2Fhome%2Fames%2Fpublic_html%2F%5C%5Cwinnt%5C%5Cwin.ini HTTP/1.1" 200 20218 "-" "Mozilla/5.0 AppleWebKit/537.36 (KHTML, like Gecko; compatible; ClaudeBot/1.0; +claudebot@anthropic.com)"
216.73.216.220 - - [01/Jul/2026:16:16:28 +0545] "GET /die-provider-schnappen-euch-zudem-besondere-vip-angebote-oder-boni-zur-regel/?path=%2Fhome%2Fames%2Fpublic_html%2F%5C%5Cwindows%5C%5Cwin.ini HTTP/1.1" 200 20519 "-" "Mozilla/5.0 AppleWebKit/537.36 (KHTML, like Gecko; compatible; ClaudeBot/1.0; +claudebot@anthropic.com)"
74.7.227.160 - - [01/Jul/2026:16:16:28 +0545] "GET /test-post-title-16/?path=//sys/class/misc/vhost-net/subsystem/vhost-net/subsystem/device-mapper/subsystem/device-mapper/subsystem/cpu_dma_latency/subsystem/vhost-vsock/subsystem/cpu_dma_latency HTTP/1.1" 200 17905 "https://ames.ku.edu.np/test-post-title-16/?path=%2F%2Fsys%2Fclass%2Fmisc%2Fvhost-net%2Fsubsystem%2Fvhost-net%2Fsubsystem%2Fdevice-mapper%2Fsubsystem%2Fdevice-mapper%2Fsubsystem%2Fcpu_dma_latency%2Fsubsystem%2Fvhost-vsock%2Fsubsystem%2Fcpu_dma_latency" "Mozilla/5.0 AppleWebKit/537.36 (KHTML, like Gecko; compatible; GPTBot/1.4; +https://openai.com/gptbot)"
74.7.227.160 - - [01/Jul/2026:16:16:29 +0545] "GET /test-post-title-16/?path=//sys/class/misc/vhost-net/subsystem/vhost-net/subsystem/device-mapper/subsystem/device-mapper/subsystem/cpu_dma_latency/subsystem/vmci/subsystem/cpu_dma_latency/power HTTP/1.1" 200 17956 "https://ames.ku.edu.np/test-post-title-16/?path=%2F%2Fsys%2Fclass%2Fmisc%2Fvhost-net%2Fsubsystem%2Fvhost-net%2Fsubsystem%2Fdevice-mapper%2Fsubsystem%2Fdevice-mapper%2Fsubsystem%2Fcpu_dma_latency%2Fsubsystem%2Fvmci%2Fsubsystem%2Fcpu_dma_latency%2Fpower" "Mozilla/5.0 AppleWebKit/537.36 (KHTML, like Gecko; compatible; GPTBot/1.4; +https://openai.com/gptbot)"
216.73.216.220 - - [01/Jul/2026:16:16:29 +0545] "GET /die-provider-schnappen-euch-zudem-besondere-vip-angebote-oder-boni-zur-regel/?action=edit&file=bi.php&path=%2Fhome%2Fames%2Fpublic_html HTTP/1.1" 200 20679 "-" "Mozilla/5.0 AppleWebKit/537.36 (KHTML, like Gecko; compatible; ClaudeBot/1.0; +claudebot@anthropic.com)"
216.73.216.220 - - [01/Jul/2026:16:16:29 +0545] "GET /category/casino/page/53/?path=%2Fhome%2Fames%2Fpublic_html%2F%3Bprint+28763%2A4196403%3B HTTP/1.1" 301 2022 "-" "Mozilla/5.0 AppleWebKit/537.36 (KHTML, like Gecko; compatible; ClaudeBot/1.0; +claudebot@anthropic.com)"
216.73.216.220 - - [01/Jul/2026:16:16:30 +0545] "GET /category/casino/page/53/?path=%2Fhome%2Fames%2Fpublic_html%2F%3Bprint%2028763%2A4196403%3B HTTP/1.1" 200 21635 "https://ames.ku.edu.np/category/casino/page/53/?path=%2Fhome%2Fames%2Fpublic_html%2F%3Bprint+28763%2A4196403%3B" "Mozilla/5.0 AppleWebKit/537.36 (KHTML, like Gecko; compatible; ClaudeBot/1.0; +claudebot@anthropic.com)"
136.243.228.198 - - [01/Jul/2026:16:16:30 +0545] "GET /kredit-onlajn-na-kartu-bez-otkaza-v-ukraine?path=%2Fhome%2Fames%2Fpublic_html%2Fscnr_engine_name+scnr_engine_xss_in_tag%3D0bd6c8cffae63a8bd90227ba7638825f+blah%3D HTTP/1.1" 301 2193 "-" "Mozilla/5.0 (compatible; DataForSeoBot/1.0; +https://dataforseo.com/dataforseo-bot)"
74.7.227.160 - - [01/Jul/2026:16:16:30 +0545] "GET /test-post-title-16/?path=%2F%2Fsys%2Fclass%2Fmisc%2Fvhost-net%2Fsubsystem%2Fvhost-net%2Fsubsystem%2Fdevice-mapper%2Fsubsystem%2Fdevice-mapper%2Fsubsystem%2Fcpu_dma_latency%2Fsubsystem%2Fvhost-vsock%2Fsubsystem%2Fcpu_dma_latency%2Fpower HTTP/1.1" 200 17964 "https://ames.ku.edu.np/test-post-title-16/?path=%2F%2Fsys%2Fclass%2Fmisc%2Fvhost-net%2Fsubsystem%2Fvhost-net%2Fsubsystem%2Fdevice-mapper%2Fsubsystem%2Fdevice-mapper%2Fsubsystem%2Fcpu_dma_latency%2Fsubsystem%2Fvhost-vsock%2Fsubsystem%2Fcpu_dma_latency" "Mozilla/5.0 AppleWebKit/537.36 (KHTML, like Gecko; compatible; GPTBot/1.4; +https://openai.com/gptbot)"
216.73.216.220 - - [01/Jul/2026:16:16:31 +0545] "GET /die-provider-schnappen-euch-zudem-besondere-vip-angebote-oder-boni-zur-regel/?path=%2Fhome%2Fames%2Fpublic_html%2F%5C%5CWEB-INF%5C%5Cweb.xml%5C0. HTTP/1.1" 200 20543 "-" "Mozilla/5.0 AppleWebKit/537.36 (KHTML, like Gecko; compatible; ClaudeBot/1.0; +claudebot@anthropic.com)"
216.73.216.220 - - [01/Jul/2026:16:16:32 +0545] "GET /online-casino-platform-guide-93/?path=%2Fhome%2Fames%2Fpublic_html%2F%5C%26%23039%3B%3BResponse.Write%2828763%2A4196403%29 HTTP/1.1" 200 24413 "-" "Mozilla/5.0 AppleWebKit/537.36 (KHTML, like Gecko; compatible; ClaudeBot/1.0; +claudebot@anthropic.com)"
74.7.227.160 - - [01/Jul/2026:16:16:32 +0545] "GET /test-post-title-16/?path=//sys/class/misc/vhost-net/subsystem/vhost-net/subsystem/device-mapper/subsystem/device-mapper/subsystem/cpu_dma_latency/subsystem/vhost-vsock/subsystem/vhost-net/power HTTP/1.1" 200 17964 "https://ames.ku.edu.np/test-post-title-16/?path=%2F%2Fsys%2Fclass%2Fmisc%2Fvhost-net%2Fsubsystem%2Fvhost-net%2Fsubsystem%2Fdevice-mapper%2Fsubsystem%2Fdevice-mapper%2Fsubsystem%2Fcpu_dma_latency%2Fsubsystem%2Fvhost-vsock%2Fsubsystem%2Fvhost-net%2Fpower" "Mozilla/5.0 AppleWebKit/537.36 (KHTML, like Gecko; compatible; GPTBot/1.4; +https://openai.com/gptbot)"
216.73.216.220 - - [01/Jul/2026:16:16:32 +0545] "GET /die-provider-schnappen-euch-zudem-besondere-vip-angebote-oder-boni-zur-regel/?path=%2Fhome%2Fames%2Fpublic_html%2Fusc2023 HTTP/1.1" 200 20667 "-" "Mozilla/5.0 AppleWebKit/537.36 (KHTML, like Gecko; compatible; ClaudeBot/1.0; +claudebot@anthropic.com)"
216.73.216.220 - - [01/Jul/2026:16:16:33 +0545] "GET /category/casino/page/16/?path=%2Fhome%2Fames%2Fpublic_html%2Fscnr_engine_name%5D%5D%5D%5D%5D%5D%5D%5D%5D HTTP/1.1" 200 21051 "-" "Mozilla/5.0 AppleWebKit/537.36 (KHTML, like Gecko; compatible; ClaudeBot/1.0; +claudebot@anthropic.com)"
74.7.227.160 - - [01/Jul/2026:16:16:33 +0545] "GET /test-post-title-16/?path=//sys/class/misc/vhost-net/subsystem/vhost-net/subsystem/device-mapper/subsystem/device-mapper/subsystem/cpu_dma_latency/subsystem/vhost-vsock/subsystem/vmci/power HTTP/1.1" 200 17972 "https://ames.ku.edu.np/test-post-title-16/?path=%2F%2Fsys%2Fclass%2Fmisc%2Fvhost-net%2Fsubsystem%2Fvhost-net%2Fsubsystem%2Fdevice-mapper%2Fsubsystem%2Fdevice-mapper%2Fsubsystem%2Fcpu_dma_latency%2Fsubsystem%2Fvhost-vsock%2Fsubsystem%2Fvmci%2Fpower" "Mozilla/5.0 AppleWebKit/537.36 (KHTML, like Gecko; compatible; GPTBot/1.4; +https://openai.com/gptbot)"
216.73.216.220 - - [01/Jul/2026:16:16:33 +0545] "GET /die-provider-schnappen-euch-zudem-besondere-vip-angebote-oder-boni-zur-regel/?action=edit&file=index.php&path=%2Fhome%2Fames%2Fpublic_html HTTP/1.1" 200 20773 "-" "Mozilla/5.0 AppleWebKit/537.36 (KHTML, like Gecko; compatible; ClaudeBot/1.0; +claudebot@anthropic.com)"
216.73.216.220 - - [01/Jul/2026:16:16:34 +0545] "GET /melhores-casinos-online-em-portugal-top-maio-2026-35/?action=edit&file=class-wp-xmlrpc-server.php&path=%2Fhome%2Fames%2Fpublic_html%2Fwp-includes HTTP/1.1" 200 56917 "-" "Mozilla/5.0 AppleWebKit/537.36 (KHTML, like Gecko; compatible; ClaudeBot/1.0; +claudebot@anthropic.com)"
136.243.228.198 - - [01/Jul/2026:16:16:34 +0545] "GET /kredit-onlajn-na-kartu-bez-otkaza-v-ukraine?path=%2Fhome%2Fames%2Fpublic_html%2Fscnr_engine_name+script%3A%5C%26quot%3B%3Bscnr_engine_xss_in_element_event%3Da4c8c4e560b7eae94cd5f097ac930459 HTTP/1.1" 301 2320 "-" "Mozilla/5.0 (compatible; DataForSeoBot/1.0; +https://dataforseo.com/dataforseo-bot)"
74.7.227.160 - - [01/Jul/2026:16:16:34 +0545] "GET /test-post-title-16/?path=%2F%2Fsys%2Fclass%2Fmisc%2Fvhost-net%2Fsubsystem%2Fvhost-net%2Fsubsystem%2Fdevice-mapper%2Fsubsystem%2Fdevice-mapper%2Fsubsystem%2Fcpu_dma_latency%2Fsubsystem%2Fvhost-vsock%2Fsubsystem%2Fvsock%2Fpower HTTP/1.1" 200 17962 "https://ames.ku.edu.np/test-post-title-16/?path=%2F%2Fsys%2Fclass%2Fmisc%2Fvhost-net%2Fsubsystem%2Fvhost-net%2Fsubsystem%2Fdevice-mapper%2Fsubsystem%2Fdevice-mapper%2Fsubsystem%2Fcpu_dma_latency%2Fsubsystem%2Fvhost-vsock%2Fsubsystem%2Fvsock" "Mozilla/5.0 AppleWebKit/537.36 (KHTML, like Gecko; compatible; GPTBot/1.4; +https://openai.com/gptbot)"
216.73.216.220 - - [01/Jul/2026:16:16:35 +0545] "GET /canl-casino-oyunlarnn-yukselii-ve-gelecei-9-6/?action=edit&file=wp-comments-post.php&path=%2Fhome%2Fames%2Fpublic_html HTTP/1.1" 200 20087 "-" "Mozilla/5.0 AppleWebKit/537.36 (KHTML, like Gecko; compatible; ClaudeBot/1.0; +claudebot@anthropic.com)"
74.7.227.160 - - [01/Jul/2026:16:16:36 +0545] "GET /test-post-title-16/?path=//sys/class/misc/vhost-net/subsystem/vhost-net/subsystem/device-mapper/subsystem/device-mapper/subsystem/cpu_dma_latency/subsystem/vhost-vsock/subsystem/fuse/power HTTP/1.1" 200 17974 "https://ames.ku.edu.np/test-post-title-16/?path=%2F%2Fsys%2Fclass%2Fmisc%2Fvhost-net%2Fsubsystem%2Fvhost-net%2Fsubsystem%2Fdevice-mapper%2Fsubsystem%2Fdevice-mapper%2Fsubsystem%2Fcpu_dma_latency%2Fsubsystem%2Fvhost-vsock%2Fsubsystem%2Ffuse%2Fpower" "Mozilla/5.0 AppleWebKit/537.36 (KHTML, like Gecko; compatible; GPTBot/1.4; +https://openai.com/gptbot)"
216.73.216.220 - - [01/Jul/2026:16:16:36 +0545] "GET /po-kakomu-principu-rabotaet-model-tcp-ip/?path=%2Fhome%2Fames%2Fpublic_html%2Fusc2023 HTTP/1.1" 200 24295 "-" "Mozilla/5.0 AppleWebKit/537.36 (KHTML, like Gecko; compatible; ClaudeBot/1.0; +claudebot@anthropic.com)"
216.73.216.220 - - [01/Jul/2026:16:16:36 +0545] "GET /der-aufstieg-der-live-handlerspiele-in-casinos-3/?path=%2Fhome%2Fames%2Fpublic_html%2Fusc2023 HTTP/1.1" 200 20511 "-" "Mozilla/5.0 AppleWebKit/537.36 (KHTML, like Gecko; compatible; ClaudeBot/1.0; +claudebot@anthropic.com)"
216.73.216.220 - - [01/Jul/2026:16:16:37 +0545] "GET /category/casino/page/16/?path=%2Fhome%2Fames%2Fpublic_html%2Fscnr_engine_sink_tracer_0bd6c8cffae63a8bd90227ba7638825f HTTP/1.1" 200 21078 "-" "Mozilla/5.0 AppleWebKit/537.36 (KHTML, like Gecko; compatible; ClaudeBot/1.0; +claudebot@anthropic.com)"
74.7.227.160 - - [01/Jul/2026:16:16:37 +0545] "GET /test-post-title-16/?path=//sys/class/misc/vhost-net/subsystem/vhost-net/subsystem/device-mapper/subsystem/device-mapper/subsystem/cpu_dma_latency/subsystem/vhost-vsock/subsystem/mcelog/power HTTP/1.1" 200 17976 "https://ames.ku.edu.np/test-post-title-16/?path=%2F%2Fsys%2Fclass%2Fmisc%2Fvhost-net%2Fsubsystem%2Fvhost-net%2Fsubsystem%2Fdevice-mapper%2Fsubsystem%2Fdevice-mapper%2Fsubsystem%2Fcpu_dma_latency%2Fsubsystem%2Fvhost-vsock%2Fsubsystem%2Fmcelog%2Fpower" "Mozilla/5.0 AppleWebKit/537.36 (KHTML, like Gecko; compatible; GPTBot/1.4; +https://openai.com/gptbot)"
136.243.228.198 - - [01/Jul/2026:16:16:38 +0545] "GET /kredit-onlajn-na-kartu-bez-otkaza-v-ukraine?path=%2Fhome%2Fames%2Fpublic_html%2Fscnr_engine_sink_tracer_0bd6c8cffae63a8bd90227ba7638825f_61fb6859e6a19eccc93eb7c262633882%28%29%5C%5C%5C%26quot%3B%26amp%3B%251%5C%26%23039%3B-%3B%5C%26quot%3B%5C%26%23039%3B%60--%29 HTTP/1.1" 301 2996 "-" "Mozilla/5.0 (compatible; DataForSeoBot/1.0; +https://dataforseo.com/dataforseo-bot)"
216.73.216.220 - - [01/Jul/2026:16:16:38 +0545] "GET /die-provider-schnappen-euch-zudem-besondere-vip-angebote-oder-boni-zur-regel/?action=edit&file=wp-login.php&path=%2Fhome%2Fames%2Fpublic_html HTTP/1.1" 200 33090 "-" "Mozilla/5.0 AppleWebKit/537.36 (KHTML, like Gecko; compatible; ClaudeBot/1.0; +claudebot@anthropic.com)"
74.7.227.160 - - [01/Jul/2026:16:16:38 +0545] "GET /test-post-title-16/?path=//sys/class/misc/vhost-net/subsystem/vhost-net/subsystem/device-mapper/subsystem/device-mapper/subsystem/cpu_dma_latency/subsystem/vhost-vsock/subsystem/vfio/power HTTP/1.1" 200 17972 "https://ames.ku.edu.np/test-post-title-16/?path=%2F%2Fsys%2Fclass%2Fmisc%2Fvhost-net%2Fsubsystem%2Fvhost-net%2Fsubsystem%2Fdevice-mapper%2Fsubsystem%2Fdevice-mapper%2Fsubsystem%2Fcpu_dma_latency%2Fsubsystem%2Fvhost-vsock%2Fsubsystem%2Fvfio%2Fpower" "Mozilla/5.0 AppleWebKit/537.36 (KHTML, like Gecko; compatible; GPTBot/1.4; +https://openai.com/gptbot)"
216.73.216.220 - - [01/Jul/2026:16:16:39 +0545] "GET /beste-paysafe-casinos-im-test-vergleich-2026-15/?action=edit&file=wp-comments-post.php&path=%2Fhome%2Fames%2Fpublic_html HTTP/1.1" 200 22534 "-" "Mozilla/5.0 AppleWebKit/537.36 (KHTML, like Gecko; compatible; ClaudeBot/1.0; +claudebot@anthropic.com)"
74.7.227.160 - - [01/Jul/2026:16:16:40 +0545] "GET /test-post-title-16/?path=//sys/class/misc/vhost-net/subsystem/vhost-net/subsystem/device-mapper/subsystem/device-mapper/subsystem/cpu_dma_latency/subsystem/vmci/subsystem/vhost-vsock/power HTTP/1.1" 200 17974 "https://ames.ku.edu.np/test-post-title-16/?path=%2F%2Fsys%2Fclass%2Fmisc%2Fvhost-net%2Fsubsystem%2Fvhost-net%2Fsubsystem%2Fdevice-mapper%2Fsubsystem%2Fdevice-mapper%2Fsubsystem%2Fcpu_dma_latency%2Fsubsystem%2Fvmci%2Fsubsystem%2Fvhost-vsock%2Fpower" "Mozilla/5.0 AppleWebKit/537.36 (KHTML, like Gecko; compatible; GPTBot/1.4; +https://openai.com/gptbot)"
216.73.216.220 - - [01/Jul/2026:16:16:40 +0545] "GET /lart-de-gagner-autrement-votre-guide-pour-un-casino-en-ligne/?action=edit&file=stack&path=%2F%2Fproc%2F2319747 HTTP/1.1" 200 20631 "-" "Mozilla/5.0 AppleWebKit/537.36 (KHTML, like Gecko; compatible; ClaudeBot/1.0; +claudebot@anthropic.com)"
216.73.216.220 - - [01/Jul/2026:16:16:40 +0545] "GET /lart-de-gagner-autrement-votre-guide-pour-un-casino-en-ligne/?action=edit&file=libssl.so.3.5.5&path=%2Fhome%2Fames%2Fpublic_html%2Fmi77i_sym404%2Froot%2Flib64 HTTP/1.1" 200 385075 "-" "Mozilla/5.0 AppleWebKit/537.36 (KHTML, like Gecko; compatible; ClaudeBot/1.0; +claudebot@anthropic.com)"
66.249.68.133 - - [01/Jul/2026:16:16:41 +0545] "GET /retrait-instant-sans-verification-paiement-rapide/?path=%2F%2Fproc%2F2306611 HTTP/1.1" 200 24631 "-" "Mozilla/5.0 (Linux; Android 6.0.1; Nexus 5X Build/MMB29P) AppleWebKit/537.36 (KHTML, like Gecko) Chrome/149.0.7827.200 Mobile Safari/537.36 (compatible; Googlebot/2.1; +http://www.google.com/bot.html)"
74.7.227.160 - - [01/Jul/2026:16:16:41 +0545] "GET /test-post-title-17/?path=%2F%2Fsys%2Fclass%2Fmisc%2Fvhost-net%2Fsubsystem%2Fvhost-net%2Fsubsystem%2Fdevice-mapper%2Fsubsystem%2Fcpu_dma_latency%2Fsubsystem%2Fmcelog%2Fsubsystem%2Fvga_arbiter%2Fsubsystem%2Fhw_random%2Fsubsystem%2Fvfio HTTP/1.1" 200 17975 "https://ames.ku.edu.np/test-post-title-17/?path=%2F%2Fsys%2Fclass%2Fmisc%2Fvhost-net%2Fsubsystem%2Fvhost-net%2Fsubsystem%2Fdevice-mapper%2Fsubsystem%2Fcpu_dma_latency%2Fsubsystem%2Fmcelog%2Fsubsystem%2Fvga_arbiter%2Fsubsystem%2Fhw_random%2Fsubsystem" "Mozilla/5.0 AppleWebKit/537.36 (KHTML, like Gecko; compatible; GPTBot/1.4; +https://openai.com/gptbot)"
216.73.216.220 - - [01/Jul/2026:16:16:42 +0545] "GET /lart-de-gagner-autrement-votre-guide-pour-un-casino-en-ligne/?action=edit&file=cpu_resctrl_groups&path=%2F%2Fproc%2F794 HTTP/1.1" 200 20646 "-" "Mozilla/5.0 AppleWebKit/537.36 (KHTML, like Gecko; compatible; ClaudeBot/1.0; +claudebot@anthropic.com)"
136.243.228.198 - - [01/Jul/2026:16:16:42 +0545] "GET /kredit-onlajn-na-kartu-bez-otkaza-v-ukraine?path=%2Fhome%2Fames%2Fpublic_html%2Fscnr_engine_name%2528%2529%2522%2526%25251%2527-%253B%253Cxss_0bd6c8cffae63a8bd90227ba7638825f%252F%253E HTTP/1.1" 301 2211 "-" "Mozilla/5.0 (compatible; DataForSeoBot/1.0; +https://dataforseo.com/dataforseo-bot)"
74.7.227.160 - - [01/Jul/2026:16:16:42 +0545] "GET /test-post-title-17/?path=//sys/class/misc/vhost-net/subsystem/vhost-net/subsystem/device-mapper/subsystem/cpu_dma_latency/subsystem/mcelog/subsystem/vga_arbiter/subsystem/hw_random/subsystem HTTP/1.1" 200 18134 "https://ames.ku.edu.np/test-post-title-17/?path=%2F%2Fsys%2Fclass%2Fmisc%2Fvhost-net%2Fsubsystem%2Fvhost-net%2Fsubsystem%2Fdevice-mapper%2Fsubsystem%2Fcpu_dma_latency%2Fsubsystem%2Fmcelog%2Fsubsystem%2Fvga_arbiter%2Fsubsystem%2Fhw_random%2Fsubsystem" "Mozilla/5.0 AppleWebKit/537.36 (KHTML, like Gecko; compatible; GPTBot/1.4; +https://openai.com/gptbot)"
216.73.216.220 - - [01/Jul/2026:16:16:43 +0545] "GET /lart-de-gagner-autrement-votre-guide-pour-un-casino-en-ligne/?action=edit&file=gpgparsemail&path=%2F%2Fbin HTTP/1.1" 200 31748 "-" "Mozilla/5.0 AppleWebKit/537.36 (KHTML, like Gecko; compatible; ClaudeBot/1.0; +claudebot@anthropic.com)"
74.7.227.160 - - [01/Jul/2026:16:16:44 +0545] "GET /test-post-title-16/?path=%2F%2Fsys%2Fclass%2Fmisc%2Fvhost-net%2Fsubsystem%2Fvhost-net%2Fsubsystem%2Fdevice-mapper%2Fsubsystem%2Fdevice-mapper%2Fsubsystem%2Fcpu_dma_latency%2Fsubsystem%2Fvhost-vsock%2Fsubsystem%2Fiommu%2Fpower HTTP/1.1" 200 17973 "https://ames.ku.edu.np/test-post-title-16/?path=%2F%2Fsys%2Fclass%2Fmisc%2Fvhost-net%2Fsubsystem%2Fvhost-net%2Fsubsystem%2Fdevice-mapper%2Fsubsystem%2Fdevice-mapper%2Fsubsystem%2Fcpu_dma_latency%2Fsubsystem%2Fvhost-vsock%2Fsubsystem%2Fiommu" "Mozilla/5.0 AppleWebKit/537.36 (KHTML, like Gecko; compatible; GPTBot/1.4; +https://openai.com/gptbot)"
216.73.216.220 - - [01/Jul/2026:16:16:44 +0545] "GET /lart-de-gagner-autrement-votre-guide-pour-un-casino-en-ligne/?action=edit&file=stack&path=%2F%2Fproc%2F927102 HTTP/1.1" 200 20631 "-" "Mozilla/5.0 AppleWebKit/537.36 (KHTML, like Gecko; compatible; ClaudeBot/1.0; +claudebot@anthropic.com)"
216.73.216.220 - - [01/Jul/2026:16:16:45 +0545] "GET /lart-de-gagner-autrement-votre-guide-pour-un-casino-en-ligne/?action=edit&file=libsamdb.so.0.0.1&path=%2Fhome%2Fames%2Fpublic_html%2Fmi77i_sym404%2Froot%2Flib64 HTTP/1.1" 200 59667 "-" "Mozilla/5.0 AppleWebKit/537.36 (KHTML, like Gecko; compatible; ClaudeBot/1.0; +claudebot@anthropic.com)"
74.7.227.160 - - [01/Jul/2026:16:16:45 +0545] "GET /test-post-title-16/?path=//sys/class/misc/vhost-net/subsystem/vhost-net/subsystem/device-mapper/subsystem/device-mapper/subsystem/cpu_dma_latency/subsystem/vhost-vsock/subsystem/cpu_dma_latency/power HTTP/1.1" 200 17964 "https://ames.ku.edu.np/test-post-title-16/?path=%2F%2Fsys%2Fclass%2Fmisc%2Fvhost-net%2Fsubsystem%2Fvhost-net%2Fsubsystem%2Fdevice-mapper%2Fsubsystem%2Fdevice-mapper%2Fsubsystem%2Fcpu_dma_latency%2Fsubsystem%2Fvhost-vsock%2Fsubsystem%2Fcpu_dma_latency%2Fpower" "Mozilla/5.0 AppleWebKit/537.36 (KHTML, like Gecko; compatible; GPTBot/1.4; +https://openai.com/gptbot)"
216.73.216.220 - - [01/Jul/2026:16:16:45 +0545] "GET /lart-de-gagner-autrement-votre-guide-pour-un-casino-en-ligne/?action=edit&file=cpu_resctrl_groups&path=%2F%2Fproc%2F38 HTTP/1.1" 200 20646 "-" "Mozilla/5.0 AppleWebKit/537.36 (KHTML, like Gecko; compatible; ClaudeBot/1.0; +claudebot@anthropic.com)"
136.243.228.198 - - [01/Jul/2026:16:16:46 +0545] "GET /kredit-onlajn-na-kartu-bez-otkaza-v-ukraine?path=%2Fhome%2Fames%2Fpublic_html%2Fscnr_engine_name%29 HTTP/1.1" 301 2010 "-" "Mozilla/5.0 (compatible; DataForSeoBot/1.0; +https://dataforseo.com/dataforseo-bot)"
74.7.227.160 - - [01/Jul/2026:16:16:46 +0545] "GET /test-post-title-16/?path=%2F%2Fsys%2Fclass%2Fmisc%2Fvhost-net%2Fsubsystem%2Fvhost-net%2Fsubsystem%2Fdevice-mapper%2Fsubsystem%2Fdevice-mapper%2Fsubsystem%2Fcpu_dma_latency%2Fsubsystem%2Fvmci%2Fsubsystem%2Fvga_arbiter%2Fpower HTTP/1.1" 200 17976 "https://ames.ku.edu.np/test-post-title-16/?path=%2F%2Fsys%2Fclass%2Fmisc%2Fvhost-net%2Fsubsystem%2Fvhost-net%2Fsubsystem%2Fdevice-mapper%2Fsubsystem%2Fdevice-mapper%2Fsubsystem%2Fcpu_dma_latency%2Fsubsystem%2Fvmci%2Fsubsystem%2Fvga_arbiter" "Mozilla/5.0 AppleWebKit/537.36 (KHTML, like Gecko; compatible; GPTBot/1.4; +https://openai.com/gptbot)"
216.73.216.220 - - [01/Jul/2026:16:16:47 +0545] "GET /lart-de-gagner-autrement-votre-guide-pour-un-casino-en-ligne/?action=edit&file=lsof&path=%2F%2Fbin HTTP/1.1" 200 97982 "-" "Mozilla/5.0 AppleWebKit/537.36 (KHTML, like Gecko; compatible; ClaudeBot/1.0; +claudebot@anthropic.com)"
216.73.216.220 - - [01/Jul/2026:16:16:47 +0545] "GET /lart-de-gagner-autrement-votre-guide-pour-un-casino-en-ligne/?action=edit&file=paste&path=%2F%2Fbin HTTP/1.1" 200 32977 "-" "Mozilla/5.0 AppleWebKit/537.36 (KHTML, like Gecko; compatible; ClaudeBot/1.0; +claudebot@anthropic.com)"
74.7.227.160 - - [01/Jul/2026:16:16:48 +0545] "GET /test-post-title-16/?path=%2F%2Fsys%2Fclass%2Fmisc%2Fvhost-net%2Fsubsystem%2Fvhost-net%2Fsubsystem%2Fdevice-mapper%2Fsubsystem%2Fdevice-mapper%2Fsubsystem%2Fcpu_dma_latency%2Fsubsystem%2Fvhost-vsock%2Fsubsystem%2Fautofs%2Fpower HTTP/1.1" 200 17973 "https://ames.ku.edu.np/test-post-title-16/?path=%2F%2Fsys%2Fclass%2Fmisc%2Fvhost-net%2Fsubsystem%2Fvhost-net%2Fsubsystem%2Fdevice-mapper%2Fsubsystem%2Fdevice-mapper%2Fsubsystem%2Fcpu_dma_latency%2Fsubsystem%2Fvhost-vsock%2Fsubsystem%2Fautofs" "Mozilla/5.0 AppleWebKit/537.36 (KHTML, like Gecko; compatible; GPTBot/1.4; +https://openai.com/gptbot)"
216.73.216.220 - - [01/Jul/2026:16:16:48 +0545] "GET /lart-de-gagner-autrement-votre-guide-pour-un-casino-en-ligne/?action=edit&file=userbwlimits&path=%2Fhome%2Fames%2Fpublic_html%2Fmi77i_sym404%2Froot%2Fetc HTTP/1.1" 200 20638 "-" "Mozilla/5.0 AppleWebKit/537.36 (KHTML, like Gecko; compatible; ClaudeBot/1.0; +claudebot@anthropic.com)"
74.7.227.160 - - [01/Jul/2026:16:16:49 +0545] "GET /test-post-title-16/?path=//sys/class/misc/vhost-net/subsystem/vhost-net/subsystem/device-mapper/subsystem/device-mapper/subsystem/cpu_dma_latency/subsystem/vhost-vsock/subsystem/vsock/power HTTP/1.1" 200 17962 "https://ames.ku.edu.np/test-post-title-16/?path=%2F%2Fsys%2Fclass%2Fmisc%2Fvhost-net%2Fsubsystem%2Fvhost-net%2Fsubsystem%2Fdevice-mapper%2Fsubsystem%2Fdevice-mapper%2Fsubsystem%2Fcpu_dma_latency%2Fsubsystem%2Fvhost-vsock%2Fsubsystem%2Fvsock%2Fpower" "Mozilla/5.0 AppleWebKit/537.36 (KHTML, like Gecko; compatible; GPTBot/1.4; +https://openai.com/gptbot)"
216.73.216.220 - - [01/Jul/2026:16:16:49 +0545] "GET /lart-de-gagner-autrement-votre-guide-pour-un-casino-en-ligne/?action=edit&file=restartsrv_queueprocd&path=%2Fhome%2Fames%2Fpublic_html%2Fmi77i_sym404%2Froot%2Frun HTTP/1.1" 200 20641 "-" "Mozilla/5.0 AppleWebKit/537.36 (KHTML, like Gecko; compatible; ClaudeBot/1.0; +claudebot@anthropic.com)"
216.73.216.220 - - [01/Jul/2026:16:16:49 +0545] "GET /lart-de-gagner-autrement-votre-guide-pour-un-casino-en-ligne/?action=edit&file=libproc2.so.0.0.2&path=%2Fhome%2Fames%2Fpublic_html%2Fmi77i_sym404%2Froot%2Flib64 HTTP/1.1" 200 69433 "-" "Mozilla/5.0 AppleWebKit/537.36 (KHTML, like Gecko; compatible; ClaudeBot/1.0; +claudebot@anthropic.com)"
74.7.227.160 - - [01/Jul/2026:16:16:50 +0545] "GET /test-post-title-16/?path=%2F%2Fsys%2Fclass%2Fmisc%2Fvhost-net%2Fsubsystem%2Fvhost-net%2Fsubsystem%2Fdevice-mapper%2Fsubsystem%2Fdevice-mapper%2Fsubsystem%2Fcpu_dma_latency%2Fsubsystem%2Fvmci%2Fsubsystem%2Floop-control%2Fpower HTTP/1.1" 200 17973 "https://ames.ku.edu.np/test-post-title-16/?path=%2F%2Fsys%2Fclass%2Fmisc%2Fvhost-net%2Fsubsystem%2Fvhost-net%2Fsubsystem%2Fdevice-mapper%2Fsubsystem%2Fdevice-mapper%2Fsubsystem%2Fcpu_dma_latency%2Fsubsystem%2Fvmci%2Fsubsystem%2Floop-control" "Mozilla/5.0 AppleWebKit/537.36 (KHTML, like Gecko; compatible; GPTBot/1.4; +https://openai.com/gptbot)"
216.73.216.220 - - [01/Jul/2026:16:16:50 +0545] "GET /lart-de-gagner-autrement-votre-guide-pour-un-casino-en-ligne/?action=edit&file=wp-activate.php&path=%2Fhome%2Fames%2Fwww HTTP/1.1" 200 23009 "-" "Mozilla/5.0 AppleWebKit/537.36 (KHTML, like Gecko; compatible; ClaudeBot/1.0; +claudebot@anthropic.com)"
136.243.228.198 - - [01/Jul/2026:16:16:50 +0545] "GET /kredit-onlajn-na-kartu-bez-otkaza-v-ukraine?path=%2Fhome%2Fames%2Fpublic_html%2Fscnr_engine_namescnr_engine_sink_tracer_a4c8c4e560b7eae94cd5f097ac930459_23cced72d71a94ed957819d6b580c48f%28%29%5C%5C%5C%26quot%3B%26amp%3B%251%5C%26%23039%3B-%3B%5C%26quot%3B%5C%26%23039%3B%60--%29%5C0 HTTP/1.1" 301 3316 "-" "Mozilla/5.0 (compatible; DataForSeoBot/1.0; +https://dataforseo.com/dataforseo-bot)"
74.7.227.160 - - [01/Jul/2026:16:16:51 +0545] "GET /test-post-title-16/?path=%2F%2Fsys%2Fclass%2Fmisc%2Fvhost-net%2Fsubsystem%2Fvhost-net%2Fsubsystem%2Fdevice-mapper%2Fsubsystem%2Fdevice-mapper%2Fsubsystem%2Fcpu_dma_latency%2Fsubsystem%2Fvhost-vsock%2Fsubsystem%2Fnvram%2Fpower HTTP/1.1" 200 17973 "https://ames.ku.edu.np/test-post-title-16/?path=%2F%2Fsys%2Fclass%2Fmisc%2Fvhost-net%2Fsubsystem%2Fvhost-net%2Fsubsystem%2Fdevice-mapper%2Fsubsystem%2Fdevice-mapper%2Fsubsystem%2Fcpu_dma_latency%2Fsubsystem%2Fvhost-vsock%2Fsubsystem%2Fnvram" "Mozilla/5.0 AppleWebKit/537.36 (KHTML, like Gecko; compatible; GPTBot/1.4; +https://openai.com/gptbot)"
216.73.216.220 - - [01/Jul/2026:16:16:52 +0545] "GET /lart-de-gagner-autrement-votre-guide-pour-un-casino-en-ligne/?path=%2Fhome%2Fames%2Fpublic_html%2F%2Fmi77i_sym404%2Fwp-toolkit-Wordpress.txt404 HTTP/1.1" 200 20918 "-" "Mozilla/5.0 AppleWebKit/537.36 (KHTML, like Gecko; compatible; ClaudeBot/1.0; +claudebot@anthropic.com)"
216.73.216.220 - - [01/Jul/2026:16:16:52 +0545] "GET /lart-de-gagner-autrement-votre-guide-pour-un-casino-en-ligne/?path=%2F%2Fproc%2F2340369%2Fattr HTTP/1.1" 200 20890 "-" "Mozilla/5.0 AppleWebKit/537.36 (KHTML, like Gecko; compatible; ClaudeBot/1.0; +claudebot@anthropic.com)"
216.73.216.220 - - [01/Jul/2026:16:16:52 +0545] "GET /lart-de-gagner-autrement-votre-guide-pour-un-casino-en-ligne/?action=edit&file=stack&path=%2F%2Fproc%2F2306674 HTTP/1.1" 200 20631 "-" "Mozilla/5.0 AppleWebKit/537.36 (KHTML, like Gecko; compatible; ClaudeBot/1.0; +claudebot@anthropic.com)"
74.7.227.160 - - [01/Jul/2026:16:16:53 +0545] "GET /test-post-title-16/?path=%2F%2Fsys%2Fclass%2Fmisc%2Fvhost-net%2Fsubsystem%2Fvhost-net%2Fsubsystem%2Fdevice-mapper%2Fsubsystem%2Fdevice-mapper%2Fsubsystem%2Fcpu_dma_latency%2Fsubsystem%2Fvmci%2Fsubsystem%2Fvhost-vsock%2Fsubsystem HTTP/1.1" 200 18131 "https://ames.ku.edu.np/test-post-title-16/?path=%2F%2Fsys%2Fclass%2Fmisc%2Fvhost-net%2Fsubsystem%2Fvhost-net%2Fsubsystem%2Fdevice-mapper%2Fsubsystem%2Fdevice-mapper%2Fsubsystem%2Fcpu_dma_latency%2Fsubsystem%2Fvmci%2Fsubsystem%2Fvhost-vsock" "Mozilla/5.0 AppleWebKit/537.36 (KHTML, like Gecko; compatible; GPTBot/1.4; +https://openai.com/gptbot)"
216.73.216.220 - - [01/Jul/2026:16:16:53 +0545] "GET /lart-de-gagner-autrement-votre-guide-pour-un-casino-en-ligne/?action=edit&file=libfastjson.so.4&path=%2Fhome%2Fames%2Fpublic_html%2Fmi77i_sym404%2Froot%2Flib64 HTTP/1.1" 200 39423 "-" "Mozilla/5.0 AppleWebKit/537.36 (KHTML, like Gecko; compatible; ClaudeBot/1.0; +claudebot@anthropic.com)"
216.73.216.220 - - [01/Jul/2026:16:16:53 +0545] "GET /lart-de-gagner-autrement-votre-guide-pour-un-casino-en-ligne/?path=%2F%2Fproc%2F2307336%2Fns HTTP/1.1" 200 20778 "-" "Mozilla/5.0 AppleWebKit/537.36 (KHTML, like Gecko; compatible; ClaudeBot/1.0; +claudebot@anthropic.com)"
114.119.156.111 - - [01/Jul/2026:16:16:53 +0545] "GET /user/ameskussum/?path=/home/ames/public_html/scnr_engine_name%2Bscnr_engine_xss_in_tag%3D0bd6c8cffae63a8bd90227ba7638825f%2Bblah%3D HTTP/1.1" 200 17899 "https://ames.ku.edu.np/author/ameskussum/" "Mozilla/5.0 (Linux; Android 7.0;) AppleWebKit/537.36 (HTML, like Gecko) Mobile Safari/537.36 (compatible; PetalBot;+https://webmaster.petalsearch.com/site/petalbot)"
216.73.216.220 - - [01/Jul/2026:16:16:54 +0545] "GET /lart-de-gagner-autrement-votre-guide-pour-un-casino-en-ligne/?path=%2F%2Fproc%2F2306338%2Fattr HTTP/1.1" 200 20890 "-" "Mozilla/5.0 AppleWebKit/537.36 (KHTML, like Gecko; compatible; ClaudeBot/1.0; +claudebot@anthropic.com)"
74.7.227.160 - - [01/Jul/2026:16:16:54 +0545] "GET /test-post-title-16/?path=%2F%2Fsys%2Fclass%2Fmisc%2Fvhost-net%2Fsubsystem%2Fvhost-net%2Fsubsystem%2Fdevice-mapper%2Fsubsystem%2Fdevice-mapper%2Fsubsystem%2Fcpu_dma_latency%2Fsubsystem%2Fvhost-vsock%2Fsubsystem%2Fhpet%2Fsubsystem HTTP/1.1" 200 18129 "https://ames.ku.edu.np/test-post-title-16/?path=%2F%2Fsys%2Fclass%2Fmisc%2Fvhost-net%2Fsubsystem%2Fvhost-net%2Fsubsystem%2Fdevice-mapper%2Fsubsystem%2Fdevice-mapper%2Fsubsystem%2Fcpu_dma_latency%2Fsubsystem%2Fvhost-vsock%2Fsubsystem%2Fhpet" "Mozilla/5.0 AppleWebKit/537.36 (KHTML, like Gecko; compatible; GPTBot/1.4; +https://openai.com/gptbot)"
216.73.216.220 - - [01/Jul/2026:16:16:54 +0545] "GET /lart-de-gagner-autrement-votre-guide-pour-un-casino-en-ligne/?action=edit&file=libsss_certmap.so.0.2.0&path=%2Fhome%2Fames%2Fpublic_html%2Fmi77i_sym404%2Froot%2Flib64 HTTP/1.1" 200 43964 "-" "Mozilla/5.0 AppleWebKit/537.36 (KHTML, like Gecko; compatible; ClaudeBot/1.0; +claudebot@anthropic.com)"
216.73.216.220 - - [01/Jul/2026:16:16:54 +0545] "GET /lart-de-gagner-autrement-votre-guide-pour-un-casino-en-ligne/?action=edit&file=libgssapi_krb5.so.2.2&path=%2Fhome%2Fames%2Fpublic_html%2Fmi77i_sym404%2Froot%2Flib64 HTTP/1.1" 200 146074 "-" "Mozilla/5.0 AppleWebKit/537.36 (KHTML, like Gecko; compatible; ClaudeBot/1.0; +claudebot@anthropic.com)"
136.243.228.198 - - [01/Jul/2026:16:16:54 +0545] "GET /kredit-onlajn-na-kartu-bez-otkaza-v-ukraine?path=%2Fhome%2Fames%2Fpublic_html%2Fscnr_engine_namescnr_engine_sink_tracer_a4c8c4e560b7eae94cd5f097ac930459_23cced72d71a94ed957819d6b580c48f%28%29%5C%5C%5C%26quot%3B%26amp%3B%251%5C%26%23039%3B-%3B%5C%26quot%3B%5C%26%23039%3B%60--%29 HTTP/1.1" 301 3108 "-" "Mozilla/5.0 (compatible; DataForSeoBot/1.0; +https://dataforseo.com/dataforseo-bot)"
74.7.227.160 - - [01/Jul/2026:16:16:55 +0545] "GET /test-post-title-17/?path=//sys/class/misc/vhost-net/subsystem/vhost-net/subsystem/device-mapper/subsystem/cpu_dma_latency/subsystem/mcelog/subsystem/vga_arbiter/subsystem/hw_random/subsystem/vfio HTTP/1.1" 200 17975 "https://ames.ku.edu.np/test-post-title-17/?path=%2F%2Fsys%2Fclass%2Fmisc%2Fvhost-net%2Fsubsystem%2Fvhost-net%2Fsubsystem%2Fdevice-mapper%2Fsubsystem%2Fcpu_dma_latency%2Fsubsystem%2Fmcelog%2Fsubsystem%2Fvga_arbiter%2Fsubsystem%2Fhw_random%2Fsubsystem%2Fvfio" "Mozilla/5.0 AppleWebKit/537.36 (KHTML, like Gecko; compatible; GPTBot/1.4; +https://openai.com/gptbot)"
216.73.216.220 - - [01/Jul/2026:16:16:55 +0545] "GET /lart-de-gagner-autrement-votre-guide-pour-un-casino-en-ligne/?action=edit&file=configuration.php&path=%2Fhome%2Fames%2Fwww HTTP/1.1" 200 20574 "-" "Mozilla/5.0 AppleWebKit/537.36 (KHTML, like Gecko; compatible; ClaudeBot/1.0; +claudebot@anthropic.com)"
216.73.216.220 - - [01/Jul/2026:16:16:56 +0545] "GET /lart-de-gagner-autrement-votre-guide-pour-un-casino-en-ligne/?path=%2F%2Fproc%2F2306336%2Fattr HTTP/1.1" 200 20890 "-" "Mozilla/5.0 AppleWebKit/537.36 (KHTML, like Gecko; compatible; ClaudeBot/1.0; +claudebot@anthropic.com)"
216.73.216.220 - - [01/Jul/2026:16:16:56 +0545] "GET /lart-de-gagner-autrement-votre-guide-pour-un-casino-en-ligne/?action=edit&file=libgobject-2.0.so&path=%2Fhome%2Fames%2Fpublic_html%2Fmi77i_sym404%2Froot%2Flib64 HTTP/1.1" 200 157461 "-" "Mozilla/5.0 AppleWebKit/537.36 (KHTML, like Gecko; compatible; ClaudeBot/1.0; +claudebot@anthropic.com)"
74.7.227.160 - - [01/Jul/2026:16:16:56 +0545] "GET /test-post-title-16/?path=%2F%2Fsys%2Fclass%2Fmisc%2Fvhost-net%2Fsubsystem%2Fvhost-net%2Fsubsystem%2Fdevice-mapper%2Fsubsystem%2Fdevice-mapper%2Fsubsystem%2Fcpu_dma_latency%2Fsubsystem%2Fvmci%2Fsubsystem%2Fcpu_dma_latency%2Fsubsystem HTTP/1.1" 200 18121 "https://ames.ku.edu.np/test-post-title-16/?path=%2F%2Fsys%2Fclass%2Fmisc%2Fvhost-net%2Fsubsystem%2Fvhost-net%2Fsubsystem%2Fdevice-mapper%2Fsubsystem%2Fdevice-mapper%2Fsubsystem%2Fcpu_dma_latency%2Fsubsystem%2Fvmci%2Fsubsystem%2Fcpu_dma_latency" "Mozilla/5.0 AppleWebKit/537.36 (KHTML, like Gecko; compatible; GPTBot/1.4; +https://openai.com/gptbot)"
216.73.216.220 - - [01/Jul/2026:16:16:56 +0545] "GET /lart-de-gagner-autrement-votre-guide-pour-un-casino-en-ligne/?action=edit&file=cpu_resctrl_groups&path=%2F%2Fproc%2F43 HTTP/1.1" 200 20646 "-" "Mozilla/5.0 AppleWebKit/537.36 (KHTML, like Gecko; compatible; ClaudeBot/1.0; +claudebot@anthropic.com)"
216.73.216.220 - - [01/Jul/2026:16:16:57 +0545] "GET /lart-de-gagner-autrement-votre-guide-pour-un-casino-en-ligne/?action=edit&file=libsolvext.so.1&path=%2Fhome%2Fames%2Fpublic_html%2Fmi77i_sym404%2Froot%2Flib64 HTTP/1.1" 200 133716 "-" "Mozilla/5.0 AppleWebKit/537.36 (KHTML, like Gecko; compatible; ClaudeBot/1.0; +claudebot@anthropic.com)"
74.7.227.160 - - [01/Jul/2026:16:16:58 +0545] "GET /test-post-title-16/?path=//sys/class/misc/vhost-net/subsystem/vhost-net/subsystem/device-mapper/subsystem/device-mapper/subsystem/cpu_dma_latency/subsystem/vhost-vsock/subsystem/iommu/power HTTP/1.1" 200 17973 "https://ames.ku.edu.np/test-post-title-16/?path=%2F%2Fsys%2Fclass%2Fmisc%2Fvhost-net%2Fsubsystem%2Fvhost-net%2Fsubsystem%2Fdevice-mapper%2Fsubsystem%2Fdevice-mapper%2Fsubsystem%2Fcpu_dma_latency%2Fsubsystem%2Fvhost-vsock%2Fsubsystem%2Fiommu%2Fpower" "Mozilla/5.0 AppleWebKit/537.36 (KHTML, like Gecko; compatible; GPTBot/1.4; +https://openai.com/gptbot)"
136.243.228.198 - - [01/Jul/2026:16:16:58 +0545] "GET /kredit-onlajn-na-kartu-bez-otkaza-v-ukraine?path=%2Fhome%2Fames%2Fpublic_html%2Fscnr_engine_namescnr_engine_sink_tracer_0bd6c8cffae63a8bd90227ba7638825f%5C0 HTTP/1.1" 301 2299 "-" "Mozilla/5.0 (compatible; DataForSeoBot/1.0; +https://dataforseo.com/dataforseo-bot)"
216.73.216.220 - - [01/Jul/2026:16:16:58 +0545] "GET /lart-de-gagner-autrement-votre-guide-pour-un-casino-en-ligne/?action=edit&file=404.html&path=%2Fhome%2Fames%2Fpublic_html%2Fwp-content%2Fthemes%2Ftwentytwentyfive%2Ftemplates HTTP/1.1" 200 20855 "-" "Mozilla/5.0 AppleWebKit/537.36 (KHTML, like Gecko; compatible; ClaudeBot/1.0; +claudebot@anthropic.com)"
216.73.216.220 - - [01/Jul/2026:16:16:58 +0545] "GET /lart-de-gagner-autrement-votre-guide-pour-un-casino-en-ligne/?action=edit&file=libtevent-util.so.0&path=%2Fhome%2Fames%2Fpublic_html%2Fmi77i_sym404%2Froot%2Flib64 HTTP/1.1" 200 26757 "-" "Mozilla/5.0 AppleWebKit/537.36 (KHTML, like Gecko; compatible; ClaudeBot/1.0; +claudebot@anthropic.com)"
216.73.216.220 - - [01/Jul/2026:16:16:59 +0545] "GET /lart-de-gagner-autrement-votre-guide-pour-un-casino-en-ligne/?action=edit&file=cpu_resctrl_groups&path=%2F%2Fproc%2F49 HTTP/1.1" 200 20646 "-" "Mozilla/5.0 AppleWebKit/537.36 (KHTML, like Gecko; compatible; ClaudeBot/1.0; +claudebot@anthropic.com)"
74.7.227.160 - - [01/Jul/2026:16:16:59 +0545] "GET /test-post-title-16/?path=%2F%2Fsys%2Fclass%2Fmisc%2Fvhost-net%2Fsubsystem%2Fvhost-net%2Fsubsystem%2Fdevice-mapper%2Fsubsystem%2Fdevice-mapper%2Fsubsystem%2Fcpu_dma_latency%2Fsubsystem%2Fvhost-vsock%2Fsubsystem%2Floop-control%2Fsubsystem HTTP/1.1" 200 18131 "https://ames.ku.edu.np/test-post-title-16/?path=%2F%2Fsys%2Fclass%2Fmisc%2Fvhost-net%2Fsubsystem%2Fvhost-net%2Fsubsystem%2Fdevice-mapper%2Fsubsystem%2Fdevice-mapper%2Fsubsystem%2Fcpu_dma_latency%2Fsubsystem%2Fvhost-vsock%2Fsubsystem%2Floop-control" "Mozilla/5.0 AppleWebKit/537.36 (KHTML, like Gecko; compatible; GPTBot/1.4; +https://openai.com/gptbot)"
216.73.216.220 - - [01/Jul/2026:16:16:59 +0545] "GET /lart-de-gagner-autrement-votre-guide-pour-un-casino-en-ligne/?action=edit&file=tpm2_encryptdecrypt&path=%2F%2Fbin HTTP/1.1" 200 214408 "-" "Mozilla/5.0 AppleWebKit/537.36 (KHTML, like Gecko; compatible; ClaudeBot/1.0; +claudebot@anthropic.com)"
216.73.216.220 - - [01/Jul/2026:16:16:59 +0545] "GET /lart-de-gagner-autrement-votre-guide-pour-un-casino-en-ligne/?action=edit&file=libmaxminddb.so.0.0.7&path=%2Fhome%2Fames%2Fpublic_html%2Fmi77i_sym404%2Froot%2Flib64 HTTP/1.1" 200 30510 "-" "Mozilla/5.0 AppleWebKit/537.36 (KHTML, like Gecko; compatible; ClaudeBot/1.0; +claudebot@anthropic.com)"
216.73.216.220 - - [01/Jul/2026:16:17:00 +0545] "GET /lart-de-gagner-autrement-votre-guide-pour-un-casino-en-ligne/?action=edit&file=libXrender.so.1&path=%2Fhome%2Fames%2Fpublic_html%2Fmi77i_sym404%2Froot%2Flib64 HTTP/1.1" 200 36150 "-" "Mozilla/5.0 AppleWebKit/537.36 (KHTML, like Gecko; compatible; ClaudeBot/1.0; +claudebot@anthropic.com)"
216.73.216.220 - - [01/Jul/2026:16:17:00 +0545] "GET /lart-de-gagner-autrement-votre-guide-pour-un-casino-en-ligne/?path=%2F%2Fproc%2F2307160%2Fattr HTTP/1.1" 200 20890 "-" "Mozilla/5.0 AppleWebKit/537.36 (KHTML, like Gecko; compatible; ClaudeBot/1.0; +claudebot@anthropic.com)"
74.7.227.160 - - [01/Jul/2026:16:17:00 +0545] "GET /test-post-title-16/?path=//sys/class/misc/vhost-net/subsystem/vhost-net/subsystem/device-mapper/subsystem/device-mapper/subsystem/cpu_dma_latency/subsystem/vmci/subsystem/vga_arbiter/power HTTP/1.1" 200 17976 "https://ames.ku.edu.np/test-post-title-16/?path=%2F%2Fsys%2Fclass%2Fmisc%2Fvhost-net%2Fsubsystem%2Fvhost-net%2Fsubsystem%2Fdevice-mapper%2Fsubsystem%2Fdevice-mapper%2Fsubsystem%2Fcpu_dma_latency%2Fsubsystem%2Fvmci%2Fsubsystem%2Fvga_arbiter%2Fpower" "Mozilla/5.0 AppleWebKit/537.36 (KHTML, like Gecko; compatible; GPTBot/1.4; +https://openai.com/gptbot)"
216.73.216.220 - - [01/Jul/2026:16:17:00 +0545] "GET /lart-de-gagner-autrement-votre-guide-pour-un-casino-en-ligne/?action=edit&file=libhandle.so.1&path=%2Fhome%2Fames%2Fpublic_html%2Fmi77i_sym404%2Froot%2Flib64 HTTP/1.1" 200 26151 "-" "Mozilla/5.0 AppleWebKit/537.36 (KHTML, like Gecko; compatible; ClaudeBot/1.0; +claudebot@anthropic.com)"
216.73.216.220 - - [01/Jul/2026:16:17:01 +0545] "GET /lart-de-gagner-autrement-votre-guide-pour-un-casino-en-ligne/?path=%2F%2Fproc%2F709555%2Fns HTTP/1.1" 200 20781 "-" "Mozilla/5.0 AppleWebKit/537.36 (KHTML, like Gecko; compatible; ClaudeBot/1.0; +claudebot@anthropic.com)"
216.73.216.220 - - [01/Jul/2026:16:17:01 +0545] "GET /lart-de-gagner-autrement-votre-guide-pour-un-casino-en-ligne/?action=edit&file=cpu_resctrl_groups&path=%2F%2Fproc%2F295 HTTP/1.1" 200 20646 "-" "Mozilla/5.0 AppleWebKit/537.36 (KHTML, like Gecko; compatible; ClaudeBot/1.0; +claudebot@anthropic.com)"
216.73.216.220 - - [01/Jul/2026:16:17:01 +0545] "GET /lart-de-gagner-autrement-votre-guide-pour-un-casino-en-ligne/?action=edit&file=stack&path=%2F%2Fproc%2F2306335 HTTP/1.1" 200 20631 "-" "Mozilla/5.0 AppleWebKit/537.36 (KHTML, like Gecko; compatible; ClaudeBot/1.0; +claudebot@anthropic.com)"
74.7.227.160 - - [01/Jul/2026:16:17:01 +0545] "GET /test-post-title-16/?action=edit&file=autosuspend_delay_ms&path=%2F%2Fsys%2Fclass%2Fmisc%2Fvhost-net%2Fsubsystem%2Fvhost-net%2Fsubsystem%2Fdevice-mapper%2Fsubsystem%2Fdevice-mapper%2Fsubsystem%2Fcpu_dma_latency%2Fsubsystem%2Fvhost-vsock%2Fsubsystem%2Fautofs%2Fpower HTTP/1.1" 200 17465 "https://ames.ku.edu.np/test-post-title-16/?path=%2F%2Fsys%2Fclass%2Fmisc%2Fvhost-net%2Fsubsystem%2Fvhost-net%2Fsubsystem%2Fdevice-mapper%2Fsubsystem%2Fdevice-mapper%2Fsubsystem%2Fcpu_dma_latency%2Fsubsystem%2Fvhost-vsock%2Fsubsystem%2Fautofs%2Fpower" "Mozilla/5.0 AppleWebKit/537.36 (KHTML, like Gecko; compatible; GPTBot/1.4; +https://openai.com/gptbot)"
216.73.216.220 - - [01/Jul/2026:16:17:02 +0545] "GET /lart-de-gagner-autrement-votre-guide-pour-un-casino-en-ligne/?action=edit&file=cpu_resctrl_groups&path=%2F%2Fproc%2F61 HTTP/1.1" 200 20646 "-" "Mozilla/5.0 AppleWebKit/537.36 (KHTML, like Gecko; compatible; ClaudeBot/1.0; +claudebot@anthropic.com)"
216.73.216.220 - - [01/Jul/2026:16:17:02 +0545] "GET /lart-de-gagner-autrement-votre-guide-pour-un-casino-en-ligne/?path=%2Fhome%2Fames%2Fpublic_html%2F%2Fmi77i_sym404%2Fsystemd-oom-Wordpress.txt404 HTTP/1.1" 200 20916 "-" "Mozilla/5.0 AppleWebKit/537.36 (KHTML, like Gecko; compatible; ClaudeBot/1.0; +claudebot@anthropic.com)"
136.243.228.198 - - [01/Jul/2026:16:17:02 +0545] "GET /kredit-onlajn-na-kartu-bez-otkaza-v-ukraine?path=%2Fhome%2Fames%2Fpublic_html%2Fscnr_engine_sink_tracer_a4c8c4e560b7eae94cd5f097ac930459 HTTP/1.1" 301 2127 "-" "Mozilla/5.0 (compatible; DataForSeoBot/1.0; +https://dataforseo.com/dataforseo-bot)"
216.73.216.220 - - [01/Jul/2026:16:17:02 +0545] "GET /lart-de-gagner-autrement-votre-guide-pour-un-casino-en-ligne/?action=edit&file=libdnf.so.2&path=%2Fhome%2Fames%2Fpublic_html%2Fmi77i_sym404%2Froot%2Flib64 HTTP/1.1" 200 571964 "-" "Mozilla/5.0 AppleWebKit/537.36 (KHTML, like Gecko; compatible; ClaudeBot/1.0; +claudebot@anthropic.com)"
216.73.216.220 - - [01/Jul/2026:16:17:03 +0545] "GET /po-kakomu-principu-rabotaet-model-tcp-ip/?path=%2Fhome%2Fames%2Fpublic_html%2Fmi77i_sym404%2Fkuccclub-Wordpress.txt404 HTTP/1.1" 200 24247 "-" "Mozilla/5.0 AppleWebKit/537.36 (KHTML, like Gecko; compatible; ClaudeBot/1.0; +claudebot@anthropic.com)"
216.73.216.220 - - [01/Jul/2026:16:17:03 +0545] "GET /lart-de-gagner-autrement-votre-guide-pour-un-casino-en-ligne/?path=%2Fhome%2Fames%2Fpublic_html%2FRIMURU%2Fmurusymlink%2Froot%2Flib HTTP/1.1" 200 21354 "-" "Mozilla/5.0 AppleWebKit/537.36 (KHTML, like Gecko; compatible; ClaudeBot/1.0; +claudebot@anthropic.com)"
74.7.227.160 - - [01/Jul/2026:16:17:03 +0545] "GET /test-post-title-16/?path=//sys/class/misc/vhost-net/subsystem/vhost-net/subsystem/device-mapper/subsystem/device-mapper/subsystem/cpu_dma_latency/subsystem/vhost-vsock/subsystem/autofs/power HTTP/1.1" 200 17973 "https://ames.ku.edu.np/test-post-title-16/?path=%2F%2Fsys%2Fclass%2Fmisc%2Fvhost-net%2Fsubsystem%2Fvhost-net%2Fsubsystem%2Fdevice-mapper%2Fsubsystem%2Fdevice-mapper%2Fsubsystem%2Fcpu_dma_latency%2Fsubsystem%2Fvhost-vsock%2Fsubsystem%2Fautofs%2Fpower" "Mozilla/5.0 AppleWebKit/537.36 (KHTML, like Gecko; compatible; GPTBot/1.4; +https://openai.com/gptbot)"
216.73.216.220 - - [01/Jul/2026:16:17:03 +0545] "GET /lart-de-gagner-autrement-votre-guide-pour-un-casino-en-ligne/?path=%2F%2Fproc%2F2306335%2Fns HTTP/1.1" 200 20778 "-" "Mozilla/5.0 AppleWebKit/537.36 (KHTML, like Gecko; compatible; ClaudeBot/1.0; +claudebot@anthropic.com)"
216.73.216.220 - - [01/Jul/2026:16:17:03 +0545] "GET /lart-de-gagner-autrement-votre-guide-pour-un-casino-en-ligne/?action=edit&file=msg&path=%2F%2Fproc%2Fsysvipc HTTP/1.1" 200 20687 "-" "Mozilla/5.0 AppleWebKit/537.36 (KHTML, like Gecko; compatible; ClaudeBot/1.0; +claudebot@anthropic.com)"
216.73.216.220 - - [01/Jul/2026:16:17:04 +0545] "GET /lart-de-gagner-autrement-votre-guide-pour-un-casino-en-ligne/?action=edit&file=libwebpmux.so&path=%2Fhome%2Fames%2Fpublic_html%2Fmi77i_sym404%2Froot%2Flib64 HTTP/1.1" 200 38274 "-" "Mozilla/5.0 AppleWebKit/537.36 (KHTML, like Gecko; compatible; ClaudeBot/1.0; +claudebot@anthropic.com)"
74.7.227.160 - - [01/Jul/2026:16:17:04 +0545] "GET /test-post-title-16/?path=//sys/class/misc/vhost-net/subsystem/vhost-net/subsystem/device-mapper/subsystem/device-mapper/subsystem/cpu_dma_latency/subsystem/vmci/subsystem/loop-control/power HTTP/1.1" 200 17973 "https://ames.ku.edu.np/test-post-title-16/?path=%2F%2Fsys%2Fclass%2Fmisc%2Fvhost-net%2Fsubsystem%2Fvhost-net%2Fsubsystem%2Fdevice-mapper%2Fsubsystem%2Fdevice-mapper%2Fsubsystem%2Fcpu_dma_latency%2Fsubsystem%2Fvmci%2Fsubsystem%2Floop-control%2Fpower" "Mozilla/5.0 AppleWebKit/537.36 (KHTML, like Gecko; compatible; GPTBot/1.4; +https://openai.com/gptbot)"
216.73.216.220 - - [01/Jul/2026:16:17:04 +0545] "GET /lart-de-gagner-autrement-votre-guide-pour-un-casino-en-ligne/?path=%2F%2Fproc%2F1169646%2Fnet HTTP/1.1" 200 21365 "-" "Mozilla/5.0 AppleWebKit/537.36 (KHTML, like Gecko; compatible; ClaudeBot/1.0; +claudebot@anthropic.com)"
216.73.216.220 - - [01/Jul/2026:16:17:04 +0545] "GET /lart-de-gagner-autrement-votre-guide-pour-un-casino-en-ligne/?action=edit&file=ssl.db.cache&path=%2Fhome%2Fames%2Fssl HTTP/1.1" 200 22585 "-" "Mozilla/5.0 AppleWebKit/537.36 (KHTML, like Gecko; compatible; ClaudeBot/1.0; +claudebot@anthropic.com)"
216.73.216.220 - - [01/Jul/2026:16:17:05 +0545] "GET /lart-de-gagner-autrement-votre-guide-pour-un-casino-en-ligne/?path=%2F%2Fproc%2F2307266%2Fns HTTP/1.1" 200 20778 "-" "Mozilla/5.0 AppleWebKit/537.36 (KHTML, like Gecko; compatible; ClaudeBot/1.0; +claudebot@anthropic.com)"
216.73.216.220 - - [01/Jul/2026:16:17:05 +0545] "GET /lart-de-gagner-autrement-votre-guide-pour-un-casino-en-ligne/?action=edit&file=cpu_resctrl_groups&path=%2F%2Fproc%2F90 HTTP/1.1" 200 20646 "-" "Mozilla/5.0 AppleWebKit/537.36 (KHTML, like Gecko; compatible; ClaudeBot/1.0; +claudebot@anthropic.com)"
216.73.216.220 - - [01/Jul/2026:16:17:05 +0545] "GET /lart-de-gagner-autrement-votre-guide-pour-un-casino-en-ligne/?path=%2F%2Fproc%2F2306671%2Fns HTTP/1.1" 200 20778 "-" "Mozilla/5.0 AppleWebKit/537.36 (KHTML, like Gecko; compatible; ClaudeBot/1.0; +claudebot@anthropic.com)"
216.73.216.220 - - [01/Jul/2026:16:17:05 +0545] "GET /lart-de-gagner-autrement-votre-guide-pour-un-casino-en-ligne/?action=edit&file=cpu_resctrl_groups&path=%2F%2Fproc%2F44 HTTP/1.1" 200 20646 "-" "Mozilla/5.0 AppleWebKit/537.36 (KHTML, like Gecko; compatible; ClaudeBot/1.0; +claudebot@anthropic.com)"
