216.73.216.220 - - [01/Jul/2026:16:14:47 +0545] "GET /lart-de-gagner-autrement-votre-guide-pour-un-casino-en-ligne/?action=edit&file=libpthread.so.0&path=%2Fhome%2Fames%2Fpublic_html%2Fmi77i_sym404%2Froot%2Flib64 HTTP/1.1" 200 23227 "-" "Mozilla/5.0 AppleWebKit/537.36 (KHTML, like Gecko; compatible; ClaudeBot/1.0; +claudebot@anthropic.com)"
74.7.227.160 - - [01/Jul/2026:16:14:47 +0545] "GET /test-post-title-16/?path=%2F%2Fsys%2Fclass%2Fmisc%2Fvhost-net%2Fsubsystem%2Fvhost-net%2Fsubsystem%2Fdevice-mapper%2Fsubsystem%2Fdevice-mapper%2Fsubsystem%2Fcpu_dma_latency%2Fsubsystem%2Fvhost-vsock%2Fsubsystem%2Fudmabuf%2Fpower HTTP/1.1" 200 17977 "https://ames.ku.edu.np/test-post-title-16/?path=%2F%2Fsys%2Fclass%2Fmisc%2Fvhost-net%2Fsubsystem%2Fvhost-net%2Fsubsystem%2Fdevice-mapper%2Fsubsystem%2Fdevice-mapper%2Fsubsystem%2Fcpu_dma_latency%2Fsubsystem%2Fvhost-vsock%2Fsubsystem%2Fudmabuf" "Mozilla/5.0 AppleWebKit/537.36 (KHTML, like Gecko; compatible; GPTBot/1.4; +https://openai.com/gptbot)"
216.73.216.220 - - [01/Jul/2026:16:14:48 +0545] "GET /lart-de-gagner-autrement-votre-guide-pour-un-casino-en-ligne/?action=edit&file=msgfmt.py&path=%2F%2Fbin HTTP/1.1" 200 23212 "-" "Mozilla/5.0 AppleWebKit/537.36 (KHTML, like Gecko; compatible; ClaudeBot/1.0; +claudebot@anthropic.com)"
216.73.216.220 - - [01/Jul/2026:16:14:49 +0545] "GET /lart-de-gagner-autrement-votre-guide-pour-un-casino-en-ligne/?action=edit&file=pygettext.py&path=%2F%2Fbin HTTP/1.1" 200 28102 "-" "Mozilla/5.0 AppleWebKit/537.36 (KHTML, like Gecko; compatible; ClaudeBot/1.0; +claudebot@anthropic.com)"
74.7.227.160 - - [01/Jul/2026:16:14:49 +0545] "GET /test-post-title-17/?path=//sys/class/misc/vhost-net/subsystem/vhost-net/subsystem/device-mapper/subsystem/cpu_dma_latency/subsystem/mcelog/subsystem/vga_arbiter/subsystem/cpu_dma_latency/power HTTP/1.1" 200 17977 "https://ames.ku.edu.np/test-post-title-17/?path=%2F%2Fsys%2Fclass%2Fmisc%2Fvhost-net%2Fsubsystem%2Fvhost-net%2Fsubsystem%2Fdevice-mapper%2Fsubsystem%2Fcpu_dma_latency%2Fsubsystem%2Fmcelog%2Fsubsystem%2Fvga_arbiter%2Fsubsystem%2Fcpu_dma_latency%2Fpower" "Mozilla/5.0 AppleWebKit/537.36 (KHTML, like Gecko; compatible; GPTBot/1.4; +https://openai.com/gptbot)"
216.73.216.220 - - [01/Jul/2026:16:14:49 +0545] "GET /lart-de-gagner-autrement-votre-guide-pour-un-casino-en-ligne/?path=%2F%2Fproc%2F709555%2Fattr HTTP/1.1" 200 20890 "-" "Mozilla/5.0 AppleWebKit/537.36 (KHTML, like Gecko; compatible; ClaudeBot/1.0; +claudebot@anthropic.com)"
216.73.216.220 - - [01/Jul/2026:16:14:49 +0545] "GET /lart-de-gagner-autrement-votre-guide-pour-un-casino-en-ligne/?path=%2F%2Fproc%2F2306335%2Fattr HTTP/1.1" 200 20890 "-" "Mozilla/5.0 AppleWebKit/537.36 (KHTML, like Gecko; compatible; ClaudeBot/1.0; +claudebot@anthropic.com)"
136.243.228.198 - - [01/Jul/2026:16:14:49 +0545] "GET /kredit-onlajn-na-kartu-bez-otkaza-v-ukraine?path=%2Fhome%2Fames%2Fpublic_html%2F+Response.Write%2828763%2A4196403%29 HTTP/1.1" 301 2049 "-" "Mozilla/5.0 (compatible; DataForSeoBot/1.0; +https://dataforseo.com/dataforseo-bot)"
216.73.216.220 - - [01/Jul/2026:16:14:49 +0545] "GET /lart-de-gagner-autrement-votre-guide-pour-un-casino-en-ligne/?action=edit&file=11.html&path=%2Fhome%2Fames%2Ftmp%2Fanalog HTTP/1.1" 200 25156 "-" "Mozilla/5.0 AppleWebKit/537.36 (KHTML, like Gecko; compatible; ClaudeBot/1.0; +claudebot@anthropic.com)"
216.73.216.220 - - [01/Jul/2026:16:14:50 +0545] "GET /po-kakomu-principu-rabotaet-model-tcp-ip/?path=%2Fhome%2Fames%2Fpublic_html%2Fmi77i_sym404%2Fifip94conf-Joomla.txt404 HTTP/1.1" 200 24248 "-" "Mozilla/5.0 AppleWebKit/537.36 (KHTML, like Gecko; compatible; ClaudeBot/1.0; +claudebot@anthropic.com)"
74.7.227.160 - - [01/Jul/2026:16:14:50 +0545] "GET /test-post-title-16/?path=%2F%2Fsys%2Fclass%2Fmisc%2Fvhost-net%2Fsubsystem%2Fvhost-net%2Fsubsystem%2Fdevice-mapper%2Fsubsystem%2Fdevice-mapper%2Fsubsystem%2Fcpu_dma_latency%2Fsubsystem%2Fvhost-vsock%2Fsubsystem%2Fvga_arbiter%2Fpower HTTP/1.1" 200 17978 "https://ames.ku.edu.np/test-post-title-16/?path=%2F%2Fsys%2Fclass%2Fmisc%2Fvhost-net%2Fsubsystem%2Fvhost-net%2Fsubsystem%2Fdevice-mapper%2Fsubsystem%2Fdevice-mapper%2Fsubsystem%2Fcpu_dma_latency%2Fsubsystem%2Fvhost-vsock%2Fsubsystem%2Fvga_arbiter" "Mozilla/5.0 AppleWebKit/537.36 (KHTML, like Gecko; compatible; GPTBot/1.4; +https://openai.com/gptbot)"
216.73.216.220 - - [01/Jul/2026:16:14:50 +0545] "GET /lart-de-gagner-autrement-votre-guide-pour-un-casino-en-ligne/?path=%2F%2Fproc%2F2307266%2Fattr HTTP/1.1" 200 20890 "-" "Mozilla/5.0 AppleWebKit/537.36 (KHTML, like Gecko; compatible; ClaudeBot/1.0; +claudebot@anthropic.com)"
216.73.216.220 - - [01/Jul/2026:16:14:50 +0545] "GET /lart-de-gagner-autrement-votre-guide-pour-un-casino-en-ligne/?path=%2F%2Fproc%2F2306671%2Fattr HTTP/1.1" 200 20890 "-" "Mozilla/5.0 AppleWebKit/537.36 (KHTML, like Gecko; compatible; ClaudeBot/1.0; +claudebot@anthropic.com)"
216.73.216.220 - - [01/Jul/2026:16:14:51 +0545] "GET /lart-de-gagner-autrement-votre-guide-pour-un-casino-en-ligne/?action=edit&file=cpu_resctrl_groups&path=%2F%2Fproc%2F65 HTTP/1.1" 200 20646 "-" "Mozilla/5.0 AppleWebKit/537.36 (KHTML, like Gecko; compatible; ClaudeBot/1.0; +claudebot@anthropic.com)"
74.7.227.160 - - [01/Jul/2026:16:14:51 +0545] "GET /test-post-title-16/?path=%2F%2Fsys%2Fclass%2Fmisc%2Fvhost-net%2Fsubsystem%2Fvhost-net%2Fsubsystem%2Fdevice-mapper%2Fsubsystem%2Fdevice-mapper%2Fsubsystem%2Fcpu_dma_latency%2Fsubsystem%2Fvhost-vsock%2Fsubsystem%2Fuserfaultfd%2Fpower HTTP/1.1" 200 17978 "https://ames.ku.edu.np/test-post-title-16/?path=%2F%2Fsys%2Fclass%2Fmisc%2Fvhost-net%2Fsubsystem%2Fvhost-net%2Fsubsystem%2Fdevice-mapper%2Fsubsystem%2Fdevice-mapper%2Fsubsystem%2Fcpu_dma_latency%2Fsubsystem%2Fvhost-vsock%2Fsubsystem%2Fuserfaultfd" "Mozilla/5.0 AppleWebKit/537.36 (KHTML, like Gecko; compatible; GPTBot/1.4; +https://openai.com/gptbot)"
216.73.216.220 - - [01/Jul/2026:16:14:51 +0545] "GET /lart-de-gagner-autrement-votre-guide-pour-un-casino-en-ligne/?action=edit&file=libpathplan.so.4.0.0&path=%2Fhome%2Fames%2Fpublic_html%2Fmi77i_sym404%2Froot%2Flib64 HTTP/1.1" 200 35772 "-" "Mozilla/5.0 AppleWebKit/537.36 (KHTML, like Gecko; compatible; ClaudeBot/1.0; +claudebot@anthropic.com)"
216.73.216.220 - - [01/Jul/2026:16:14:52 +0545] "GET /lart-de-gagner-autrement-votre-guide-pour-un-casino-en-ligne/?action=edit&file=cpu_resctrl_groups&path=%2F%2Fproc%2F32 HTTP/1.1" 200 20646 "-" "Mozilla/5.0 AppleWebKit/537.36 (KHTML, like Gecko; compatible; ClaudeBot/1.0; +claudebot@anthropic.com)"
216.73.216.220 - - [01/Jul/2026:16:14:52 +0545] "GET /lart-de-gagner-autrement-votre-guide-pour-un-casino-en-ligne/?path=%2Fhome%2Fames%2Fpublic_html%2F%2Fmi77i_sym404%2Fsync-Wordpress.txt404 HTTP/1.1" 200 20914 "-" "Mozilla/5.0 AppleWebKit/537.36 (KHTML, like Gecko; compatible; ClaudeBot/1.0; +claudebot@anthropic.com)"
216.73.216.220 - - [01/Jul/2026:16:14:52 +0545] "GET /lart-de-gagner-autrement-votre-guide-pour-un-casino-en-ligne/?path=%2F%2Fproc%2F2306337%2Fattr HTTP/1.1" 200 20890 "-" "Mozilla/5.0 AppleWebKit/537.36 (KHTML, like Gecko; compatible; ClaudeBot/1.0; +claudebot@anthropic.com)"
216.73.216.220 - - [01/Jul/2026:16:14:53 +0545] "GET /lart-de-gagner-autrement-votre-guide-pour-un-casino-en-ligne/?action=edit&file=12.html&path=%2Fhome%2Fames%2Ftmp%2Fanalog HTTP/1.1" 200 25150 "-" "Mozilla/5.0 AppleWebKit/537.36 (KHTML, like Gecko; compatible; ClaudeBot/1.0; +claudebot@anthropic.com)"
74.7.227.160 - - [01/Jul/2026:16:14:53 +0545] "GET /test-post-title-16/?path=%2F%2Fsys%2Fclass%2Fmisc%2Fvhost-net%2Fsubsystem%2Fvhost-net%2Fsubsystem%2Fdevice-mapper%2Fsubsystem%2Fdevice-mapper%2Fsubsystem%2Fcpu_dma_latency%2Fsubsystem%2Fvmci%2Fsubsystem%2Floop-control%2Fsubsystem HTTP/1.1" 200 18127 "https://ames.ku.edu.np/test-post-title-16/?path=%2F%2Fsys%2Fclass%2Fmisc%2Fvhost-net%2Fsubsystem%2Fvhost-net%2Fsubsystem%2Fdevice-mapper%2Fsubsystem%2Fdevice-mapper%2Fsubsystem%2Fcpu_dma_latency%2Fsubsystem%2Fvmci%2Fsubsystem%2Floop-control" "Mozilla/5.0 AppleWebKit/537.36 (KHTML, like Gecko; compatible; GPTBot/1.4; +https://openai.com/gptbot)"
136.243.228.198 - - [01/Jul/2026:16:14:53 +0545] "GET /kredit-onlajn-na-kartu-bez-otkaza-v-ukraine?path=%2Fhome%2Fames%2Fpublic_html%2Fscnr_engine_sink_tracer_a4c8c4e560b7eae94cd5f097ac930459%5C0 HTTP/1.1" 301 2235 "-" "Mozilla/5.0 (compatible; DataForSeoBot/1.0; +https://dataforseo.com/dataforseo-bot)"
216.73.216.220 - - [01/Jul/2026:16:14:53 +0545] "GET /lart-de-gagner-autrement-votre-guide-pour-un-casino-en-ligne/?action=edit&file=contribute-code.svg&path=%2Fhome%2Fames%2Fpublic_html%2Fwp-admin%2Fimages HTTP/1.1" 200 21719 "-" "Mozilla/5.0 AppleWebKit/537.36 (KHTML, like Gecko; compatible; ClaudeBot/1.0; +claudebot@anthropic.com)"
216.73.216.220 - - [01/Jul/2026:16:14:53 +0545] "GET /lart-de-gagner-autrement-votre-guide-pour-un-casino-en-ligne/?action=edit&file=libnsssysinit.so&path=%2Fhome%2Fames%2Fpublic_html%2Fmi77i_sym404%2Froot%2Flib64 HTTP/1.1" 200 25139 "-" "Mozilla/5.0 AppleWebKit/537.36 (KHTML, like Gecko; compatible; ClaudeBot/1.0; +claudebot@anthropic.com)"
216.73.216.220 - - [01/Jul/2026:16:14:53 +0545] "GET /lart-de-gagner-autrement-votre-guide-pour-un-casino-en-ligne/?action=edit&file=wp-mail.php&path=%2Fhome%2Fames%2Fwww HTTP/1.1" 200 23614 "-" "Mozilla/5.0 AppleWebKit/537.36 (KHTML, like Gecko; compatible; ClaudeBot/1.0; +claudebot@anthropic.com)"
216.73.216.220 - - [01/Jul/2026:16:14:54 +0545] "GET /lart-de-gagner-autrement-votre-guide-pour-un-casino-en-ligne/?action=edit&file=cpu_resctrl_groups&path=%2F%2Fproc%2F85 HTTP/1.1" 200 20646 "-" "Mozilla/5.0 AppleWebKit/537.36 (KHTML, like Gecko; compatible; ClaudeBot/1.0; +claudebot@anthropic.com)"
74.7.227.160 - - [01/Jul/2026:16:14:54 +0545] "GET /test-post-title-16/?path=%2F%2Fsys%2Fclass%2Fmisc%2Fvhost-net%2Fsubsystem%2Fvhost-net%2Fsubsystem%2Fdevice-mapper%2Fsubsystem%2Fdevice-mapper%2Fsubsystem%2Fcpu_dma_latency%2Fsubsystem%2Fvhost-vsock%2Fsubsystem%2Ffuse%2Fsubsystem HTTP/1.1" 200 18127 "https://ames.ku.edu.np/test-post-title-16/?path=%2F%2Fsys%2Fclass%2Fmisc%2Fvhost-net%2Fsubsystem%2Fvhost-net%2Fsubsystem%2Fdevice-mapper%2Fsubsystem%2Fdevice-mapper%2Fsubsystem%2Fcpu_dma_latency%2Fsubsystem%2Fvhost-vsock%2Fsubsystem%2Ffuse" "Mozilla/5.0 AppleWebKit/537.36 (KHTML, like Gecko; compatible; GPTBot/1.4; +https://openai.com/gptbot)"
216.73.216.220 - - [01/Jul/2026:16:14:54 +0545] "GET /lart-de-gagner-autrement-votre-guide-pour-un-casino-en-ligne/?action=edit&file=header.html&path=%2Fhome%2Fames%2Fpublic_html%2Fwp-content%2Fthemes%2Ftwentytwentyfive%2Fparts HTTP/1.1" 200 20675 "-" "Mozilla/5.0 AppleWebKit/537.36 (KHTML, like Gecko; compatible; ClaudeBot/1.0; +claudebot@anthropic.com)"
216.73.216.220 - - [01/Jul/2026:16:14:54 +0545] "GET /lart-de-gagner-autrement-votre-guide-pour-un-casino-en-ligne/?path=%2F%2Fproc%2F2307115%2Fattr HTTP/1.1" 200 20891 "-" "Mozilla/5.0 AppleWebKit/537.36 (KHTML, like Gecko; compatible; ClaudeBot/1.0; +claudebot@anthropic.com)"
216.73.216.220 - - [01/Jul/2026:16:14:55 +0545] "GET /lart-de-gagner-autrement-votre-guide-pour-un-casino-en-ligne/?action=edit&file=alignment_offset&path=%2F%2Fsys%2Fblock%2Fxvdb HTTP/1.1" 200 20637 "-" "Mozilla/5.0 AppleWebKit/537.36 (KHTML, like Gecko; compatible; ClaudeBot/1.0; +claudebot@anthropic.com)"
74.7.227.160 - - [01/Jul/2026:16:14:55 +0545] "GET /test-post-title-16/?path=//sys/class/misc/vhost-net/subsystem/vhost-net/subsystem/device-mapper/subsystem/device-mapper/subsystem/cpu_dma_latency/subsystem/vmci/subsystem/rfkill/subsystem/vhost-vsock HTTP/1.1" 200 17955 "https://ames.ku.edu.np/test-post-title-16/?path=%2F%2Fsys%2Fclass%2Fmisc%2Fvhost-net%2Fsubsystem%2Fvhost-net%2Fsubsystem%2Fdevice-mapper%2Fsubsystem%2Fdevice-mapper%2Fsubsystem%2Fcpu_dma_latency%2Fsubsystem%2Fvmci%2Fsubsystem%2Frfkill%2Fsubsystem%2Fvhost-vsock" "Mozilla/5.0 AppleWebKit/537.36 (KHTML, like Gecko; compatible; GPTBot/1.4; +https://openai.com/gptbot)"
216.73.216.220 - - [01/Jul/2026:16:14:56 +0545] "GET /lart-de-gagner-autrement-votre-guide-pour-un-casino-en-ligne/?path=%2F%2Fproc%2F2306637%2Fattr HTTP/1.1" 200 20890 "-" "Mozilla/5.0 AppleWebKit/537.36 (KHTML, like Gecko; compatible; ClaudeBot/1.0; +claudebot@anthropic.com)"
216.73.216.220 - - [01/Jul/2026:16:14:56 +0545] "GET /lart-de-gagner-autrement-votre-guide-pour-un-casino-en-ligne/?action=edit&file=alignment_offset&path=%2F%2Fsys%2Fblock%2Fxvdc HTTP/1.1" 200 20637 "-" "Mozilla/5.0 AppleWebKit/537.36 (KHTML, like Gecko; compatible; ClaudeBot/1.0; +claudebot@anthropic.com)"
216.73.216.220 - - [01/Jul/2026:16:14:56 +0545] "GET /lart-de-gagner-autrement-votre-guide-pour-un-casino-en-ligne/?action=edit&file=cmsutil&path=%2F%2Fbin HTTP/1.1" 200 35110 "-" "Mozilla/5.0 AppleWebKit/537.36 (KHTML, like Gecko; compatible; ClaudeBot/1.0; +claudebot@anthropic.com)"
216.73.216.220 - - [01/Jul/2026:16:14:56 +0545] "GET /lart-de-gagner-autrement-votre-guide-pour-un-casino-en-ligne/?path=%2F%2Fproc%2F1401172%2Fattr HTTP/1.1" 200 20890 "-" "Mozilla/5.0 AppleWebKit/537.36 (KHTML, like Gecko; compatible; ClaudeBot/1.0; +claudebot@anthropic.com)"
74.7.227.160 - - [01/Jul/2026:16:14:56 +0545] "GET /test-post-title-17/?path=//sys/class/misc/vhost-net/subsystem/vhost-net/subsystem/device-mapper/subsystem/cpu_dma_latency/subsystem/mcelog/subsystem/vga_arbiter/subsystem/rfkill/power HTTP/1.1" 200 17993 "https://ames.ku.edu.np/test-post-title-17/?path=%2F%2Fsys%2Fclass%2Fmisc%2Fvhost-net%2Fsubsystem%2Fvhost-net%2Fsubsystem%2Fdevice-mapper%2Fsubsystem%2Fcpu_dma_latency%2Fsubsystem%2Fmcelog%2Fsubsystem%2Fvga_arbiter%2Fsubsystem%2Frfkill%2Fpower" "Mozilla/5.0 AppleWebKit/537.36 (KHTML, like Gecko; compatible; GPTBot/1.4; +https://openai.com/gptbot)"
216.73.216.220 - - [01/Jul/2026:16:14:57 +0545] "GET /lart-de-gagner-autrement-votre-guide-pour-un-casino-en-ligne/?path=%2F%2Fproc%2F2307245%2Fattr HTTP/1.1" 200 20890 "-" "Mozilla/5.0 AppleWebKit/537.36 (KHTML, like Gecko; compatible; ClaudeBot/1.0; +claudebot@anthropic.com)"
216.73.216.220 - - [01/Jul/2026:16:14:57 +0545] "GET /lart-de-gagner-autrement-votre-guide-pour-un-casino-en-ligne/?path=%2F%2Fsys%2Fdevices%2Fpnp0%2F00%3A02 HTTP/1.1" 200 20987 "-" "Mozilla/5.0 AppleWebKit/537.36 (KHTML, like Gecko; compatible; ClaudeBot/1.0; +claudebot@anthropic.com)"
136.243.228.198 - - [01/Jul/2026:16:14:57 +0545] "GET /kredit-onlajn-na-kartu-bez-otkaza-v-ukraine?path=%2Fhome%2Fames%2Fpublic_html%2F%5C%5CWEB-INF%5C%5Cweb.xml%5C0. HTTP/1.1" 301 2150 "-" "Mozilla/5.0 (compatible; DataForSeoBot/1.0; +https://dataforseo.com/dataforseo-bot)"
216.73.216.220 - - [01/Jul/2026:16:14:58 +0545] "GET /lart-de-gagner-autrement-votre-guide-pour-un-casino-en-ligne/?action=edit&file=libutil.so.1&path=%2Fhome%2Fames%2Fpublic_html%2Fmi77i_sym404%2Froot%2Flib64 HTTP/1.1" 200 22928 "-" "Mozilla/5.0 AppleWebKit/537.36 (KHTML, like Gecko; compatible; ClaudeBot/1.0; +claudebot@anthropic.com)"
216.73.216.220 - - [01/Jul/2026:16:14:58 +0545] "GET /po-kakomu-principu-rabotaet-model-tcp-ip/?path=%2Fhome%2Fames%2Fpublic_html%2Fmi77i_sym404%2Fitcatku-Joomla.txt404 HTTP/1.1" 200 24251 "-" "Mozilla/5.0 AppleWebKit/537.36 (KHTML, like Gecko; compatible; ClaudeBot/1.0; +claudebot@anthropic.com)"
74.7.227.160 - - [01/Jul/2026:16:14:58 +0545] "GET /test-post-title-16/?path=%2F%2Fsys%2Fclass%2Fmisc%2Fvhost-net%2Fsubsystem%2Fvhost-net%2Fsubsystem%2Fdevice-mapper%2Fsubsystem%2Fdevice-mapper%2Fsubsystem%2Fcpu_dma_latency%2Fsubsystem%2Fvmci%2Fsubsystem%2Fautofs%2Fsubsystem%2Fvmci HTTP/1.1" 200 17933 "https://ames.ku.edu.np/test-post-title-16/?path=%2F%2Fsys%2Fclass%2Fmisc%2Fvhost-net%2Fsubsystem%2Fvhost-net%2Fsubsystem%2Fdevice-mapper%2Fsubsystem%2Fdevice-mapper%2Fsubsystem%2Fcpu_dma_latency%2Fsubsystem%2Fvmci%2Fsubsystem%2Fautofs%2Fsubsystem" "Mozilla/5.0 AppleWebKit/537.36 (KHTML, like Gecko; compatible; GPTBot/1.4; +https://openai.com/gptbot)"
216.73.216.220 - - [01/Jul/2026:16:14:59 +0545] "GET /lart-de-gagner-autrement-votre-guide-pour-un-casino-en-ligne/?action=edit&file=10.html&path=%2Fhome%2Fames%2Ftmp%2Fanalog HTTP/1.1" 200 25160 "-" "Mozilla/5.0 AppleWebKit/537.36 (KHTML, like Gecko; compatible; ClaudeBot/1.0; +claudebot@anthropic.com)"
216.73.216.220 - - [01/Jul/2026:16:14:59 +0545] "GET /po-kakomu-principu-rabotaet-model-tcp-ip/?action=edit&file=daemon-Wordpress.txt&path=%2Fhome%2Fames%2Fpublic_html%2Fmi77i_sym404 HTTP/1.1" 200 23965 "-" "Mozilla/5.0 AppleWebKit/537.36 (KHTML, like Gecko; compatible; ClaudeBot/1.0; +claudebot@anthropic.com)"
216.73.216.220 - - [01/Jul/2026:16:14:59 +0545] "GET /lart-de-gagner-autrement-votre-guide-pour-un-casino-en-ligne/?action=edit&file=initctl&path=%2Fhome%2Fames%2Fpublic_html%2Fmi77i_sym404%2Froot%2Frun HTTP/1.1" 200 20630 "-" "Mozilla/5.0 AppleWebKit/537.36 (KHTML, like Gecko; compatible; ClaudeBot/1.0; +claudebot@anthropic.com)"
74.7.227.160 - - [01/Jul/2026:16:14:59 +0545] "GET /test-post-title-16/?path=//sys/class/misc/vhost-net/subsystem/vhost-net/subsystem/device-mapper/subsystem/device-mapper/subsystem/cpu_dma_latency/subsystem/vmci/subsystem/autofs/subsystem HTTP/1.1" 200 18124 "https://ames.ku.edu.np/test-post-title-16/?path=%2F%2Fsys%2Fclass%2Fmisc%2Fvhost-net%2Fsubsystem%2Fvhost-net%2Fsubsystem%2Fdevice-mapper%2Fsubsystem%2Fdevice-mapper%2Fsubsystem%2Fcpu_dma_latency%2Fsubsystem%2Fvmci%2Fsubsystem%2Fautofs%2Fsubsystem" "Mozilla/5.0 AppleWebKit/537.36 (KHTML, like Gecko; compatible; GPTBot/1.4; +https://openai.com/gptbot)"
216.73.216.220 - - [01/Jul/2026:16:14:59 +0545] "GET /lart-de-gagner-autrement-votre-guide-pour-un-casino-en-ligne/?path=%2F%2Fproc%2F2306668%2Fattr HTTP/1.1" 200 20890 "-" "Mozilla/5.0 AppleWebKit/537.36 (KHTML, like Gecko; compatible; ClaudeBot/1.0; +claudebot@anthropic.com)"
216.73.216.220 - - [01/Jul/2026:16:15:00 +0545] "GET /lart-de-gagner-autrement-votre-guide-pour-un-casino-en-ligne/?action=edit&file=libharfbuzz-gobject.so.0&path=%2Fhome%2Fames%2Fpublic_html%2Fmi77i_sym404%2Froot%2Flib64 HTTP/1.1" 200 41315 "-" "Mozilla/5.0 AppleWebKit/537.36 (KHTML, like Gecko; compatible; ClaudeBot/1.0; +claudebot@anthropic.com)"
216.73.216.220 - - [01/Jul/2026:16:15:00 +0545] "GET /lart-de-gagner-autrement-votre-guide-pour-un-casino-en-ligne/?path=%2F%2Fproc%2F2599322%2Fattr HTTP/1.1" 200 20890 "-" "Mozilla/5.0 AppleWebKit/537.36 (KHTML, like Gecko; compatible; ClaudeBot/1.0; +claudebot@anthropic.com)"
216.73.216.220 - - [01/Jul/2026:16:15:00 +0545] "GET /lart-de-gagner-autrement-votre-guide-pour-un-casino-en-ligne/?action=edit&file=vertical-header.html&path=%2Fhome%2Fames%2Fpublic_html%2Fwp-content%2Fthemes%2Ftwentytwentyfive%2Fparts HTTP/1.1" 200 20686 "-" "Mozilla/5.0 AppleWebKit/537.36 (KHTML, like Gecko; compatible; ClaudeBot/1.0; +claudebot@anthropic.com)"
74.7.227.160 - - [01/Jul/2026:16:15:00 +0545] "GET /test-post-title-17/?path=//sys/class/misc/vhost-net/subsystem/vhost-net/subsystem/device-mapper/subsystem/cpu_dma_latency/subsystem/mcelog/subsystem/vga_arbiter/subsystem/rfkill/subsystem HTTP/1.1" 200 18133 "https://ames.ku.edu.np/test-post-title-17/?path=%2F%2Fsys%2Fclass%2Fmisc%2Fvhost-net%2Fsubsystem%2Fvhost-net%2Fsubsystem%2Fdevice-mapper%2Fsubsystem%2Fcpu_dma_latency%2Fsubsystem%2Fmcelog%2Fsubsystem%2Fvga_arbiter%2Fsubsystem%2Frfkill%2Fsubsystem" "Mozilla/5.0 AppleWebKit/537.36 (KHTML, like Gecko; compatible; GPTBot/1.4; +https://openai.com/gptbot)"
216.73.216.220 - - [01/Jul/2026:16:15:01 +0545] "GET /lart-de-gagner-autrement-votre-guide-pour-un-casino-en-ligne/?action=edit&file=libsamdb.so.0&path=%2Fhome%2Fames%2Fpublic_html%2Fmi77i_sym404%2Froot%2Flib64 HTTP/1.1" 200 59664 "-" "Mozilla/5.0 AppleWebKit/537.36 (KHTML, like Gecko; compatible; ClaudeBot/1.0; +claudebot@anthropic.com)"
216.73.216.220 - - [01/Jul/2026:16:15:01 +0545] "GET /lart-de-gagner-autrement-votre-guide-pour-un-casino-en-ligne/?path=%2Fhome%2Fames%2Fpublic_html%2FRIMURU%2Fmurusymlink%2Froot%2Fvar HTTP/1.1" 200 21176 "-" "Mozilla/5.0 AppleWebKit/537.36 (KHTML, like Gecko; compatible; ClaudeBot/1.0; +claudebot@anthropic.com)"
136.243.228.198 - - [01/Jul/2026:16:15:01 +0545] "GET /kredit-onlajn-na-kartu-bez-otkaza-v-ukraine?path=%2Fhome%2Fames%2Fpublic_html%2Faviyantaa-promo HTTP/1.1" 301 2439 "-" "Mozilla/5.0 (compatible; DataForSeoBot/1.0; +https://dataforseo.com/dataforseo-bot)"
216.73.216.220 - - [01/Jul/2026:16:15:01 +0545] "GET /lart-de-gagner-autrement-votre-guide-pour-un-casino-en-ligne/?path=%2Fhome%2Fames%2Fpublic_html%2FRIMURU%2Fmurusymlink%2Froot%2Fsrv HTTP/1.1" 200 20844 "-" "Mozilla/5.0 AppleWebKit/537.36 (KHTML, like Gecko; compatible; ClaudeBot/1.0; +claudebot@anthropic.com)"
74.7.227.160 - - [01/Jul/2026:16:15:02 +0545] "GET /test-post-title-16/?path=//sys/class/misc/vhost-net/subsystem/vhost-net/subsystem/device-mapper/subsystem/device-mapper/subsystem/cpu_dma_latency/subsystem/vhost-vsock/subsystem/udmabuf/power HTTP/1.1" 200 17977 "https://ames.ku.edu.np/test-post-title-16/?path=%2F%2Fsys%2Fclass%2Fmisc%2Fvhost-net%2Fsubsystem%2Fvhost-net%2Fsubsystem%2Fdevice-mapper%2Fsubsystem%2Fdevice-mapper%2Fsubsystem%2Fcpu_dma_latency%2Fsubsystem%2Fvhost-vsock%2Fsubsystem%2Fudmabuf%2Fpower" "Mozilla/5.0 AppleWebKit/537.36 (KHTML, like Gecko; compatible; GPTBot/1.4; +https://openai.com/gptbot)"
216.73.216.220 - - [01/Jul/2026:16:15:02 +0545] "GET /lart-de-gagner-autrement-votre-guide-pour-un-casino-en-ligne/?action=edit&file=libXrender.so&path=%2Fhome%2Fames%2Fpublic_html%2Fmi77i_sym404%2Froot%2Flib64 HTTP/1.1" 200 36154 "-" "Mozilla/5.0 AppleWebKit/537.36 (KHTML, like Gecko; compatible; ClaudeBot/1.0; +claudebot@anthropic.com)"
216.73.216.220 - - [01/Jul/2026:16:15:02 +0545] "GET /lart-de-gagner-autrement-votre-guide-pour-un-casino-en-ligne/?path=%2Fhome%2Fames%2Fpublic_html%2Fmi77i_sym404%2Froot%2Fetc%2Fyum.repos.d HTTP/1.1" 200 21211 "-" "Mozilla/5.0 AppleWebKit/537.36 (KHTML, like Gecko; compatible; ClaudeBot/1.0; +claudebot@anthropic.com)"
216.73.216.220 - - [01/Jul/2026:16:15:03 +0545] "GET /lart-de-gagner-autrement-votre-guide-pour-un-casino-en-ligne/?path=%2Fhome%2Fames%2Fwww%2F%5C%5Cwindows%5C%5Cwin.ini HTTP/1.1" 200 20813 "-" "Mozilla/5.0 AppleWebKit/537.36 (KHTML, like Gecko; compatible; ClaudeBot/1.0; +claudebot@anthropic.com)"
216.73.216.220 - - [01/Jul/2026:16:15:03 +0545] "GET /lart-de-gagner-autrement-votre-guide-pour-un-casino-en-ligne/?path=%2F%2Fproc%2F2306675%2Fattr HTTP/1.1" 200 20890 "-" "Mozilla/5.0 AppleWebKit/537.36 (KHTML, like Gecko; compatible; ClaudeBot/1.0; +claudebot@anthropic.com)"
74.7.227.160 - - [01/Jul/2026:16:15:03 +0545] "GET /test-post-title-16/?path=%2F%2Fsys%2Fclass%2Fmisc%2Fvhost-net%2Fsubsystem%2Fvhost-net%2Fsubsystem%2Fdevice-mapper%2Fsubsystem%2Fdevice-mapper%2Fsubsystem%2Fcpu_dma_latency%2Fsubsystem%2Fvhost-vsock%2Fsubsystem%2Fiommu%2Fsubsystem HTTP/1.1" 200 18133 "https://ames.ku.edu.np/test-post-title-16/?path=%2F%2Fsys%2Fclass%2Fmisc%2Fvhost-net%2Fsubsystem%2Fvhost-net%2Fsubsystem%2Fdevice-mapper%2Fsubsystem%2Fdevice-mapper%2Fsubsystem%2Fcpu_dma_latency%2Fsubsystem%2Fvhost-vsock%2Fsubsystem%2Fiommu" "Mozilla/5.0 AppleWebKit/537.36 (KHTML, like Gecko; compatible; GPTBot/1.4; +https://openai.com/gptbot)"
216.73.216.220 - - [01/Jul/2026:16:15:03 +0545] "GET /lart-de-gagner-autrement-votre-guide-pour-un-casino-en-ligne/?action=edit&file=libgraphite2.so&path=%2Fhome%2Fames%2Fpublic_html%2Fmi77i_sym404%2Froot%2Flib64 HTTP/1.1" 200 75239 "-" "Mozilla/5.0 AppleWebKit/537.36 (KHTML, like Gecko; compatible; ClaudeBot/1.0; +claudebot@anthropic.com)"
216.73.216.220 - - [01/Jul/2026:16:15:04 +0545] "GET /lart-de-gagner-autrement-votre-guide-pour-un-casino-en-ligne/?action=edit&file=libcryptsetup.so.12&path=%2Fhome%2Fames%2Fpublic_html%2Fmi77i_sym404%2Froot%2Flib64 HTTP/1.1" 200 259745 "-" "Mozilla/5.0 AppleWebKit/537.36 (KHTML, like Gecko; compatible; ClaudeBot/1.0; +claudebot@anthropic.com)"
216.73.216.220 - - [01/Jul/2026:16:15:04 +0545] "GET /lart-de-gagner-autrement-votre-guide-pour-un-casino-en-ligne/?action=edit&file=expr&path=%2F%2Fbin HTTP/1.1" 200 36187 "-" "Mozilla/5.0 AppleWebKit/537.36 (KHTML, like Gecko; compatible; ClaudeBot/1.0; +claudebot@anthropic.com)"
216.73.216.220 - - [01/Jul/2026:16:15:04 +0545] "GET /lart-de-gagner-autrement-votre-guide-pour-un-casino-en-ligne/?path=%2F%2Fproc%2F2213374%2Ffdinfo HTTP/1.1" 200 20784 "-" "Mozilla/5.0 AppleWebKit/537.36 (KHTML, like Gecko; compatible; ClaudeBot/1.0; +claudebot@anthropic.com)"
74.7.227.160 - - [01/Jul/2026:16:15:04 +0545] "GET /test-post-title-16/?path=//sys/class/misc/vhost-net/subsystem/vhost-net/subsystem/device-mapper/subsystem/device-mapper/subsystem/cpu_dma_latency/subsystem/vhost-vsock/subsystem/vga_arbiter/power HTTP/1.1" 200 17978 "https://ames.ku.edu.np/test-post-title-16/?path=%2F%2Fsys%2Fclass%2Fmisc%2Fvhost-net%2Fsubsystem%2Fvhost-net%2Fsubsystem%2Fdevice-mapper%2Fsubsystem%2Fdevice-mapper%2Fsubsystem%2Fcpu_dma_latency%2Fsubsystem%2Fvhost-vsock%2Fsubsystem%2Fvga_arbiter%2Fpower" "Mozilla/5.0 AppleWebKit/537.36 (KHTML, like Gecko; compatible; GPTBot/1.4; +https://openai.com/gptbot)"
216.73.216.220 - - [01/Jul/2026:16:15:05 +0545] "GET /lart-de-gagner-autrement-votre-guide-pour-un-casino-en-ligne/?action=edit&file=userdatadomains.json&path=%2Fhome%2Fames%2Fpublic_html%2Fmi77i_sym404%2Froot%2Fetc HTTP/1.1" 200 20637 "-" "Mozilla/5.0 AppleWebKit/537.36 (KHTML, like Gecko; compatible; ClaudeBot/1.0; +claudebot@anthropic.com)"
216.73.216.220 - - [01/Jul/2026:16:15:05 +0545] "GET /po-kakomu-principu-rabotaet-model-tcp-ip/?path=%2Fhome%2Fames%2Fpublic_html%2Fmi77i_sym404%2Fkuindoors-Wordpress.txt404 HTTP/1.1" 200 24248 "-" "Mozilla/5.0 AppleWebKit/537.36 (KHTML, like Gecko; compatible; ClaudeBot/1.0; +claudebot@anthropic.com)"
136.243.228.198 - - [01/Jul/2026:16:15:05 +0545] "GET /kredit-onlajn-na-kartu-bez-otkaza-v-ukraine?path=%2Fhome%2Fames%2Fpublic_html%2Fscnr_engine_name+%5C%26quot%3B%3Bscnr_engine_xss_in_element_event%3Da4c8c4e560b7eae94cd5f097ac930459 HTTP/1.1" 301 2292 "-" "Mozilla/5.0 (compatible; DataForSeoBot/1.0; +https://dataforseo.com/dataforseo-bot)"
74.7.227.160 - - [01/Jul/2026:16:15:06 +0545] "GET /test-post-title-16/?path=//sys/class/misc/vhost-net/subsystem/vhost-net/subsystem/device-mapper/subsystem/device-mapper/subsystem/cpu_dma_latency/subsystem/vhost-vsock/subsystem/userfaultfd/power HTTP/1.1" 200 17978 "https://ames.ku.edu.np/test-post-title-16/?path=%2F%2Fsys%2Fclass%2Fmisc%2Fvhost-net%2Fsubsystem%2Fvhost-net%2Fsubsystem%2Fdevice-mapper%2Fsubsystem%2Fdevice-mapper%2Fsubsystem%2Fcpu_dma_latency%2Fsubsystem%2Fvhost-vsock%2Fsubsystem%2Fuserfaultfd%2Fpower" "Mozilla/5.0 AppleWebKit/537.36 (KHTML, like Gecko; compatible; GPTBot/1.4; +https://openai.com/gptbot)"
216.73.216.220 - - [01/Jul/2026:16:15:06 +0545] "GET /lart-de-gagner-autrement-votre-guide-pour-un-casino-en-ligne/?path=%2F%2Fvar%2Fgames HTTP/1.1" 200 20765 "-" "Mozilla/5.0 AppleWebKit/537.36 (KHTML, like Gecko; compatible; ClaudeBot/1.0; +claudebot@anthropic.com)"
216.73.216.220 - - [01/Jul/2026:16:15:06 +0545] "GET /lart-de-gagner-autrement-votre-guide-pour-un-casino-en-ligne/?action=edit&file=alignment_offset&path=%2F%2Fsys%2Fblock%2Fxvda HTTP/1.1" 200 20637 "-" "Mozilla/5.0 AppleWebKit/537.36 (KHTML, like Gecko; compatible; ClaudeBot/1.0; +claudebot@anthropic.com)"
216.73.216.220 - - [01/Jul/2026:16:15:06 +0545] "GET /lart-de-gagner-autrement-votre-guide-pour-un-casino-en-ligne/?path=%2F%2Fproc%2F2307086%2Fattr HTTP/1.1" 200 20890 "-" "Mozilla/5.0 AppleWebKit/537.36 (KHTML, like Gecko; compatible; ClaudeBot/1.0; +claudebot@anthropic.com)"
216.73.216.220 - - [01/Jul/2026:16:15:06 +0545] "GET /lart-de-gagner-autrement-votre-guide-pour-un-casino-en-ligne/?path=%2F%2Fsys%2Fbus%2Facpi HTTP/1.1" 200 20892 "-" "Mozilla/5.0 AppleWebKit/537.36 (KHTML, like Gecko; compatible; ClaudeBot/1.0; +claudebot@anthropic.com)"
74.7.227.160 - - [01/Jul/2026:16:15:07 +0545] "GET /test-post-title-16/?path=//sys/class/misc/vhost-net/subsystem/vhost-net/subsystem/device-mapper/subsystem/device-mapper/subsystem/cpu_dma_latency/subsystem/vmci/subsystem/loop-control/subsystem HTTP/1.1" 200 18127 "https://ames.ku.edu.np/test-post-title-16/?path=%2F%2Fsys%2Fclass%2Fmisc%2Fvhost-net%2Fsubsystem%2Fvhost-net%2Fsubsystem%2Fdevice-mapper%2Fsubsystem%2Fdevice-mapper%2Fsubsystem%2Fcpu_dma_latency%2Fsubsystem%2Fvmci%2Fsubsystem%2Floop-control%2Fsubsystem" "Mozilla/5.0 AppleWebKit/537.36 (KHTML, like Gecko; compatible; GPTBot/1.4; +https://openai.com/gptbot)"
74.7.227.160 - - [01/Jul/2026:16:15:08 +0545] "GET /test-post-title-16/?path=//sys/class/misc/vhost-net/subsystem/vhost-net/subsystem/device-mapper/subsystem/device-mapper/subsystem/cpu_dma_latency/subsystem/vhost-vsock/subsystem/fuse/subsystem HTTP/1.1" 200 18127 "https://ames.ku.edu.np/test-post-title-16/?path=%2F%2Fsys%2Fclass%2Fmisc%2Fvhost-net%2Fsubsystem%2Fvhost-net%2Fsubsystem%2Fdevice-mapper%2Fsubsystem%2Fdevice-mapper%2Fsubsystem%2Fcpu_dma_latency%2Fsubsystem%2Fvhost-vsock%2Fsubsystem%2Ffuse%2Fsubsystem" "Mozilla/5.0 AppleWebKit/537.36 (KHTML, like Gecko; compatible; GPTBot/1.4; +https://openai.com/gptbot)"
136.243.228.198 - - [01/Jul/2026:16:15:09 +0545] "GET /kredit-onlajn-na-kartu-bez-otkaza-v-ukraine?path=%2Fhome%2Fames%2Fpublic_html%2F%5C%5CWEB-INF%5C%5Cweb.xml HTTP/1.1" 301 2073 "-" "Mozilla/5.0 (compatible; DataForSeoBot/1.0; +https://dataforseo.com/dataforseo-bot)"
74.7.227.160 - - [01/Jul/2026:16:15:09 +0545] "GET /test-post-title-17/?path=%2F%2Fsys%2Fclass%2Fmisc%2Fvhost-net%2Fsubsystem%2Fvhost-net%2Fsubsystem%2Fdevice-mapper%2Fsubsystem%2Fcpu_dma_latency%2Fsubsystem%2Fmcelog%2Fsubsystem%2Fvga_arbiter%2Fsubsystem%2Fvga_arbiter%2Fsubsystem HTTP/1.1" 200 18124 "https://ames.ku.edu.np/test-post-title-17/?path=%2F%2Fsys%2Fclass%2Fmisc%2Fvhost-net%2Fsubsystem%2Fvhost-net%2Fsubsystem%2Fdevice-mapper%2Fsubsystem%2Fcpu_dma_latency%2Fsubsystem%2Fmcelog%2Fsubsystem%2Fvga_arbiter%2Fsubsystem%2Fvga_arbiter" "Mozilla/5.0 AppleWebKit/537.36 (KHTML, like Gecko; compatible; GPTBot/1.4; +https://openai.com/gptbot)"
74.7.227.160 - - [01/Jul/2026:16:15:11 +0545] "GET /test-post-title-17/?path=%2F%2Fsys%2Fclass%2Fmisc%2Fvhost-net%2Fsubsystem%2Fvhost-net%2Fsubsystem%2Fdevice-mapper%2Fsubsystem%2Fcpu_dma_latency%2Fsubsystem%2Fmcelog%2Fsubsystem%2Fvga_arbiter%2Fsubsystem%2Fvhost-vsock%2Fsubsystem HTTP/1.1" 200 18139 "https://ames.ku.edu.np/test-post-title-17/?path=%2F%2Fsys%2Fclass%2Fmisc%2Fvhost-net%2Fsubsystem%2Fvhost-net%2Fsubsystem%2Fdevice-mapper%2Fsubsystem%2Fcpu_dma_latency%2Fsubsystem%2Fmcelog%2Fsubsystem%2Fvga_arbiter%2Fsubsystem%2Fvhost-vsock" "Mozilla/5.0 AppleWebKit/537.36 (KHTML, like Gecko; compatible; GPTBot/1.4; +https://openai.com/gptbot)"
74.7.227.160 - - [01/Jul/2026:16:15:12 +0545] "GET /test-post-title-16/?path=//sys/class/misc/vhost-net/subsystem/vhost-net/subsystem/device-mapper/subsystem/device-mapper/subsystem/cpu_dma_latency/subsystem/vmci/subsystem/autofs/subsystem/vmci HTTP/1.1" 200 17933 "https://ames.ku.edu.np/test-post-title-16/?path=%2F%2Fsys%2Fclass%2Fmisc%2Fvhost-net%2Fsubsystem%2Fvhost-net%2Fsubsystem%2Fdevice-mapper%2Fsubsystem%2Fdevice-mapper%2Fsubsystem%2Fcpu_dma_latency%2Fsubsystem%2Fvmci%2Fsubsystem%2Fautofs%2Fsubsystem%2Fvmci" "Mozilla/5.0 AppleWebKit/537.36 (KHTML, like Gecko; compatible; GPTBot/1.4; +https://openai.com/gptbot)"
216.73.216.220 - - [01/Jul/2026:16:15:13 +0545] "GET /po-kakomu-principu-rabotaet-model-tcp-ip/?path=%2Fhome%2Fames%2Fpublic_html%2Fmi77i_sym404%2Fewbatku-Joomla.txt404 HTTP/1.1" 200 24247 "-" "Mozilla/5.0 AppleWebKit/537.36 (KHTML, like Gecko; compatible; ClaudeBot/1.0; +claudebot@anthropic.com)"
216.73.216.220 - - [01/Jul/2026:16:15:13 +0545] "GET /lart-de-gagner-autrement-votre-guide-pour-un-casino-en-ligne/?action=edit&file=libgmodule-2.0.so&path=%2Fhome%2Fames%2Fpublic_html%2Fmi77i_sym404%2Froot%2Flib64 HTTP/1.1" 200 26594 "-" "Mozilla/5.0 AppleWebKit/537.36 (KHTML, like Gecko; compatible; ClaudeBot/1.0; +claudebot@anthropic.com)"
216.73.216.220 - - [01/Jul/2026:16:15:13 +0545] "GET /lart-de-gagner-autrement-votre-guide-pour-un-casino-en-ligne/?action=edit&file=libssh.so.4&path=%2Fhome%2Fames%2Fpublic_html%2Fmi77i_sym404%2Froot%2Flib64 HTTP/1.1" 200 253225 "-" "Mozilla/5.0 AppleWebKit/537.36 (KHTML, like Gecko; compatible; ClaudeBot/1.0; +claudebot@anthropic.com)"
216.73.216.220 - - [01/Jul/2026:16:15:13 +0545] "GET /lart-de-gagner-autrement-votre-guide-pour-un-casino-en-ligne/?action=edit&file=libdcerpc-server-core.so.0.0.1&path=%2Fhome%2Fames%2Fpublic_html%2Fmi77i_sym404%2Froot%2Flib64 HTTP/1.1" 200 49683 "-" "Mozilla/5.0 AppleWebKit/537.36 (KHTML, like Gecko; compatible; ClaudeBot/1.0; +claudebot@anthropic.com)"
136.243.228.198 - - [01/Jul/2026:16:15:13 +0545] "GET /kredit-onlajn-na-kartu-bez-otkaza-v-ukraine?path=%2Fhome%2Fames%2Fpublic_html%2F%5C%5Cwindows%5C%5Cwin.ini HTTP/1.1" 301 2073 "-" "Mozilla/5.0 (compatible; DataForSeoBot/1.0; +https://dataforseo.com/dataforseo-bot)"
74.7.227.160 - - [01/Jul/2026:16:15:14 +0545] "GET /test-post-title-16/?path=%2F%2Fsys%2Fclass%2Fmisc%2Fvhost-net%2Fsubsystem%2Fvhost-net%2Fsubsystem%2Fdevice-mapper%2Fsubsystem%2Fdevice-mapper%2Fsubsystem%2Fcpu_dma_latency%2Fsubsystem%2Fvmci%2Fsubsystem%2Fvga_arbiter%2Fsubsystem HTTP/1.1" 200 18129 "https://ames.ku.edu.np/test-post-title-16/?path=%2F%2Fsys%2Fclass%2Fmisc%2Fvhost-net%2Fsubsystem%2Fvhost-net%2Fsubsystem%2Fdevice-mapper%2Fsubsystem%2Fdevice-mapper%2Fsubsystem%2Fcpu_dma_latency%2Fsubsystem%2Fvmci%2Fsubsystem%2Fvga_arbiter" "Mozilla/5.0 AppleWebKit/537.36 (KHTML, like Gecko; compatible; GPTBot/1.4; +https://openai.com/gptbot)"
74.7.227.160 - - [01/Jul/2026:16:15:15 +0545] "GET /test-post-title-16/?path=%2F%2Fsys%2Fclass%2Fmisc%2Fvhost-net%2Fsubsystem%2Fvhost-net%2Fsubsystem%2Fdevice-mapper%2Fsubsystem%2Fdevice-mapper%2Fsubsystem%2Fcpu_dma_latency%2Fsubsystem%2Fvmci%2Fsubsystem%2Fvfio%2Fsubsystem HTTP/1.1" 200 18126 "https://ames.ku.edu.np/test-post-title-16/?path=%2F%2Fsys%2Fclass%2Fmisc%2Fvhost-net%2Fsubsystem%2Fvhost-net%2Fsubsystem%2Fdevice-mapper%2Fsubsystem%2Fdevice-mapper%2Fsubsystem%2Fcpu_dma_latency%2Fsubsystem%2Fvmci%2Fsubsystem%2Fvfio" "Mozilla/5.0 AppleWebKit/537.36 (KHTML, like Gecko; compatible; GPTBot/1.4; +https://openai.com/gptbot)"
74.7.227.160 - - [01/Jul/2026:16:15:16 +0545] "GET /test-post-title-16/?path=%2F%2Fsys%2Fclass%2Fmisc%2Fvhost-net%2Fsubsystem%2Fvhost-net%2Fsubsystem%2Fdevice-mapper%2Fsubsystem%2Fdevice-mapper%2Fsubsystem%2Fcpu_dma_latency%2Fsubsystem%2Fvmci%2Fsubsystem%2Fvsock%2Fsubsystem HTTP/1.1" 200 18126 "https://ames.ku.edu.np/test-post-title-16/?path=%2F%2Fsys%2Fclass%2Fmisc%2Fvhost-net%2Fsubsystem%2Fvhost-net%2Fsubsystem%2Fdevice-mapper%2Fsubsystem%2Fdevice-mapper%2Fsubsystem%2Fcpu_dma_latency%2Fsubsystem%2Fvmci%2Fsubsystem%2Fvsock" "Mozilla/5.0 AppleWebKit/537.36 (KHTML, like Gecko; compatible; GPTBot/1.4; +https://openai.com/gptbot)"
216.73.216.220 - - [01/Jul/2026:16:15:17 +0545] "GET /digital-casino-core-functions-game-selection-plus-3-3/?path=%2Fhome%2Fames%2Fpublic_html%2Fscnr_engine_name%5C%26%23039%3B%3B.%5C%26quot%3B%29 HTTP/1.1" 200 23694 "-" "Mozilla/5.0 AppleWebKit/537.36 (KHTML, like Gecko; compatible; ClaudeBot/1.0; +claudebot@anthropic.com)"
216.73.216.220 - - [01/Jul/2026:16:15:17 +0545] "GET /chto-takoe-google-analytics-i-kak-on-funkcioniruet-517/?action=edit&file=index.php&path=%2Fhome%2Fames%2Fpublic_html HTTP/1.1" 200 24937 "-" "Mozilla/5.0 AppleWebKit/537.36 (KHTML, like Gecko; compatible; ClaudeBot/1.0; +claudebot@anthropic.com)"
216.73.216.220 - - [01/Jul/2026:16:15:17 +0545] "GET /fremkomsten-af-live-forhandlerspil-i-kasinoer-2/?path=%2Fhome%2Fames%2Fpublic_html%2F%5C%5CWEB-INF%5C%5Cweb.xml%5C0. HTTP/1.1" 200 20362 "-" "Mozilla/5.0 AppleWebKit/537.36 (KHTML, like Gecko; compatible; ClaudeBot/1.0; +claudebot@anthropic.com)"
216.73.216.220 - - [01/Jul/2026:16:15:17 +0545] "GET /melhores-casinos-com-bonus-de-10-gratis-sem/?path=%2Fhome%2Fames%2Fpublic_html%2Fscnr_engine_sink_tracer_a4c8c4e560b7eae94cd5f097ac930459%5C0 HTTP/1.1" 200 22903 "-" "Mozilla/5.0 AppleWebKit/537.36 (KHTML, like Gecko; compatible; ClaudeBot/1.0; +claudebot@anthropic.com)"
136.243.228.198 - - [01/Jul/2026:16:15:17 +0545] "GET /kredit-onlajn-na-kartu-bez-otkaza-v-ukraine?path=%2Fhome%2Fames%2Fpublic_html%2Fscnr_engine_name+script%3A%5C%26%23039%3B%3Bscnr_engine_xss_in_element_event%3Da4c8c4e560b7eae94cd5f097ac930459 HTTP/1.1" 301 2320 "-" "Mozilla/5.0 (compatible; DataForSeoBot/1.0; +https://dataforseo.com/dataforseo-bot)"
74.7.227.160 - - [01/Jul/2026:16:15:18 +0545] "GET /test-post-title-16/?path=//sys/class/misc/vhost-net/subsystem/vhost-net/subsystem/device-mapper/subsystem/device-mapper/subsystem/cpu_dma_latency/subsystem/vhost-vsock/subsystem/iommu/subsystem HTTP/1.1" 200 18133 "https://ames.ku.edu.np/test-post-title-16/?path=%2F%2Fsys%2Fclass%2Fmisc%2Fvhost-net%2Fsubsystem%2Fvhost-net%2Fsubsystem%2Fdevice-mapper%2Fsubsystem%2Fdevice-mapper%2Fsubsystem%2Fcpu_dma_latency%2Fsubsystem%2Fvhost-vsock%2Fsubsystem%2Fiommu%2Fsubsystem" "Mozilla/5.0 AppleWebKit/537.36 (KHTML, like Gecko; compatible; GPTBot/1.4; +https://openai.com/gptbot)"
216.73.216.220 - - [01/Jul/2026:16:15:18 +0545] "GET /casino-oyunlarnda-rng-ve-onemi/?action=edit&file=index.php&path=%2Fhome%2Fames%2Fpublic_html HTTP/1.1" 200 20254 "-" "Mozilla/5.0 AppleWebKit/537.36 (KHTML, like Gecko; compatible; ClaudeBot/1.0; +claudebot@anthropic.com)"
216.73.216.220 - - [01/Jul/2026:16:15:18 +0545] "GET /aufhebung-29/?path=%2Fhome%2Fames%2Fpublic_html%2Fscnr_engine_name%5C%26%23039%3B%3B.%5C%26quot%3B%29 HTTP/1.1" 200 22490 "-" "Mozilla/5.0 AppleWebKit/537.36 (KHTML, like Gecko; compatible; ClaudeBot/1.0; +claudebot@anthropic.com)"
216.73.216.220 - - [01/Jul/2026:16:15:19 +0545] "GET /the-anatomy-of-a-modern-machine/?path=%2Fhome%2Fames%2Fpublic_html%2F%5C%5Cwinnt%5C%5Cwin.ini%5C0. HTTP/1.1" 200 650624 "-" "Mozilla/5.0 AppleWebKit/537.36 (KHTML, like Gecko; compatible; ClaudeBot/1.0; +claudebot@anthropic.com)"
216.73.216.220 - - [01/Jul/2026:16:15:19 +0545] "GET /casino-oyunlarnda-strateji-ve-baar-18/?path=%2Fhome%2Fames%2Fpublic_html%2Fwww.0bd6c8cffae63a8bd90227ba7638825f.com HTTP/1.1" 200 20188 "-" "Mozilla/5.0 AppleWebKit/537.36 (KHTML, like Gecko; compatible; ClaudeBot/1.0; +claudebot@anthropic.com)"
74.7.227.160 - - [01/Jul/2026:16:15:19 +0545] "GET /test-post-title-16/?path=%2F%2Fsys%2Fclass%2Fmisc%2Fvhost-net%2Fsubsystem%2Fvhost-net%2Fsubsystem%2Fdevice-mapper%2Fsubsystem%2Fdevice-mapper%2Fsubsystem%2Fcpu_dma_latency%2Fsubsystem%2Fvhost-vsock%2Fsubsystem%2Fsnapshot%2Fpower HTTP/1.1" 200 17977 "https://ames.ku.edu.np/test-post-title-16/?path=%2F%2Fsys%2Fclass%2Fmisc%2Fvhost-net%2Fsubsystem%2Fvhost-net%2Fsubsystem%2Fdevice-mapper%2Fsubsystem%2Fdevice-mapper%2Fsubsystem%2Fcpu_dma_latency%2Fsubsystem%2Fvhost-vsock%2Fsubsystem%2Fsnapshot" "Mozilla/5.0 AppleWebKit/537.36 (KHTML, like Gecko; compatible; GPTBot/1.4; +https://openai.com/gptbot)"
216.73.216.220 - - [01/Jul/2026:16:15:20 +0545] "GET /beste-paysafe-casinos-im-test-vergleich-2026-15/?path=%2Fhome%2Fames%2Fpublic_html%2F%2F%2F%2F%2Fwindows%2F%2F%2F%2Fwin.ini HTTP/1.1" 200 22673 "-" "Mozilla/5.0 AppleWebKit/537.36 (KHTML, like Gecko; compatible; ClaudeBot/1.0; +claudebot@anthropic.com)"
216.73.216.220 - - [01/Jul/2026:16:15:20 +0545] "GET /category/casino/page/53/?path=%2Fhome%2Fames%2Fpublic_html%2Fscnr_engine_sink_tracer_0bd6c8cffae63a8bd90227ba7638825f HTTP/1.1" 200 21641 "-" "Mozilla/5.0 AppleWebKit/537.36 (KHTML, like Gecko; compatible; ClaudeBot/1.0; +claudebot@anthropic.com)"
74.7.227.160 - - [01/Jul/2026:16:15:20 +0545] "GET /test-post-title-17/?path=%2F%2Fsys%2Fclass%2Fmisc%2Fvhost-net%2Fsubsystem%2Fvhost-net%2Fsubsystem%2Fdevice-mapper%2Fsubsystem%2Fcpu_dma_latency%2Fsubsystem%2Fmcelog%2Fsubsystem%2Fvga_arbiter%2Fsubsystem%2Floop-control%2Fsubsystem HTTP/1.1" 200 18136 "https://ames.ku.edu.np/test-post-title-17/?path=%2F%2Fsys%2Fclass%2Fmisc%2Fvhost-net%2Fsubsystem%2Fvhost-net%2Fsubsystem%2Fdevice-mapper%2Fsubsystem%2Fcpu_dma_latency%2Fsubsystem%2Fmcelog%2Fsubsystem%2Fvga_arbiter%2Fsubsystem%2Floop-control" "Mozilla/5.0 AppleWebKit/537.36 (KHTML, like Gecko; compatible; GPTBot/1.4; +https://openai.com/gptbot)"
136.243.228.198 - - [01/Jul/2026:16:15:21 +0545] "GET /kredit-onlajn-na-kartu-bez-otkaza-v-ukraine?action=edit&file=wp-settings.php&path=%2Fhome%2Fames%2Fpublic_html HTTP/1.1" 301 36047 "-" "Mozilla/5.0 (compatible; DataForSeoBot/1.0; +https://dataforseo.com/dataforseo-bot)"
216.73.216.220 - - [01/Jul/2026:16:15:21 +0545] "GET /die-provider-schnappen-euch-zudem-besondere-vip-angebote-oder-boni-zur-regel/?action=edit&file=wp-blog-header.php&path=%2Fhome%2Fames%2Fpublic_html HTTP/1.1" 200 20517 "-" "Mozilla/5.0 AppleWebKit/537.36 (KHTML, like Gecko; compatible; ClaudeBot/1.0; +claudebot@anthropic.com)"
74.7.227.160 - - [01/Jul/2026:16:15:21 +0545] "GET /test-post-title-16/?path=%2F%2Fsys%2Fclass%2Fmisc%2Fvhost-net%2Fsubsystem%2Fvhost-net%2Fsubsystem%2Fdevice-mapper%2Fsubsystem%2Fdevice-mapper%2Fsubsystem%2Fcpu_dma_latency%2Fsubsystem%2Fvhost-vsock%2Fsubsystem%2Fhw_random%2Fsubsystem HTTP/1.1" 200 18130 "https://ames.ku.edu.np/test-post-title-16/?path=%2F%2Fsys%2Fclass%2Fmisc%2Fvhost-net%2Fsubsystem%2Fvhost-net%2Fsubsystem%2Fdevice-mapper%2Fsubsystem%2Fdevice-mapper%2Fsubsystem%2Fcpu_dma_latency%2Fsubsystem%2Fvhost-vsock%2Fsubsystem%2Fhw_random" "Mozilla/5.0 AppleWebKit/537.36 (KHTML, like Gecko; compatible; GPTBot/1.4; +https://openai.com/gptbot)"
216.73.216.220 - - [01/Jul/2026:16:15:21 +0545] "GET /beste-paysafe-casinos-im-test-vergleich-2026-15/?path=%2Fhome%2Fames%2Fpublic_html%2F%2F%2F%2F%2Fwindows HTTP/1.1" 200 22629 "-" "Mozilla/5.0 AppleWebKit/537.36 (KHTML, like Gecko; compatible; ClaudeBot/1.0; +claudebot@anthropic.com)"
216.73.216.220 - - [01/Jul/2026:16:15:22 +0545] "GET /die-zukunft-der-online-casinos-trends-und-5/?path=%2Fhome%2Fames%2Fpublic_html%2F%5C%5CWEB-INF%5C%5Cweb.xml HTTP/1.1" 200 20277 "-" "Mozilla/5.0 AppleWebKit/537.36 (KHTML, like Gecko; compatible; ClaudeBot/1.0; +claudebot@anthropic.com)"
216.73.216.220 - - [01/Jul/2026:16:15:22 +0545] "GET /die-zukunft-der-online-casinos-trends-und-5/?path=%2Fhome%2Fames%2Fpublic_html%2Fscnr_engine_name%2F%2F%27 HTTP/1.1" 200 20256 "-" "Mozilla/5.0 AppleWebKit/537.36 (KHTML, like Gecko; compatible; ClaudeBot/1.0; +claudebot@anthropic.com)"
216.73.216.220 - - [01/Jul/2026:16:15:23 +0545] "GET /casino-oyunlarnda-rng-ve-onemi/?action=edit&file=wp-login.php&path=%2Fhome%2Fames%2Fpublic_html HTTP/1.1" 200 32554 "-" "Mozilla/5.0 AppleWebKit/537.36 (KHTML, like Gecko; compatible; ClaudeBot/1.0; +claudebot@anthropic.com)"
74.7.227.160 - - [01/Jul/2026:16:15:23 +0545] "GET /test-post-title-16/?path=%2F%2Fsys%2Fclass%2Fmisc%2Fvhost-net%2Fsubsystem%2Fvhost-net%2Fsubsystem%2Fdevice-mapper%2Fsubsystem%2Fdevice-mapper%2Fsubsystem%2Fcpu_dma_latency%2Fsubsystem%2Fvhost-vsock%2Fsubsystem%2Floop-control HTTP/1.1" 200 17921 "https://ames.ku.edu.np/test-post-title-16/?path=%2F%2Fsys%2Fclass%2Fmisc%2Fvhost-net%2Fsubsystem%2Fvhost-net%2Fsubsystem%2Fdevice-mapper%2Fsubsystem%2Fdevice-mapper%2Fsubsystem%2Fcpu_dma_latency%2Fsubsystem%2Fvhost-vsock%2Fsubsystem" "Mozilla/5.0 AppleWebKit/537.36 (KHTML, like Gecko; compatible; GPTBot/1.4; +https://openai.com/gptbot)"
216.73.216.220 - - [01/Jul/2026:16:15:23 +0545] "GET /otszaz-huf-os-minimalis-befizetes-az-online/?path=%2Fhome%2Fames%2Fpublic_html%2F%5C%5CWEB-INF%5C%5Cweb.xml HTTP/1.1" 200 21744 "-" "Mozilla/5.0 AppleWebKit/537.36 (KHTML, like Gecko; compatible; ClaudeBot/1.0; +claudebot@anthropic.com)"
216.73.216.220 - - [01/Jul/2026:16:15:23 +0545] "GET /melhores-casinos-online-em-portugal-top-maio-2026-35/?path=%2Fhome%2Fames%2Fpublic_html%2Fwp-includes%2Fabilities-api HTTP/1.1" 200 23046 "-" "Mozilla/5.0 AppleWebKit/537.36 (KHTML, like Gecko; compatible; ClaudeBot/1.0; +claudebot@anthropic.com)"
216.73.216.220 - - [01/Jul/2026:16:15:24 +0545] "GET /po-kakomu-principu-rabotaet-model-tcp-ip/?action=edit&file=wp-login.php&path=%2Fhome%2Fames%2Fpublic_html HTTP/1.1" 200 37055 "-" "Mozilla/5.0 AppleWebKit/537.36 (KHTML, like Gecko; compatible; ClaudeBot/1.0; +claudebot@anthropic.com)"
74.7.227.160 - - [01/Jul/2026:16:15:24 +0545] "GET /test-post-title-17/?path=//sys/class/misc/vhost-net/subsystem/vhost-net/subsystem/device-mapper/subsystem/cpu_dma_latency/subsystem/mcelog/subsystem/vga_arbiter/subsystem/vga_arbiter/subsystem HTTP/1.1" 200 18124 "https://ames.ku.edu.np/test-post-title-17/?path=%2F%2Fsys%2Fclass%2Fmisc%2Fvhost-net%2Fsubsystem%2Fvhost-net%2Fsubsystem%2Fdevice-mapper%2Fsubsystem%2Fcpu_dma_latency%2Fsubsystem%2Fmcelog%2Fsubsystem%2Fvga_arbiter%2Fsubsystem%2Fvga_arbiter%2Fsubsystem" "Mozilla/5.0 AppleWebKit/537.36 (KHTML, like Gecko; compatible; GPTBot/1.4; +https://openai.com/gptbot)"
136.243.228.198 - - [01/Jul/2026:16:15:25 +0545] "GET /kredit-onlajn-na-kartu-bez-otkaza-v-ukraine?action=edit&file=wp-links-opml.php&path=%2Fhome%2Fames%2Fpublic_html HTTP/1.1" 301 4492 "-" "Mozilla/5.0 (compatible; DataForSeoBot/1.0; +https://dataforseo.com/dataforseo-bot)"
216.73.216.220 - - [01/Jul/2026:16:15:25 +0545] "GET /otszaz-huf-os-minimalis-befizetes-az-online/?action=edit&file=wp-cron.php&path=%2Fhome%2Fames%2Fpublic_html HTTP/1.1" 200 23429 "-" "Mozilla/5.0 AppleWebKit/537.36 (KHTML, like Gecko; compatible; ClaudeBot/1.0; +claudebot@anthropic.com)"
74.7.227.160 - - [01/Jul/2026:16:15:26 +0545] "GET /test-post-title-17/?path=//sys/class/misc/vhost-net/subsystem/vhost-net/subsystem/device-mapper/subsystem/cpu_dma_latency/subsystem/mcelog/subsystem/vga_arbiter/subsystem/vhost-vsock/subsystem HTTP/1.1" 200 18139 "https://ames.ku.edu.np/test-post-title-17/?path=%2F%2Fsys%2Fclass%2Fmisc%2Fvhost-net%2Fsubsystem%2Fvhost-net%2Fsubsystem%2Fdevice-mapper%2Fsubsystem%2Fcpu_dma_latency%2Fsubsystem%2Fmcelog%2Fsubsystem%2Fvga_arbiter%2Fsubsystem%2Fvhost-vsock%2Fsubsystem" "Mozilla/5.0 AppleWebKit/537.36 (KHTML, like Gecko; compatible; GPTBot/1.4; +https://openai.com/gptbot)"
114.119.148.191 - - [01/Jul/2026:16:15:26 +0545] "GET /user/ameskussum/?path=/home/ames/public_html/bookmarks HTTP/1.1" 200 17847 "https://ames.ku.edu.np/author/ameskussum/" "Mozilla/5.0 (Linux; Android 7.0;) AppleWebKit/537.36 (HTML, like Gecko) Mobile Safari/537.36 (compatible; PetalBot;+https://webmaster.petalsearch.com/site/petalbot)"
74.7.227.160 - - [01/Jul/2026:16:15:27 +0545] "GET /test-post-title-16/?path=%2F%2Fsys%2Fclass%2Fmisc%2Fvhost-net%2Fsubsystem%2Fvhost-net%2Fsubsystem%2Fdevice-mapper%2Fsubsystem%2Fdevice-mapper%2Fsubsystem%2Fcpu_dma_latency%2Fsubsystem%2Fvmci%2Fsubsystem%2Fvmci%2Fsubsystem HTTP/1.1" 200 18114 "https://ames.ku.edu.np/test-post-title-16/?path=%2F%2Fsys%2Fclass%2Fmisc%2Fvhost-net%2Fsubsystem%2Fvhost-net%2Fsubsystem%2Fdevice-mapper%2Fsubsystem%2Fdevice-mapper%2Fsubsystem%2Fcpu_dma_latency%2Fsubsystem%2Fvmci%2Fsubsystem%2Fvmci" "Mozilla/5.0 AppleWebKit/537.36 (KHTML, like Gecko; compatible; GPTBot/1.4; +https://openai.com/gptbot)"
216.73.216.220 - - [01/Jul/2026:16:15:27 +0545] "GET /die-provider-schnappen-euch-zudem-besondere-vip-angebote-oder-boni-zur-regel/?path=%2Fhome%2Fames%2Fpublic_html%2F%3B+type+%25SystemDrive%25%5C%5C%5C%5Cboot.ini+%25SystemRoot%25%5C%5C%5C%5Cwin.ini+%26amp%3Brem HTTP/1.1" 200 20551 "-" "Mozilla/5.0 AppleWebKit/537.36 (KHTML, like Gecko; compatible; ClaudeBot/1.0; +claudebot@anthropic.com)"
216.73.216.220 - - [01/Jul/2026:16:15:28 +0545] "GET /category/press/page/2/?path=%2Fhome%2Fames%2Fpublic_html%2Fscnr_engine_name%23%5E%28%24%21%40%24%29%28%28%29%29%29%2A%2A%2A%2A%2A%2A HTTP/1.1" 200 19204 "-" "Mozilla/5.0 AppleWebKit/537.36 (KHTML, like Gecko; compatible; ClaudeBot/1.0; +claudebot@anthropic.com)"
136.243.228.198 - - [01/Jul/2026:16:15:29 +0545] "GET /kredit-onlajn-na-kartu-bez-otkaza-v-ukraine?path=%2Fhome%2Fames%2Fpublic_html%2Fscnr_engine_name+%5C%26%23039%3B%3Bscnr_engine_xss_in_element_event%3D0bd6c8cffae63a8bd90227ba7638825f HTTP/1.1" 301 2292 "-" "Mozilla/5.0 (compatible; DataForSeoBot/1.0; +https://dataforseo.com/dataforseo-bot)"
74.7.227.160 - - [01/Jul/2026:16:15:29 +0545] "GET /test-post-title-16/?path=//sys/class/misc/vhost-net/subsystem/vhost-net/subsystem/device-mapper/subsystem/device-mapper/subsystem/cpu_dma_latency/subsystem/vmci/subsystem/vga_arbiter/subsystem HTTP/1.1" 200 18129 "https://ames.ku.edu.np/test-post-title-16/?path=%2F%2Fsys%2Fclass%2Fmisc%2Fvhost-net%2Fsubsystem%2Fvhost-net%2Fsubsystem%2Fdevice-mapper%2Fsubsystem%2Fdevice-mapper%2Fsubsystem%2Fcpu_dma_latency%2Fsubsystem%2Fvmci%2Fsubsystem%2Fvga_arbiter%2Fsubsystem" "Mozilla/5.0 AppleWebKit/537.36 (KHTML, like Gecko; compatible; GPTBot/1.4; +https://openai.com/gptbot)"
216.73.216.220 - - [01/Jul/2026:16:15:29 +0545] "GET /aufhebung-29/?path=%2Fhome%2Fames%2Fpublic_html%2Fscnr_engine_name%23%5E%28%24%21%40%24%29%28%28%29%29%29%2A%2A%2A%2A%2A%2A HTTP/1.1" 200 22479 "-" "Mozilla/5.0 AppleWebKit/537.36 (KHTML, like Gecko; compatible; ClaudeBot/1.0; +claudebot@anthropic.com)"
216.73.216.220 - - [01/Jul/2026:16:15:29 +0545] "GET /digital-casino-core-functions-game-selection-plus-3-3/?path=%2Fhome%2Fames%2Fpublic_html%2Fscnr_engine_name%23%5E%28%24%21%40%24%29%28%28%29%29%29%2A%2A%2A%2A%2A%2A HTTP/1.1" 200 23686 "-" "Mozilla/5.0 AppleWebKit/537.36 (KHTML, like Gecko; compatible; ClaudeBot/1.0; +claudebot@anthropic.com)"
74.7.227.160 - - [01/Jul/2026:16:15:30 +0545] "GET /test-post-title-16/?path=//sys/class/misc/vhost-net/subsystem/vhost-net/subsystem/device-mapper/subsystem/device-mapper/subsystem/cpu_dma_latency/subsystem/vmci/subsystem/vfio/subsystem HTTP/1.1" 200 18126 "https://ames.ku.edu.np/test-post-title-16/?path=%2F%2Fsys%2Fclass%2Fmisc%2Fvhost-net%2Fsubsystem%2Fvhost-net%2Fsubsystem%2Fdevice-mapper%2Fsubsystem%2Fdevice-mapper%2Fsubsystem%2Fcpu_dma_latency%2Fsubsystem%2Fvmci%2Fsubsystem%2Fvfio%2Fsubsystem" "Mozilla/5.0 AppleWebKit/537.36 (KHTML, like Gecko; compatible; GPTBot/1.4; +https://openai.com/gptbot)"
216.73.216.220 - - [01/Jul/2026:16:15:31 +0545] "GET /die-provider-schnappen-euch-zudem-besondere-vip-angebote-oder-boni-zur-regel/?path=%2Fhome%2Fames%2Fpublic_html%2Fscnr_engine_name%5D%5D%5D%5D%5D%5D%5D%5D%5D HTTP/1.1" 200 20501 "-" "Mozilla/5.0 AppleWebKit/537.36 (KHTML, like Gecko; compatible; ClaudeBot/1.0; +claudebot@anthropic.com)"
